CREATE TABLE `vtiger_defaulteventstatus_seq` (
  `id` int(11) NOT NULL
) ENGINE=InnoDB DEFAULT CHARSET=utf8;

--
-- Dumping data for table `vtiger_defaulteventstatus_seq`
--

INSERT INTO `vtiger_defaulteventstatus_seq` (`id`) VALUES (3);

--
-- Table structure for table `vtiger_duration_minutes`
--

CREATE TABLE `vtiger_duration_minutes` (
  `minutesid` int(19) NOT NULL AUTO_INCREMENT,
  `duration_minutes` varchar(200) NOT NULL,
  `sortorderid` int(19) NOT NULL DEFAULT 0,
  `presence` int(1) NOT NULL DEFAULT 1,
  `color` varchar(10) DEFAULT NULL,
  PRIMARY KEY (`minutesid`)
) ENGINE=InnoDB AUTO_INCREMENT=5 DEFAULT CHARSET=utf8;

--
-- Dumping data for table `vtiger_duration_minutes`
--

INSERT INTO `vtiger_duration_minutes` (`minutesid`, `duration_minutes`, `sortorderid`, `presence`, `color`) VALUES (1,'00',0,1,NULL),(2,'15',1,1,NULL),(3,'30',2,1,NULL),(4,'45',3,1,NULL);

--
-- Table structure for table `vtiger_duration_minutes_seq`
--

CREATE TABLE `vtiger_duration_minutes_seq` (
  `id` int(11) NOT NULL
) ENGINE=InnoDB DEFAULT CHARSET=utf8;

--
-- Dumping data for table `vtiger_duration_minutes_seq`
--

INSERT INTO `vtiger_duration_minutes_seq` (`id`) VALUES (4);

--
-- Table structure for table `vtiger_durationhrs`
--

CREATE TABLE `vtiger_durationhrs` (
  `hrsid` int(19) NOT NULL AUTO_INCREMENT,
  `hrs` varchar(50) DEFAULT NULL,
  `sortorderid` int(19) NOT NULL DEFAULT 0,
  `presence` int(1) NOT NULL DEFAULT 1,
  PRIMARY KEY (`hrsid`)
) ENGINE=InnoDB DEFAULT CHARSET=utf8;

--
-- Dumping data for table `vtiger_durationhrs`
--


--
-- Table structure for table `vtiger_durationmins`
--

CREATE TABLE `vtiger_durationmins` (
  `minsid` int(19) NOT NULL AUTO_INCREMENT,
  `mins` varchar(50) DEFAULT NULL,
  `sortorderid` int(19) NOT NULL DEFAULT 0,
  `presence` int(1) NOT NULL DEFAULT 1,
  PRIMARY KEY (`minsid`)
) ENGINE=InnoDB DEFAULT CHARSET=utf8;

--
-- Dumping data for table `vtiger_durationmins`
--


--
-- Table structure for table `vtiger_email_access`
--

CREATE TABLE `vtiger_email_access` (
  `crmid` int(11) DEFAULT NULL,
  `mailid` int(11) DEFAULT NULL,
  `accessdate` date DEFAULT NULL,
  `accesstime` datetime DEFAULT NULL
) ENGINE=InnoDB DEFAULT CHARSET=utf8;

--
-- Dumping data for table `vtiger_email_access`
--

INSERT INTO `vtiger_email_access` (`crmid`, `mailid`, `accessdate`, `accesstime`) VALUES (135,137,'2018-06-02','2018-06-02 09:13:19'),(135,136,'2018-06-02','2018-06-02 09:13:19'),(135,137,'2018-06-02','2018-06-02 09:13:40'),(135,136,'2018-06-02','2018-06-02 09:13:40'),(135,137,'2018-06-02','2018-06-02 09:13:41'),(135,136,'2018-06-02','2018-06-02 09:13:41'),(48,176,'2018-08-02','2018-08-02 11:13:54'),(48,178,'2018-08-02','2018-08-02 11:13:54'),(48,177,'2018-08-02','2018-08-02 11:13:55'),(48,179,'2018-08-05','2018-08-05 10:09:53'),(196,197,'2018-10-05','2018-10-05 10:50:30'),(196,197,'2018-10-05','2018-10-05 15:30:59');

--
-- Table structure for table `vtiger_email_track`
--

CREATE TABLE `vtiger_email_track` (
  `crmid` int(11) DEFAULT NULL,
  `mailid` int(11) DEFAULT NULL,
  `access_count` int(11) DEFAULT NULL,
  `click_count` int(11) NOT NULL DEFAULT 0,
  UNIQUE KEY `link_tabidtype_idx` (`crmid`,`mailid`)
) ENGINE=InnoDB DEFAULT CHARSET=utf8;

--
-- Dumping data for table `vtiger_email_track`
--

INSERT INTO `vtiger_email_track` (`crmid`, `mailid`, `access_count`, `click_count`) VALUES (106,109,0,0),(2,122,0,0),(2,123,0,0),(25,124,0,0),(27,125,0,0),(126,128,0,0),(127,129,0,0),(130,131,0,0),(106,133,0,0),(106,134,0,0),(135,136,3,0),(135,137,3,0),(27,144,0,0),(165,166,0,0),(165,167,0,0),(170,172,0,0),(48,176,1,0),(48,177,1,0),(48,178,1,0),(48,179,1,0),(27,180,0,0),(106,181,0,0),(27,184,0,0),(106,185,0,0),(48,186,0,0),(48,187,0,0),(106,188,0,0),(27,189,0,0),(182,190,0,0),(183,191,0,0),(193,194,0,0),(193,195,0,0),(196,197,2,0),(207,209,0,0),(210,211,0,0);

--
-- Table structure for table `vtiger_emaildetails`
--

CREATE TABLE `vtiger_emaildetails` (
  `emailid` int(19) NOT NULL,
  `from_email` varchar(50) NOT NULL DEFAULT '',
  `to_email` text DEFAULT NULL,
  `cc_email` text DEFAULT NULL,
  `bcc_email` text DEFAULT NULL,
  `assigned_user_email` varchar(50) NOT NULL DEFAULT '',
  `idlists` text DEFAULT NULL,
  `email_flag` varchar(50) NOT NULL DEFAULT '',
  PRIMARY KEY (`emailid`)
) ENGINE=InnoDB DEFAULT CHARSET=utf8;

--
-- Dumping data for table `vtiger_emaildetails`
--


--
-- Table structure for table `vtiger_emails_recipientprefs`
--

CREATE TABLE `vtiger_emails_recipientprefs` (
  `id` int(11) NOT NULL AUTO_INCREMENT,
  `tabid` int(11) NOT NULL,
  `prefs` varchar(255) DEFAULT NULL,
  `userid` int(11) DEFAULT NULL,
  PRIMARY KEY (`id`)
) ENGINE=InnoDB DEFAULT CHARSET=utf8;

--
-- Dumping data for table `vtiger_emails_recipientprefs`
--


--
-- Table structure for table `vtiger_emailslookup`
--

CREATE TABLE `vtiger_emailslookup` (
  `crmid` int(20) DEFAULT NULL,
  `setype` varchar(100) DEFAULT NULL,
  `value` varchar(100) DEFAULT NULL,
  `fieldid` int(20) DEFAULT NULL,
  UNIQUE KEY `emailslookup_crmid_setype_fieldname_uk` (`crmid`,`setype`,`fieldid`),
  KEY `emailslookup_fieldid_setype_idx` (`fieldid`,`setype`),
  CONSTRAINT `emailslookup_crmid_fk` FOREIGN KEY (`crmid`) REFERENCES `vtiger_crmentity` (`crmid`) ON DELETE CASCADE
) ENGINE=InnoDB DEFAULT CHARSET=utf8;

--
-- Dumping data for table `vtiger_emailslookup`
--


--
-- Table structure for table `vtiger_emailtemplates`
--

CREATE TABLE `vtiger_emailtemplates` (
  `foldername` varchar(100) DEFAULT NULL,
  `templatename` varchar(100) DEFAULT NULL,
  `templatepath` varchar(100) DEFAULT NULL,
  `subject` varchar(255) DEFAULT NULL,
  `description` text DEFAULT NULL,
  `body` text DEFAULT NULL,
  `deleted` int(1) NOT NULL DEFAULT 0,
  `templateid` int(19) NOT NULL AUTO_INCREMENT,
  `systemtemplate` int(1) NOT NULL DEFAULT 0,
  `module` varchar(100) DEFAULT NULL,
  PRIMARY KEY (`templateid`),
  KEY `emailtemplates_foldernamd_templatename_subject_idx` (`foldername`,`templatename`,`subject`)
) ENGINE=InnoDB AUTO_INCREMENT=17 DEFAULT CHARSET=utf8;

--
-- Dumping data for table `vtiger_emailtemplates`
--

INSERT INTO `vtiger_emailtemplates` (`foldername`, `templatename`, `templatepath`, `subject`, `description`, `body`, `deleted`, `templateid`, `systemtemplate`, `module`) VALUES ('Public','اطلاعیه انتشار','','اطلاعیه انتشار','اطلاعیه انتشار','<div style=\'direction:rtl;font-family:tahoma\'>\r\n\r\nسلام   <br />\r\n	<br />\r\n	مفتخریم انتشار سی آر ام را به اطلاع برسانیم. ازجمله ویژگی های این نسخه منتشر شده نحوه بررسی انبوه نامه های الکترونیکی، قابلیت نمایش سفارشی، ویژگی گزارش و دسته ای دیگر از کاربرد ها می باشد. این نسخه بر روی تمام سیستم عامل ها قابل اجرا می باشد.\r\n    <br />\r\n        <br />\r\n	ویژگی های قابل توجه سی آر ام عبارتند از:\r\n  <br />\r\n	<br />\r\n	-یکپارچه سازی نامه های الکترونیکی مشتریان    <br />\r\n	-یکپارچه سازی اطلاعیه های مشکلات   <br />\r\n	-یکپارچه سازی مدیریت صورت حساب ها   <br />\r\n	-یکپارچه سازی گزارشات   <br />\r\n	-یکپارچه سازی پرتال ها   <br />\r\n	-بهبود پشتیبانی از ورد پلاگین   <br />\r\n	-یکپارچه سازی مشخصات سفارشی   <br />\r\n	<br />\r\n	موضوعات شاخص :   <br />\r\n	-موضوع 1   <br />\r\n	-موضوع 2   <br />\r\n	-موضوع 3   <br />\r\n	-موضوع 4   <br />\r\n	-موضوع 5   <br />\r\n</div>',0,1,0,''),('Public','صورت حساب معوقه','','صورت حساب معوقه','سررسید پرداخت','<p dir=\"rtl\"><span style=\"font-size:11px;\"><span style=\"font-family:tahoma, geneva, sans-serif;\">این ایمیل به منزله اطلاعیه پرداخت صورتحساب، برای صورتحساب شما می باشد.<br />\r\nجهت پرداخت صورتحساب خود با واحد فروش شرکت تماس حاصل فرمائید.<br />\r\nما خوشحال می شویم با شما در تماس باشیم، همچنین علاقه مندیم تجارتمان را با شما ادامه دهیم.</span></span></p>',0,2,0,''),('Public','پذیرش طرح پیشنهادی','','پذیرش طرح پیشنهادی','پذیرش طرح پیشنهادی','<p dir=\"rtl\"><span style=\"font-family:tahoma, geneva, sans-serif;\"><span style=\"font-size:11px;\">دوست گرامی<br />\r\nطرح پیشنهادی شما برای پروژه پیاده سازی طرح کسب و کار نمونه را بررسی کردیم و تمامیت آن مورد قبول واقع شد.<br />\r\nما مشتاقانه در انتظار این پروژه بودیم و از این فرصت به دست آمده برای همکاری باهم بسیار مسرورهستیم و به دنبال یک رابطه طولانی مدت با شرکت محترم شما می باشیم.<br />\r\nمشتاقم از این فرصت برای دعوت شما به صرف عصرانه در روز چهارشنبه ساعت 5:00 بعداز ظهر در برج میلاد استفاده کنم. ما در سالن اجرایی منتظر شما خواهیم بود.<br />\r\nمنتظر دیدار شما در آن جا هستیم.</span></span></p>',0,3,0,''),('Public','دریافت تصدیق کالا','','دریافت تصدیق کالا','دریافت تصدیق کالا','<p class=\"MsoNormal\" dir=\"rtl\" style=\"text-align:right;\"><span style=\"font-family:tahoma, geneva, sans-serif;\"><span style=\"font-size:11px;\"><span lang=\"fa\" xml:lang=\"fa\">بدبن وسیله با این امضا دریافت و تحویل کالا را تصدیق می نمایم.<br />\r\nاین امضا شما را از پرداخت هزینه برای محصولاتی که رضایت بخش نمی باشند مبرا می سازد.<br />\r\nامضا همراه با مهر <date></date></span></span></span></p>',0,4,0,''),('Public','تائید سفارش','','تائید سفارش','تقدیر و تشکر / تائید سفارش','<p dir=\"rtl\"><span style=\"font-size:11px;\"><span style=\"font-family:tahoma, geneva, sans-serif;\">سفارش شما با موفقیت دریافت و تائید شد و در اولین فرصت کاری به سفارش شما رسیدگی خواهد شد<br />\r\n<br />\r\nشما به زودی ایمیل حاوی مشخصات سرویس خود دریافت خواهید کرد.<br />\r\n<br />\r\nاز انتخاب شما سپاسگذاریم.</span></span></p>',0,5,0,''),('Public','تغییر آدرس','','تغییر آدرس','تغییر آدرس','<p dir=\"rtl\"><span style=\"font-size:11px;\"><span style=\"font-family: tahoma,geneva,sans-serif;\">دوست گرامی<br />\r\nدفتر ما به </span>خیابان ... .... .... <span style=\"font-family: tahoma,geneva,sans-serif;\"> تغییر مکان یافت.<br />\r\nبرای کسب اطلاعات بیشتر با شماره تلفن 09301004140 تماس حاصل فرمائید<br />\r\nبخش تولید ما عملیات خود را در </span><span id=\"MainContent_GridView1_lblAddress_0\" title=\"35.74005529355884,51.41457259654999\"> ... ... ... </span><span style=\"font-family: tahoma,geneva,sans-serif;\"> ادامه خواهد داد.<br />\r\nامیدواریم همچنان با شما در تماس بمانیم.<br />\r\nلطفاً دفترچه آدرس های خود را به روز رسانی کنید.</span></span></p>',0,6,0,''),('Public','پیگیری','','پیگیری','پیگیری جلسه','<p dir=\"rtl\"><span style=\"font-size:11px;\"><span style=\"font-family:tahoma, geneva, sans-serif;\">گرامی<br />\r\nاز شما بابت این شانس بزرگ که برای ملاقات با شما و کارکنانتان به ما داده اید کمال تشکر را داریم. من می دانم که آقای قاسمی سال های زیادی است که به شما خدمت رسانی می کند و دوستان فراوانی در شرکت شما پیدا کرده است. او شخصاً با من راجع به رابطه ی عمیقش با شرکت شما صحبت کرده است. من این قول را به شما می دهم، زمانی که او دیگر نتواند در شرکت شما حضور داشته باشد ما فرد دیگری را همانند آقای قاسمی برای خدمت رسانی به شما جایگزین کنیم.<br />\r\nمن واقعاً تحت تاثیر چنین مهمان نوازی خوبی قرار گرفتم.<br />\r\nمجدداً کمال تشکر را دارم.</span></span></p>',0,7,0,''),('Public','دستیابی به هدف!','','دستیابی به هدف!','ابراز مسرت از یک فروش خارق العاده','<p dir=\"rtl\"><span style=\"font-size:11px;\"><span style=\"font-family:tahoma, geneva, sans-serif;\">تبریک!<br />\r\nارقام جمع شد و من مفتخرم به اطلاع شما برسانم ما حصل کل فروش چهار ماهه گذشته مان در حدود 1000000000ریال می باشد. این نخستین مرتبه ای است که بالغ بر 30% از هدف تعیین شده پای فراتر نهادیم. همچنین رکورد چهار ماهه گذشته را با یک جهش 75% شکستیم.<br />\r\nبیایید عصر در برج میلاد به صرف یک قهوه جمع شویم<br />\r\nهمه ی شما دوستان را در آن جا می بینم!</span></span></p>',0,8,0,''),('Public','نامه رسمی تشکر','','نامه رسمی تشکر','نامه رسمی تشکر','<p class=\"MsoNormal\" dir=\"rtl\" style=\"text-align:right;\"><span style=\"font-size:11px;\"><span style=\"font-family:tahoma, geneva, sans-serif;\"><span lang=\"fa\" xml:lang=\"fa\">دوست گرامی<br />\r\nاز شما برای اعتمادتان به توانایی های ما در راستای خدمت رسانی به شما کمال تشکر را داریم. ما از این فرصت داده شده در جهت خدمت رسانی به شما بسیار خرسندیم.علاوه بر این ما به دنبال برپایی یک مشارکت بلند مدت با شما می باشیم.ما را همانند یک دوست بدانید و در صورت اتفاق افتادن هر پیش آمدی لطفاً با ما تماس بگیرید.</span></span></span></p>\r\n',0,9,0,''),('Public','جزییات حساب کاربری مشترکین','','جزییات حساب کاربری مشترکین','جزییات حساب کاربری در پرتال مشتریان شرکت','<table align=\"center\" border=\"0\" cellpadding=\"0\" cellspacing=\"0\" dir=\"rtl\" style=\"font-family:Arial, Helvetica, sans-serif;font-size:12px;font-weight:normal;text-decoration:none;background-color:rgb(122,122,254);\" width=\"700\">\r\n	<tbody>\r\n		<tr>\r\n			<td>&nbsp;</td>\r\n			<td>&nbsp;</td>\r\n			<td>&nbsp;</td>\r\n		</tr>\r\n		<tr>\r\n			<td>&nbsp;</td>\r\n			<td>&nbsp;</td>\r\n			<td>&nbsp;</td>\r\n		</tr>\r\n		<tr>\r\n			<td>&nbsp;</td>\r\n			<td>&nbsp;</td>\r\n			<td>&nbsp;</td>\r\n		</tr>\r\n		<tr>\r\n			<td width=\"50\">&nbsp;</td>\r\n			<td>\r\n			<table border=\"0\" cellpadding=\"0\" cellspacing=\"0\" width=\"100%\">\r\n				<tbody>\r\n					<tr>\r\n						<td>\r\n						<table border=\"0\" cellpadding=\"0\" cellspacing=\"0\" style=\"background-color:rgb(27,77,140);font-family:Arial, Helvetica, sans-serif;font-size:14px;color:rgb(255,255,255);font-weight:normal;line-height:25px;\" width=\"100%\">\r\n							<tbody>\r\n								<tr>\r\n									<td align=\"center\" rowspan=\"4\">$logo$</td>\r\n									<td align=\"center\">&nbsp;</td>\r\n								</tr>\r\n								<tr>\r\n									<td style=\"background-color:rgb(27,77,140);font-family:Arial, Helvetica, sans-serif;font-size:24px;color:rgb(255,255,255);font-weight:bolder;line-height:35px;text-align:center;\">نام شرکت شما</td>\r\n								</tr>\r\n								<tr>\r\n									<td align=\"right\" style=\"padding-right:100px;\"><span style=\"font-size:11px;\"><span style=\"font-family:tahoma, geneva, sans-serif;\">&nbsp;&nbsp;&nbsp;&nbsp;&nbsp;&nbsp;&nbsp;&nbsp;&nbsp;&nbsp;&nbsp;&nbsp;&nbsp;&nbsp;&nbsp;&nbsp;&nbsp;&nbsp;&nbsp;&nbsp;&nbsp;&nbsp;&nbsp;&nbsp;&nbsp;&nbsp;&nbsp;&nbsp;&nbsp;&nbsp;&nbsp;&nbsp;&nbsp; شعار شرکت شما</span></span></td>\r\n								</tr>\r\n								<tr>\r\n									<td>&nbsp;</td>\r\n								</tr>\r\n							</tbody>\r\n						</table>\r\n						</td>\r\n					</tr>\r\n					<tr>\r\n						<td>\r\n						<table border=\"0\" cellpadding=\"0\" cellspacing=\"0\" style=\"font-family:Arial, Helvetica, sans-serif;font-size:12px;font-weight:normal;color:rgb(0,0,0);background-color:rgb(255,255,255);\" width=\"100%\">\r\n							<tbody>\r\n								<tr>\r\n									<td valign=\"top\">\r\n									<table border=\"0\" cellpadding=\"5\" cellspacing=\"0\" width=\"100%\">\r\n										<tbody>\r\n											<tr>\r\n												<td align=\"right\" style=\"font-family:Arial, Helvetica, sans-serif;font-size:12px;font-weight:bolder;text-decoration:none;color:rgb(66,66,253);\">&nbsp;</td>\r\n											</tr>\r\n											<tr>\r\n												<td>&nbsp;</td>\r\n											</tr>\r\n											<tr>\r\n												<td style=\"font-family:Arial, Helvetica, sans-serif;font-size:14px;color:rgb(22,72,134);font-weight:bolder;line-height:15px;\">گرامی $contact_name$,</td>\r\n											</tr>\r\n											<tr>\r\n												<td style=\"font-family:Arial, Helvetica, sans-serif;font-size:12px;color:rgb(0,0,0);font-weight:normal;text-align:justify;line-height:20px;\"><span style=\"font-family:tahoma, geneva, sans-serif;\">عضویت شما را در پورتال مشتریان شرکت تبریک می گوییم.<br />\r\n												مشخصات شناسه کاربری، رمز عبور و مسیر ورودتان به پورتال مشتریان به شرح زیر است:</span></td>\r\n											</tr>\r\n											<tr>\r\n												<td align=\"center\">\r\n												<table border=\"0\" cellpadding=\"10\" cellspacing=\"0\" style=\"border:2px solid rgb(180,180,179);background-color:rgb(226,226,225);font-family:Arial, Helvetica, sans-serif;font-size:12px;color:rgb(0,0,0);font-weight:normal;\" width=\"75%\">\r\n													<tbody>\r\n														<tr>\r\n															<td style=\"text-align:left;\"><br />\r\n															User ID : <font color=\"#990000\"><strong> $login_name$</strong></font></td>\r\n														</tr>\r\n														<tr>\r\n															<td style=\"text-align:left;\">Password: <font color=\"#990000\"><strong> $password$</strong></font></td>\r\n														</tr>\r\n														<tr>\r\n															<td style=\"text-align:center;\"><strong>$URL$</strong></td>\r\n														</tr>\r\n													</tbody>\r\n												</table>\r\n												</td>\r\n											</tr>\r\n											<tr>\r\n												<td style=\"font-family:Arial, Helvetica, sans-serif;font-size:12px;color:rgb(0,0,0);font-weight:normal;text-align:justify;line-height:20px;\">\r\n												<p style=\"text-align:right;\"><span style=\"font-family:tahoma, geneva, sans-serif;\"><strong>نکته</strong>: پیشنهاد می کنیم پس از اولین ورود، رمز عبور خود را تغییر دهید.</span></p>\r\n\r\n												<p><span style=\"font-family:tahoma, geneva, sans-serif;\">پس از ورود می توانید به اطلاعات زیر دسترسی داشته باشید:</span></p>\r\n\r\n												<p style=\"text-align:right;\"><span style=\"font-family:tahoma, geneva, sans-serif;\"><u><strong><span style=\"font-size:14px;\">مخاطبین </span></strong></u><br />\r\n												در این قسمت اطلاعات مربوط به خود و اشخاصی که در حساب کاربری شما قرار دارند را ملاحظه می فرمایید.</span></p>\r\n\r\n												<p style=\"text-align:right;\"><span style=\"font-family:tahoma, geneva, sans-serif;\"><strong><u><span style=\"font-size:14px;\">مشترکین</span></u></strong></span></p>\r\n\r\n												<p style=\"text-align:right;\"><span style=\"font-family:tahoma, geneva, sans-serif;\">در این قسمت اطلاعات مربوط به سازمان و یا شرکت خود را مشاهده می کنید.</span></p>\r\n\r\n												<p style=\"text-align:right;\"><span style=\"font-family:tahoma, geneva, sans-serif;\"><u><strong><span style=\"font-size:14px;\">تیکت های مشکلات</span></strong></u></span></p>\r\n\r\n												<p style=\"text-align:right;\"><span style=\"font-family:tahoma, geneva, sans-serif;\">برای ارتباط با بخش پشتیبانی فنی به این تب رفته، تیکت جدید را انتخاب کرده و اطلاعات لازم را به دقت وارد و ارسال نمایید. در همین قسمت همواره می توانید وضعیت تیکت های خود و پاسخ (های) تیم فنی و یا فروش را پی گیری نمایید.</span></p>\r\n\r\n												<p style=\"text-align:right;\"><span style=\"font-family:tahoma, geneva, sans-serif;\"><span style=\"font-size:14px;\"><strong><u>پیش فاکتور</u></strong></span></span></p>\r\n\r\n												<p style=\"text-align:right;\"><span style=\"font-family:tahoma, geneva, sans-serif;\">برای دسترسی به پیش فاکتورهای صادر شده این قسمت را چک کنید.</span></p>\r\n\r\n												<p style=\"text-align:right;\"><span style=\"font-family:tahoma, geneva, sans-serif;\"><strong><u><span style=\"font-size:14px;\">فاکتور</span></u></strong></span></p>\r\n\r\n												<p style=\"text-align:right;\"><span style=\"font-family:tahoma, geneva, sans-serif;\">برای اطلاع از تاریخچه فاکتورهای صادر شده برای شما از این بخش استفاده کنید.</span></p>\r\n\r\n												<p style=\"text-align:right;\"><br />\r\n												<span style=\"font-family:tahoma, geneva, sans-serif;\"><span style=\"font-size:14px;\"><u><strong>پایگاه دانش</strong></u></span><br />\r\n												ما به طور دائم پرسش های متداول مشتریان خود به همراه پاسخ فنی مناسب را در این بخش به روز کرده و بر تعداد آنها می افزاییم. می توانید با مراجعه به این بخش به این مقالات دسترسی پیدا کنید.</span></p>\r\n\r\n												<p style=\"text-align:right;\"><span style=\"font-family:tahoma, geneva, sans-serif;\">در این قسمت می توانید به اطلاعات موضوع مورد علاقه خود، از طریق مراجعه به طبقه بندی مشخص، انتخاب کالای مورد نظر خود و یا با استفاده از گرینه جستجو، دسترسی پیدا کنید.</span></p>\r\n\r\n												<p style=\"text-align:right;\"><br />\r\n												<span style=\"font-family:tahoma, geneva, sans-serif;\"><strong><em>در آخر از این که مجموعه ما را انتخاب کرده اید از شما سپاسگذاریم و امیدواریم خدمات فنی این شرکت مورد قبول واقع گردد.</em></strong></span></p>\r\n												</td>\r\n											</tr>\r\n											<tr>\r\n												<td align=\"right\"><br />\r\n												<br />\r\n												<strong style=\"padding:2px;font-family:Tahoma, Arial, Helvetica, sans-serif;text-align:left;font-size:12px;color:rgb(0,0,0);font-weight:bold;\">با تشکر و احترام</strong></td>\r\n											</tr>\r\n											<tr>\r\n												<td align=\"right\" style=\"font-family:Arial, Helvetica, sans-serif;font-size:12px;color:rgb(0,0,0);font-weight:normal;line-height:20px;\">$support_team$</td>\r\n											</tr>\r\n											<tr>\r\n												<td align=\"right\"><a href=\"http://www.yoursite.com\" style=\"font-family:Arial, Helvetica, sans-serif;font-size:12px;font-weight:bolder;text-decoration:none;color:rgb(66,66,253);\">www.yoursite.com</a></td>\r\n											</tr>\r\n											<tr>\r\n												<td>&nbsp;</td>\r\n											</tr>\r\n										</tbody>\r\n									</table>\r\n									</td>\r\n									<td valign=\"top\" width=\"1%\">&nbsp;</td>\r\n								</tr>\r\n							</tbody>\r\n						</table>\r\n						</td>\r\n					</tr>\r\n					<tr>\r\n						<td>\r\n						<table border=\"0\" cellpadding=\"5\" cellspacing=\"0\" style=\"font-family:Arial, Helvetica, sans-serif;font-size:12px;color:rgb(255,255,255);font-weight:normal;line-height:15px;background-color:rgb(51,51,51);\" width=\"100%\">\r\n							<tbody>\r\n								<tr>\r\n									<td align=\"center\"><span style=\"font-family:tahoma, geneva, sans-serif;\">آدرس شما</span></td>\r\n								</tr>\r\n								<tr>\r\n									<td align=\"center\"><span style=\"font-family:tahoma, geneva, sans-serif;\">تلفن: 02100000000</span></td>\r\n								</tr>\r\n								<tr>\r\n									<td align=\"center\">Email Id: <a href=\"mailto:support@yoursite.com\" style=\"font-family:Arial, Helvetica, sans-serif;font-size:12px;font-weight:bolder;text-decoration:none;color:rgb(255,255,255);\">support@yoursite.com</a></td>\r\n								</tr>\r\n							</tbody>\r\n						</table>\r\n						</td>\r\n					</tr>\r\n				</tbody>\r\n			</table>\r\n			</td>\r\n			<td width=\"50\">&nbsp;</td>\r\n		</tr>\r\n		<tr>\r\n			<td>&nbsp;</td>\r\n			<td>&nbsp;</td>\r\n			<td>&nbsp;</td>\r\n		</tr>\r\n		<tr>\r\n			<td>&nbsp;</td>\r\n			<td>&nbsp;</td>\r\n			<td>&nbsp;</td>\r\n		</tr>\r\n		<tr>\r\n			<td>&nbsp;</td>\r\n			<td>&nbsp;</td>\r\n			<td>&nbsp;</td>\r\n		</tr>\r\n	</tbody>\r\n</table>',0,10,0,''),('Public','اعلام پایان زمان پشتیبانی یک هفته پیش از پایان','','اطلاعیه پشتیبانی\r\n','ارسال ایمیل اطلاع رسانی به مشتری یک هفته قبل از تاریخ پایان پشتیبانی','<table align=\"center\" border=\"0\" cellpadding=\"0\" cellspacing=\"0\" dir=\"rtl\" style=\"font-family:Arial, Helvetica, sans-serif;font-size:12px;font-weight:normal;text-decoration:none;background-color:rgb(122,122,254);\" width=\"700\">\r\n	<tbody>\r\n		<tr>\r\n			<td>&nbsp;</td>\r\n			<td>&nbsp;</td>\r\n			<td>&nbsp;</td>\r\n		</tr>\r\n		<tr>\r\n			<td>&nbsp;</td>\r\n			<td>&nbsp;</td>\r\n			<td>&nbsp;</td>\r\n		</tr>\r\n		<tr>\r\n			<td>&nbsp;</td>\r\n			<td>&nbsp;</td>\r\n			<td>&nbsp;</td>\r\n		</tr>\r\n		<tr>\r\n			<td width=\"50\">&nbsp;</td>\r\n			<td>\r\n			<table border=\"0\" cellpadding=\"0\" cellspacing=\"0\" width=\"100%\">\r\n				<tbody>\r\n					<tr>\r\n						<td>\r\n						<table border=\"0\" cellpadding=\"0\" cellspacing=\"0\" style=\"background-color:rgb(27,77,140);font-family:Arial, Helvetica, sans-serif;font-size:14px;color:rgb(255,255,255);font-weight:normal;line-height:25px;\" width=\"100%\">\r\n							<tbody>\r\n								<tr>\r\n									<td align=\"center\" rowspan=\"4\">$logo$</td>\r\n									<td align=\"center\">&nbsp;</td>\r\n								</tr>\r\n								<tr>\r\n									<td style=\"background-color:rgb(27,77,140);font-family:Arial, Helvetica, sans-serif;font-size:24px;color:rgb(255,255,255);font-weight:bolder;line-height:35px;text-align:center;\">نام شرکت شما</td>\r\n								</tr>\r\n								<tr>\r\n									<td align=\"right\" style=\"padding-right:100px;\"><strong>&nbsp;&nbsp;&nbsp;&nbsp;&nbsp;&nbsp;&nbsp;&nbsp;&nbsp;&nbsp;&nbsp;&nbsp;&nbsp;&nbsp;&nbsp;&nbsp;&nbsp;&nbsp;&nbsp;&nbsp;&nbsp;&nbsp;&nbsp;&nbsp;&nbsp;&nbsp;&nbsp;&nbsp;&nbsp;&nbsp; شعارتبلیغاتی شرکت شما</strong></td>\r\n								</tr>\r\n								<tr>\r\n									<td>&nbsp;</td>\r\n								</tr>\r\n							</tbody>\r\n						</table>\r\n						</td>\r\n					</tr>\r\n					<tr>\r\n						<td>\r\n						<table border=\"0\" cellpadding=\"0\" cellspacing=\"0\" style=\"font-family:Arial, Helvetica, sans-serif;font-size:12px;font-weight:normal;color:rgb(0,0,0);background-color:rgb(255,255,255);\" width=\"100%\">\r\n							<tbody>\r\n								<tr>\r\n									<td valign=\"top\">\r\n									<table border=\"0\" cellpadding=\"5\" cellspacing=\"0\" width=\"100%\">\r\n										<tbody>\r\n											<tr>\r\n												<td align=\"right\" style=\"font-family:Arial, Helvetica, sans-serif;font-size:12px;font-weight:bolder;text-decoration:none;color:rgb(66,66,253);\">&nbsp;</td>\r\n											</tr>\r\n											<tr>\r\n												<td>&nbsp;</td>\r\n											</tr>\r\n											<tr>\r\n												<td style=\"font-family:Arial, Helvetica, sans-serif;font-size:14px;color:rgb(22,72,134);font-weight:bolder;line-height:15px;\">گرامی $contacts-lastname$,</td>\r\n											</tr>\r\n											<tr>\r\n												<td style=\"font-family:Arial, Helvetica, sans-serif;font-size:12px;color:rgb(0,0,0);font-weight:normal;text-align:justify;line-height:20px;\">\r\n												<p class=\"MsoNormal\" dir=\"rtl\" style=\"text-align:right;\"><span style=\"font-family:tahoma, geneva, sans-serif;\"><span lang=\"fa\" xml:lang=\"fa\">این تنها یک نامه اطلاع رسانی در خصوص پایان مدت زمان پشتیبانی شما می باشد.</span></span></p>\r\n\r\n												<p class=\"MsoNormal\" dir=\"rtl\" style=\"text-align:right;\"><span style=\"font-family:tahoma, geneva, sans-serif;\"><span lang=\"fa\" xml:lang=\"fa\">الویت: فوری</span></span></p>\r\n\r\n												<p class=\"MsoNormal\" dir=\"rtl\" style=\"text-align:right;\"><span style=\"font-family:tahoma, geneva, sans-serif;\"><span lang=\"fa\" xml:lang=\"fa\">مدت زمان پشتیبانی شما تا هفته آینده منقضی می شود.</span></span></p>\r\n\r\n												<p class=\"MsoNormal\" dir=\"rtl\" style=\"text-align:right;\"><span style=\"font-family:tahoma, geneva, sans-serif;\"><span lang=\"fa\" xml:lang=\"fa\">لطفاً با </span><span dir=\"ltr\">support@yourdomain.com</span><span lang=\"fa\" xml:lang=\"fa\"> تماس بگیرید.</span></span></p>\r\n												</td>\r\n											</tr>\r\n											<tr>\r\n												<td align=\"center\">&nbsp;</td>\r\n											</tr>\r\n											<tr>\r\n												<td align=\"right\"><br />\r\n												<br />\r\n												<span style=\"font-size:11px;\"><span style=\"font-family:tahoma, geneva, sans-serif;\"><strong>دوستدار شما</strong></span></span></td>\r\n											</tr>\r\n											<tr>\r\n												<td align=\"right\" style=\"font-family:Arial, Helvetica, sans-serif;font-size:12px;color:rgb(0,0,0);font-weight:normal;line-height:20px;\"><span style=\"font-family:tahoma, geneva, sans-serif;\">تیم پشتیبانی</span><br />\r\n												$custom-currentdate$</td>\r\n											</tr>\r\n											<tr>\r\n												<td align=\"right\"><a href=\"http://www.yoursite.com\" style=\"font-family:Arial, Helvetica, sans-serif;font-size:12px;font-weight:bolder;text-decoration:none;color:rgb(66,66,253);\">www.yoursite.com</a></td>\r\n											</tr>\r\n											<tr>\r\n												<td>&nbsp;</td>\r\n											</tr>\r\n										</tbody>\r\n									</table>\r\n									</td>\r\n									<td valign=\"top\" width=\"1%\">&nbsp;</td>\r\n								</tr>\r\n							</tbody>\r\n						</table>\r\n						</td>\r\n					</tr>\r\n					<tr>\r\n						<td>\r\n						<table border=\"0\" cellpadding=\"5\" cellspacing=\"0\" style=\"font-family:Arial, Helvetica, sans-serif;font-size:12px;color:rgb(255,255,255);font-weight:normal;line-height:15px;background-color:rgb(51,51,51);\" width=\"100%\">\r\n							<tbody>\r\n								<tr>\r\n									<td align=\"center\"><span style=\"font-family:tahoma, geneva, sans-serif;\">آدرس شما</span></td>\r\n								</tr>\r\n								<tr>\r\n									<td align=\"center\"><span style=\"font-family:tahoma, geneva, sans-serif;\">تلفن: 021000000000</span></td>\r\n								</tr>\r\n								<tr>\r\n									<td align=\"center\">Email Id: <a href=\"mailto:info@yoursite.com\" style=\"font-family:Arial, Helvetica, sans-serif;font-size:12px;font-weight:bolder;text-decoration:none;color:rgb(255,255,255);\">info@yoursite.com</a></td>\r\n								</tr>\r\n							</tbody>\r\n						</table>\r\n						</td>\r\n					</tr>\r\n				</tbody>\r\n			</table>\r\n			</td>\r\n			<td width=\"50\">&nbsp;</td>\r\n		</tr>\r\n		<tr>\r\n			<td>&nbsp;</td>\r\n			<td>&nbsp;</td>\r\n			<td>&nbsp;</td>\r\n		</tr>\r\n		<tr>\r\n			<td>&nbsp;</td>\r\n			<td>&nbsp;</td>\r\n			<td>&nbsp;</td>\r\n		</tr>\r\n		<tr>\r\n			<td>&nbsp;</td>\r\n			<td>&nbsp;</td>\r\n			<td>&nbsp;</td>\r\n		</tr>\r\n	</tbody>\r\n</table>',0,11,0,''),('Public','اعلام پایان زمان پشتیبانی یک ماه پیش از پایان','','اطلاعیه پشتیبانی','ارسال ایمیل اطلاع رسانی به مشتری یک ماه قبل از تاریخ پایان پشتیبانی\r\n','<table align=\"center\" border=\"0\" cellpadding=\"0\" cellspacing=\"0\" dir=\"rtl\" style=\"font-family:Arial, Helvetica, sans-serif;font-size:12px;font-weight:normal;text-decoration:none;background-color:rgb(122,122,254);\" width=\"700\">\r\n	<tbody>\r\n		<tr>\r\n			<td>&nbsp;</td>\r\n			<td>&nbsp;</td>\r\n			<td>&nbsp;</td>\r\n		</tr>\r\n		<tr>\r\n			<td>&nbsp;</td>\r\n			<td>&nbsp;</td>\r\n			<td>&nbsp;</td>\r\n		</tr>\r\n		<tr>\r\n			<td>&nbsp;</td>\r\n			<td>&nbsp;</td>\r\n			<td>&nbsp;</td>\r\n		</tr>\r\n		<tr>\r\n			<td width=\"50\">&nbsp;</td>\r\n			<td>\r\n			<table border=\"0\" cellpadding=\"0\" cellspacing=\"0\" width=\"100%\">\r\n				<tbody>\r\n					<tr>\r\n						<td>\r\n						<table border=\"0\" cellpadding=\"0\" cellspacing=\"0\" style=\"background-color:rgb(27,77,140);font-family:Arial, Helvetica, sans-serif;font-size:14px;color:rgb(255,255,255);font-weight:normal;line-height:25px;\" width=\"100%\">\r\n							<tbody>\r\n								<tr>\r\n									<td align=\"center\" rowspan=\"4\">$logo$</td>\r\n									<td align=\"center\">&nbsp;</td>\r\n								</tr>\r\n								<tr>\r\n									<td style=\"background-color:rgb(27,77,140);font-family:Arial, Helvetica, sans-serif;font-size:24px;color:rgb(255,255,255);font-weight:bolder;line-height:35px;text-align:center;\">نام شرکت شما</td>\r\n								</tr>\r\n								<tr>\r\n									<td align=\"right\" style=\"padding-right:100px;\"><strong>&nbsp;&nbsp;&nbsp;&nbsp;&nbsp;&nbsp;&nbsp;&nbsp;&nbsp;&nbsp;&nbsp;&nbsp;&nbsp;&nbsp;&nbsp;&nbsp;&nbsp;&nbsp;&nbsp;&nbsp;&nbsp;&nbsp;&nbsp;&nbsp;&nbsp;&nbsp;&nbsp;&nbsp;&nbsp;&nbsp; شعارتبلیغاتی شرکت شما</strong></td>\r\n								</tr>\r\n								<tr>\r\n									<td>&nbsp;</td>\r\n								</tr>\r\n							</tbody>\r\n						</table>\r\n						</td>\r\n					</tr>\r\n					<tr>\r\n						<td>\r\n						<table border=\"0\" cellpadding=\"0\" cellspacing=\"0\" style=\"font-family:Arial, Helvetica, sans-serif;font-size:12px;font-weight:normal;color:rgb(0,0,0);background-color:rgb(255,255,255);\" width=\"100%\">\r\n							<tbody>\r\n								<tr>\r\n									<td valign=\"top\">\r\n									<table border=\"0\" cellpadding=\"5\" cellspacing=\"0\" width=\"100%\">\r\n										<tbody>\r\n											<tr>\r\n												<td align=\"right\" style=\"font-family:Arial, Helvetica, sans-serif;font-size:12px;font-weight:bolder;text-decoration:none;color:rgb(66,66,253);\">&nbsp;</td>\r\n											</tr>\r\n											<tr>\r\n												<td>&nbsp;</td>\r\n											</tr>\r\n											<tr>\r\n												<td style=\"font-family:Arial, Helvetica, sans-serif;font-size:14px;color:rgb(22,72,134);font-weight:bolder;line-height:15px;\">گرامی $contacts-lastname$,</td>\r\n											</tr>\r\n											<tr>\r\n												<td style=\"font-family:Arial, Helvetica, sans-serif;font-size:12px;color:rgb(0,0,0);font-weight:normal;text-align:justify;line-height:20px;\">\r\n												<p class=\"MsoNormal\" dir=\"rtl\" style=\"text-align:right;\"><span style=\"font-family:tahoma, geneva, sans-serif;\"><span lang=\"fa\" xml:lang=\"fa\">این تنها یک نامه اطلاع رسانی در خصوص پایان مدت زمان پشتیبانی شما می باشد.</span></span></p>\r\n\r\n												<p class=\"MsoNormal\" dir=\"rtl\" style=\"text-align:right;\"><span style=\"font-family:tahoma, geneva, sans-serif;\"><span lang=\"fa\" xml:lang=\"fa\">الویت: معمولی</span></span></p>\r\n\r\n												<p class=\"MsoNormal\" dir=\"rtl\" style=\"text-align:right;\"><span style=\"font-family:tahoma, geneva, sans-serif;\"><span lang=\"fa\" xml:lang=\"fa\">مدت زمان پشتیبانی شما تا ماه آینده منقضی می شود.</span></span></p>\r\n\r\n												<p class=\"MsoNormal\" dir=\"rtl\" style=\"text-align:right;\"><span style=\"font-family:tahoma, geneva, sans-serif;\"><span lang=\"fa\" xml:lang=\"fa\">لطفاً با </span><span dir=\"ltr\">support@yourdomain.com</span><span lang=\"fa\" xml:lang=\"fa\"> تماس بگیرید.</span></span></p>\r\n												</td>\r\n											</tr>\r\n											<tr>\r\n												<td align=\"center\">&nbsp;</td>\r\n											</tr>\r\n											<tr>\r\n												<td align=\"right\"><br />\r\n												<br />\r\n												<span style=\"font-size:11px;\"><span style=\"font-family:tahoma, geneva, sans-serif;\"><strong>دوستدار شما</strong></span></span></td>\r\n											</tr>\r\n											<tr>\r\n												<td align=\"right\" style=\"font-family:Arial, Helvetica, sans-serif;font-size:12px;color:rgb(0,0,0);font-weight:normal;line-height:20px;\"><span style=\"font-family:tahoma, geneva, sans-serif;\">تیم پشتیبانی</span><br />\r\n												$custom-currentdate$</td>\r\n											</tr>\r\n											<tr>\r\n												<td align=\"right\"><a href=\"http://www.yoursite.com\" style=\"font-family:Arial, Helvetica, sans-serif;font-size:12px;font-weight:bolder;text-decoration:none;color:rgb(66,66,253);\">www.yoursite.com</a></td>\r\n											</tr>\r\n											<tr>\r\n												<td>&nbsp;</td>\r\n											</tr>\r\n										</tbody>\r\n									</table>\r\n									</td>\r\n									<td valign=\"top\" width=\"1%\">&nbsp;</td>\r\n								</tr>\r\n							</tbody>\r\n						</table>\r\n						</td>\r\n					</tr>\r\n					<tr>\r\n						<td>\r\n						<table border=\"0\" cellpadding=\"5\" cellspacing=\"0\" style=\"font-family:Arial, Helvetica, sans-serif;font-size:12px;color:rgb(255,255,255);font-weight:normal;line-height:15px;background-color:rgb(51,51,51);\" width=\"100%\">\r\n							<tbody>\r\n								<tr>\r\n									<td align=\"center\"><span style=\"font-family:tahoma, geneva, sans-serif;\">آدرس شما</span></td>\r\n								</tr>\r\n								<tr>\r\n									<td align=\"center\"><span style=\"font-family:tahoma, geneva, sans-serif;\">تلفن: 021000000000</span></td>\r\n								</tr>\r\n								<tr>\r\n									<td align=\"center\">Email Id: <a href=\"mailto:info@yoursite.com\" style=\"font-family:Arial, Helvetica, sans-serif;font-size:12px;font-weight:bolder;text-decoration:none;color:rgb(255,255,255);\">info@yoursite.com</a></td>\r\n								</tr>\r\n							</tbody>\r\n						</table>\r\n						</td>\r\n					</tr>\r\n				</tbody>\r\n			</table>\r\n			</td>\r\n			<td width=\"50\">&nbsp;</td>\r\n		</tr>\r\n		<tr>\r\n			<td>&nbsp;</td>\r\n			<td>&nbsp;</td>\r\n			<td>&nbsp;</td>\r\n		</tr>\r\n		<tr>\r\n			<td>&nbsp;</td>\r\n			<td>&nbsp;</td>\r\n			<td>&nbsp;</td>\r\n		</tr>\r\n		<tr>\r\n			<td>&nbsp;</td>\r\n			<td>&nbsp;</td>\r\n			<td>&nbsp;</td>\r\n		</tr>\r\n	</tbody>\r\n</table>',0,12,0,''),('Public','یادآوری فعالیت',NULL,'یادآوری فعالیت','یادآوری','<div style=\'direction:rtl;font-family:tahoma\'>\r\n\r\n<p>این یک اعلان یادآوری برای انجاام فعالیت می باشد.<br/>جزئیات یادآوری :<br/>\r\n							&nbsp; عنوان : $events-subject$<br/> \r\n							&nbsp; تاریخ و زمان شروع : $events-date_start$<br/>\r\n							&nbsp; تاریخ و زمان پایان : $events-due_date$<br/> \r\n							&nbsp; وضعیت : $events-eventstatus$<br/> \r\n							&nbsp; موقعیت : $events-location$<br/> \r\n							&nbsp; توضیحات : $events-description$<br/><br/> \r\n							<p/>\r\n                            </div>\r\n',0,14,1,NULL),('Public','یادآوری انجام کار',NULL,'یادآوری انجام کار','یادآوری','<div style=\'direction:rtl;font-family:tahoma\'>\r\n<p>این یک اعلان یادآوری برای انجاام فعالیت می باشد.<br/>جزئیات یادآوری :<br/>\r\n								&nbsp; عنوان : $calendar-subject$<br/>\r\n								&nbsp; تاریخ و زمان شروع : $calendar-date_start$<br/>\r\n								&nbsp; تاریخ انقضا : $calendar-due_date$<br/>\r\n								&nbsp; وضعیت : $calendar-status$<br/>\r\n								&nbsp; موقعیت : $calendar-location$<br/>\r\n								&nbsp; توضیحات : $calendar-description$<br/><br/>\r\n								<p/>\r\n</div>',0,15,1,NULL),('Public','دعوت کاربران',NULL,'دعوت','دعوت کاربران','<div style=\'direction:rtl;font-family:tahoma\'>\r\n<p>$invitee_name$,<br />\r\n<br />\r\nشما برای انجام یک فعالیت دعوت شده اید<br />\r\n<br />\r\nجزئیات :<br />\r\n&nbsp; عنوان : $events-subject$<br />\r\n&nbsp; تاریخ و ساعت شروع : $events-date_start$<br />\r\n&nbsp; تاریخ و ساعت پایان : $events-due_date$<br />\r\n&nbsp; وضعیت : $events-eventstatus$<br />\r\n&nbsp; اهمیت : $events-priority$<br />\r\n&nbsp; مربوط به : $events-crmid$<br />\r\n&nbsp; لیست مخاطبین : $events-contactid$<br />\r\n&nbsp; محل : $events-location$<br />\r\n&nbsp; توضیحات : $events-description$<br />\r\n</div>',0,16,1,NULL);

--
-- Table structure for table `vtiger_emailtemplates_seq`
--

CREATE TABLE `vtiger_emailtemplates_seq` (
  `id` int(11) NOT NULL
) ENGINE=InnoDB DEFAULT CHARSET=utf8;

--
-- Dumping data for table `vtiger_emailtemplates_seq`
--

INSERT INTO `vtiger_emailtemplates_seq` (`id`) VALUES (17);

--
-- Table structure for table `vtiger_entityname`
--

CREATE TABLE `vtiger_entityname` (
  `tabid` int(19) NOT NULL DEFAULT 0,
  `modulename` varchar(100) DEFAULT NULL,
  `tablename` varchar(100) NOT NULL,
  `fieldname` varchar(150) NOT NULL,
  `entityidfield` varchar(150) NOT NULL,
  `entityidcolumn` varchar(150) NOT NULL,
  KEY `entityname_tabid_idx` (`tabid`),
  CONSTRAINT `fk_1_vtiger_entityname` FOREIGN KEY (`tabid`) REFERENCES `vtiger_tab` (`tabid`) ON DELETE CASCADE
) ENGINE=InnoDB DEFAULT CHARSET=utf8;

--
-- Dumping data for table `vtiger_entityname`
--

INSERT INTO `vtiger_entityname` (`tabid`, `modulename`, `tablename`, `fieldname`, `entityidfield`, `entityidcolumn`) VALUES (2,'Potentials','vtiger_potential','potentialname','potentialid','potential_id'),(4,'Contacts','vtiger_contactdetails','firstname,lastname','contactid','contact_id'),(6,'Accounts','vtiger_account','accountname','accountid','account_id'),(7,'Leads','vtiger_leaddetails','firstname,lastname','leadid','leadid'),(8,'Documents','vtiger_notes','title','notesid','notesid'),(9,'Calendar','vtiger_activity','subject','activityid','activityid'),(10,'Emails','vtiger_activity','subject','activityid','activityid'),(13,'HelpDesk','vtiger_troubletickets','title','ticketid','ticketid'),(14,'Products','vtiger_products','productname','productid','product_id'),(15,'Faq','vtiger_faq','question','id','id'),(18,'Vendors','vtiger_vendor','vendorname','vendorid','vendor_id'),(19,'PriceBooks','vtiger_pricebook','bookname','pricebookid','pricebookid'),(20,'Quotes','vtiger_quotes','subject','quoteid','quote_id'),(21,'PurchaseOrder','vtiger_purchaseorder','subject','purchaseorderid','purchaseorderid'),(22,'SalesOrder','vtiger_salesorder','subject','salesorderid','salesorder_id'),(23,'Invoice','vtiger_invoice','subject','invoiceid','invoiceid'),(26,'Campaigns','vtiger_campaign','campaignname','campaignid','campaignid'),(29,'Users','vtiger_users','first_name,last_name','id','id'),(34,'PBXManager','vtiger_pbxmanager','customernumber','pbxmanagerid','pbxmanagerid'),(35,'ServiceContracts','vtiger_servicecontracts','subject','servicecontractsid','servicecontractsid'),(36,'Services','vtiger_service','servicename','serviceid','serviceid'),(38,'Assets','vtiger_assets','assetname','assetsid','assetsid'),(42,'ModComments','vtiger_modcomments','commentcontent','modcommentsid','modcommentsid'),(43,'ProjectMilestone','vtiger_projectmilestone','projectmilestonename','projectmilestoneid','projectmilestoneid'),(44,'ProjectTask','vtiger_projecttask','projecttaskname','projecttaskid','projecttaskid'),(45,'Project','vtiger_project','projectname','projectid','projectid'),(47,'SMSNotifier','vtiger_smsnotifier','message','smsnotifierid','smsnotifierid');

--
-- Table structure for table `vtiger_eventhandler_module`
--

CREATE TABLE `vtiger_eventhandler_module` (
  `eventhandler_module_id` int(11) NOT NULL AUTO_INCREMENT,
  `module_name` varchar(100) DEFAULT NULL,
  `handler_class` varchar(100) DEFAULT NULL,
  PRIMARY KEY (`eventhandler_module_id`)
) ENGINE=InnoDB AUTO_INCREMENT=6 DEFAULT CHARSET=utf8;

--
-- Dumping data for table `vtiger_eventhandler_module`
--

INSERT INTO `vtiger_eventhandler_module` (`eventhandler_module_id`, `module_name`, `handler_class`) VALUES (1,'ModTracker','ModTrackerHandler'),(2,'ServiceContracts','ServiceContractsHandler'),(3,'Home','Vtiger_RecordLabelUpdater_Handler'),(4,'Invoice','InvoiceHandler'),(5,'PurchaseOrder','PurchaseOrderHandler');

--
-- Table structure for table `vtiger_eventhandler_module_seq`
--

CREATE TABLE `vtiger_eventhandler_module_seq` (
  `id` int(11) NOT NULL
) ENGINE=InnoDB DEFAULT CHARSET=utf8;

--
-- Dumping data for table `vtiger_eventhandler_module_seq`
--

INSERT INTO `vtiger_eventhandler_module_seq` (`id`) VALUES (5);

--
-- Table structure for table `vtiger_eventhandlers`
--

CREATE TABLE `vtiger_eventhandlers` (
  `eventhandler_id` int(11) NOT NULL AUTO_INCREMENT,
  `event_name` varchar(100) NOT NULL,
  `handler_path` varchar(400) NOT NULL,
  `handler_class` varchar(100) NOT NULL,
  `cond` text DEFAULT NULL,
  `is_active` int(1) NOT NULL,
  `dependent_on` varchar(255) DEFAULT '[]',
  PRIMARY KEY (`eventhandler_id`,`event_name`,`handler_class`),
  UNIQUE KEY `eventhandler_idx` (`eventhandler_id`)
) ENGINE=InnoDB AUTO_INCREMENT=33 DEFAULT CHARSET=utf8;

--
-- Dumping data for table `vtiger_eventhandlers`
--

INSERT INTO `vtiger_eventhandlers` (`eventhandler_id`, `event_name`, `handler_path`, `handler_class`, `cond`, `is_active`, `dependent_on`) VALUES (1,'vtiger.entity.aftersave','modules/SalesOrder/RecurringInvoiceHandler.php','RecurringInvoiceHandler','',1,'[]'),(2,'vtiger.entity.beforesave','data/VTEntityDelta.php','VTEntityDelta','',1,'[]'),(3,'vtiger.entity.aftersave','data/VTEntityDelta.php','VTEntityDelta','',1,'[]'),(4,'vtiger.entity.aftersave','modules/com_vtiger_workflow/VTEventHandler.inc','VTWorkflowEventHandler','',1,'[\"VTEntityDelta\"]'),(5,'vtiger.entity.afterrestore','modules/com_vtiger_workflow/VTEventHandler.inc','VTWorkflowEventHandler','',1,'[]'),(6,'vtiger.entity.aftersave.final','modules/HelpDesk/HelpDeskHandler.php','HelpDeskHandler','',1,'[]'),(7,'vtiger.entity.aftersave.final','modules/ModTracker/ModTrackerHandler.php','ModTrackerHandler','',1,'[]'),(8,'vtiger.entity.beforedelete','modules/ModTracker/ModTrackerHandler.php','ModTrackerHandler','',1,'[]'),(9,'vtiger.entity.afterrestore','modules/ModTracker/ModTrackerHandler.php','ModTrackerHandler','',1,'[]'),(10,'vtiger.entity.aftersave','modules/PBXManager/PBXManagerHandler.php','PBXManagerHandler','',1,'[\"VTEntityDelta\"]'),(11,'vtiger.entity.afterdelete','modules/PBXManager/PBXManagerHandler.php','PBXManagerHandler','',1,'[]'),(12,'vtiger.entity.afterrestore','modules/PBXManager/PBXManagerHandler.php','PBXManagerHandler','',1,'[]'),(13,'vtiger.batchevent.save','modules/PBXManager/PBXManagerHandler.php','PBXManagerBatchHandler','',1,'[]'),(14,'vtiger.batchevent.delete','modules/PBXManager/PBXManagerHandler.php','PBXManagerBatchHandler','',1,'[]'),(15,'vtiger.lead.convertlead','modules/PBXManager/PBXManagerHandler.php','PBXManagerHandler','',1,'[]'),(16,'vtiger.entity.beforesave','modules/ServiceContracts/ServiceContractsHandler.php','ServiceContractsHandler','',1,'[]'),(17,'vtiger.entity.aftersave','modules/ServiceContracts/ServiceContractsHandler.php','ServiceContractsHandler','',1,'[]'),(18,'vtiger.entity.aftersave','modules/WSAPP/WorkFlowHandlers/WSAPPAssignToTracker.php','WSAPPAssignToTracker','',1,'[\"VTEntityDelta\"]'),(19,'vtiger.entity.aftersave','modules/Vtiger/handlers/RecordLabelUpdater.php','Vtiger_RecordLabelUpdater_Handler','',1,'[]'),(20,'vtiger.entity.aftersave','modules/Invoice/InvoiceHandler.php','InvoiceHandler','',1,'[]'),(21,'vtiger.entity.aftersave','modules/PurchaseOrder/PurchaseOrderHandler.php','PurchaseOrderHandler','',1,'[]'),(22,'vtiger.entity.aftersave','modules/ModComments/ModCommentsHandler.php','ModCommentsHandler','',1,'[]'),(23,'vtiger.picklist.afterrename','modules/Settings/Picklist/handlers/PickListHandler.php','PickListHandler','',1,'[]'),(24,'vtiger.picklist.afterdelete','modules/Settings/Picklist/handlers/PickListHandler.php','PickListHandler','',1,'[]'),(25,'vtiger.entity.aftersave','modules/Vtiger/handlers/EmailLookupHandler.php','EmailLookupHandler','',1,'[\"VTEntityDelta\"]'),(26,'vtiger.entity.afterdelete','modules/Vtiger/handlers/EmailLookupHandler.php','EmailLookupHandler','',1,'[]'),(27,'vtiger.entity.afterrestore','modules/Vtiger/handlers/EmailLookupHandler.php','EmailLookupHandler','',1,'[]'),(28,'vtiger.batchevent.save','modules/Vtiger/handlers/EmailLookupHandler.php','EmailLookupBatchHandler','',1,'[]'),(29,'vtiger.lead.convertlead','modules/Leads/handlers/LeadHandler.php','LeadHandler','',1,'[]'),(30,'vtiger.entity.beforesave','modules/Vtiger/handlers/CheckDuplicateHandler.php','CheckDuplicateHandler','',1,'[]'),(31,'vtiger.entity.beforerestore','modules/Vtiger/handlers/CheckDuplicateHandler.php','CheckDuplicateHandler','',1,'[]'),(32,'vtiger.entity.aftersave','modules/Vtiger/handlers/FollowRecordHandler.php','FollowRecordHandler','',1,'[]');

--
-- Table structure for table `vtiger_eventhandlers_seq`
--

CREATE TABLE `vtiger_eventhandlers_seq` (
  `id` int(11) NOT NULL
) ENGINE=InnoDB DEFAULT CHARSET=utf8;

--
-- Dumping data for table `vtiger_eventhandlers_seq`
--

INSERT INTO `vtiger_eventhandlers_seq` (`id`) VALUES (32);

--
-- Table structure for table `vtiger_eventstatus`
--

CREATE TABLE `vtiger_eventstatus` (
  `eventstatusid` int(19) NOT NULL AUTO_INCREMENT,
  `eventstatus` varchar(200) NOT NULL,
  `presence` int(1) NOT NULL DEFAULT 1,
  `picklist_valueid` int(19) NOT NULL DEFAULT 0,
  `sortorderid` int(11) DEFAULT NULL,
  `color` varchar(10) DEFAULT NULL,
  PRIMARY KEY (`eventstatusid`)
) ENGINE=InnoDB AUTO_INCREMENT=4 DEFAULT CHARSET=utf8;

--
-- Dumping data for table `vtiger_eventstatus`
--

INSERT INTO `vtiger_eventstatus` (`eventstatusid`, `eventstatus`, `presence`, `picklist_valueid`, `sortorderid`, `color`) VALUES (1,'Planned',0,38,0,NULL),(2,'Held',0,39,1,NULL),(3,'Not Held',0,40,2,NULL);

--
-- Table structure for table `vtiger_eventstatus_seq`
--

CREATE TABLE `vtiger_eventstatus_seq` (
  `id` int(11) NOT NULL
) ENGINE=InnoDB DEFAULT CHARSET=utf8;

--
-- Dumping data for table `vtiger_eventstatus_seq`
--

INSERT INTO `vtiger_eventstatus_seq` (`id`) VALUES (3);

--
-- Table structure for table `vtiger_expectedresponse`
--

CREATE TABLE `vtiger_expectedresponse` (
  `expectedresponseid` int(19) NOT NULL AUTO_INCREMENT,
  `expectedresponse` varchar(200) NOT NULL,
  `presence` int(1) NOT NULL DEFAULT 1,
  `picklist_valueid` int(19) NOT NULL DEFAULT 0,
  `sortorderid` int(11) DEFAULT NULL,
  `color` varchar(10) DEFAULT NULL,
  PRIMARY KEY (`expectedresponseid`),
  UNIQUE KEY `CampaignExpRes_UK01` (`expectedresponse`)
) ENGINE=InnoDB AUTO_INCREMENT=6 DEFAULT CHARSET=utf8;

--
-- Dumping data for table `vtiger_expectedresponse`
--

INSERT INTO `vtiger_expectedresponse` (`expectedresponseid`, `expectedresponse`, `presence`, `picklist_valueid`, `sortorderid`, `color`) VALUES (2,'Excellent',1,42,1,NULL),(3,'Good',1,43,2,NULL),(4,'Average',1,44,3,NULL),(5,'Poor',1,45,4,NULL);

--
-- Table structure for table `vtiger_expectedresponse_seq`
--

CREATE TABLE `vtiger_expectedresponse_seq` (
  `id` int(11) NOT NULL
) ENGINE=InnoDB DEFAULT CHARSET=utf8;

--
-- Dumping data for table `vtiger_expectedresponse_seq`
--

INSERT INTO `vtiger_expectedresponse_seq` (`id`) VALUES (5);

--
-- Table structure for table `vtiger_extnstore_users`
--

CREATE TABLE `vtiger_extnstore_users` (
  `id` int(11) NOT NULL AUTO_INCREMENT,
  `username` varchar(50) DEFAULT NULL,
  `password` varchar(75) DEFAULT NULL,
  `instanceurl` varchar(255) DEFAULT NULL,
  `createdon` datetime DEFAULT NULL,
  `deleted` int(1) NOT NULL DEFAULT 0,
  PRIMARY KEY (`id`)
) ENGINE=InnoDB DEFAULT CHARSET=utf8;

--
-- Dumping data for table `vtiger_extnstore_users`
--


--
-- Table structure for table `vtiger_faq`
--

CREATE TABLE `vtiger_faq` (
  `id` int(11) NOT NULL AUTO_INCREMENT,
  `faq_no` varchar(100) NOT NULL,
  `product_id` varchar(100) DEFAULT NULL,
  `question` text DEFAULT NULL,
  `answer` text DEFAULT NULL,
  `category` varchar(200) NOT NULL,
  `status` varchar(200) NOT NULL,
  `tags` varchar(1) DEFAULT NULL,
  PRIMARY KEY (`id`),
  KEY `faq_id_idx` (`id`),
  CONSTRAINT `fk_1_vtiger_faq` FOREIGN KEY (`id`) REFERENCES `vtiger_crmentity` (`crmid`) ON DELETE CASCADE
) ENGINE=InnoDB DEFAULT CHARSET=utf8;

--
-- Dumping data for table `vtiger_faq`
--


--
-- Table structure for table `vtiger_faqcategories`
--

CREATE TABLE `vtiger_faqcategories` (
  `faqcategories_id` int(19) NOT NULL AUTO_INCREMENT,
  `faqcategories` varchar(200) DEFAULT NULL,
  `presence` int(1) NOT NULL DEFAULT 1,
  `picklist_valueid` int(19) NOT NULL DEFAULT 0,
  `sortorderid` int(11) DEFAULT NULL,
  `color` varchar(10) DEFAULT NULL,
  PRIMARY KEY (`faqcategories_id`)
) ENGINE=InnoDB AUTO_INCREMENT=2 DEFAULT CHARSET=utf8;

--
-- Dumping data for table `vtiger_faqcategories`
--

INSERT INTO `vtiger_faqcategories` (`faqcategories_id`, `faqcategories`, `presence`, `picklist_valueid`, `sortorderid`, `color`) VALUES (1,'General',1,46,0,NULL);

--
-- Table structure for table `vtiger_faqcategories_seq`
--

CREATE TABLE `vtiger_faqcategories_seq` (
  `id` int(11) NOT NULL
) ENGINE=InnoDB DEFAULT CHARSET=utf8;

--
-- Dumping data for table `vtiger_faqcategories_seq`
--

INSERT INTO `vtiger_faqcategories_seq` (`id`) VALUES (1);

--
-- Table structure for table `vtiger_faqcf`
--

CREATE TABLE `vtiger_faqcf` (
  `faqid` int(19) NOT NULL DEFAULT 0,
  PRIMARY KEY (`faqid`),
  CONSTRAINT `fk_1_vtiger_faqcf` FOREIGN KEY (`faqid`) REFERENCES `vtiger_faq` (`id`) ON DELETE CASCADE
) ENGINE=InnoDB DEFAULT CHARSET=utf8;

--
-- Dumping data for table `vtiger_faqcf`
--


--
-- Table structure for table `vtiger_faqcomments`
--

CREATE TABLE `vtiger_faqcomments` (
  `commentid` int(19) NOT NULL AUTO_INCREMENT,
  `faqid` int(19) DEFAULT NULL,
  `comments` text DEFAULT NULL,
  `createdtime` datetime NOT NULL,
  PRIMARY KEY (`commentid`),
  KEY `faqcomments_faqid_idx` (`faqid`),
  CONSTRAINT `fk_1_vtiger_faqcomments` FOREIGN KEY (`faqid`) REFERENCES `vtiger_faq` (`id`) ON DELETE CASCADE
) ENGINE=InnoDB DEFAULT CHARSET=utf8;

--
-- Dumping data for table `vtiger_faqcomments`
--


--
-- Table structure for table `vtiger_faqstatus`
--

CREATE TABLE `vtiger_faqstatus` (
  `faqstatus_id` int(19) NOT NULL AUTO_INCREMENT,
  `faqstatus` varchar(200) DEFAULT NULL,
  `presence` int(1) NOT NULL DEFAULT 1,
  `picklist_valueid` int(19) NOT NULL DEFAULT 0,
  `sortorderid` int(11) DEFAULT NULL,
  `color` varchar(10) DEFAULT NULL,
  PRIMARY KEY (`faqstatus_id`)
) ENGINE=InnoDB AUTO_INCREMENT=5 DEFAULT CHARSET=utf8;

--
-- Dumping data for table `vtiger_faqstatus`
--

INSERT INTO `vtiger_faqstatus` (`faqstatus_id`, `faqstatus`, `presence`, `picklist_valueid`, `sortorderid`, `color`) VALUES (1,'Draft',0,47,0,NULL),(2,'Reviewed',0,48,1,NULL),(3,'Published',0,49,2,NULL),(4,'Obsolete',0,50,3,NULL);

--
-- Table structure for table `vtiger_faqstatus_seq`
--

CREATE TABLE `vtiger_faqstatus_seq` (
  `id` int(11) NOT NULL
) ENGINE=InnoDB DEFAULT CHARSET=utf8;

--
-- Dumping data for table `vtiger_faqstatus_seq`
--

INSERT INTO `vtiger_faqstatus_seq` (`id`) VALUES (4);

--
-- Table structure for table `vtiger_feedback`
--

CREATE TABLE `vtiger_feedback` (
  `userid` int(19) DEFAULT NULL,
  `dontshow` varchar(19) DEFAULT 'false'
) ENGINE=InnoDB DEFAULT CHARSET=utf8;

--
-- Dumping data for table `vtiger_feedback`
--


--
-- Table structure for table `vtiger_field`
--

CREATE TABLE `vtiger_field` (
  `tabid` int(19) NOT NULL,
  `fieldid` int(19) NOT NULL AUTO_INCREMENT,
  `columnname` varchar(30) NOT NULL,
  `tablename` varchar(100) DEFAULT NULL,
  `generatedtype` int(19) NOT NULL DEFAULT 0,
  `uitype` varchar(30) NOT NULL,
  `fieldname` varchar(50) NOT NULL,
  `fieldlabel` varchar(50) NOT NULL,
  `readonly` int(1) NOT NULL,
  `presence` int(19) NOT NULL DEFAULT 1,
  `defaultvalue` text DEFAULT NULL,
  `maximumlength` int(19) DEFAULT NULL,
  `sequence` int(19) DEFAULT NULL,
  `block` int(19) DEFAULT NULL,
  `displaytype` int(19) DEFAULT NULL,
  `typeofdata` varchar(100) DEFAULT NULL,
  `quickcreate` int(10) NOT NULL DEFAULT 1,
  `quickcreatesequence` int(19) DEFAULT NULL,
  `info_type` varchar(20) DEFAULT NULL,
  `masseditable` int(10) NOT NULL DEFAULT 1,
  `helpinfo` text DEFAULT NULL,
  `summaryfield` int(10) NOT NULL DEFAULT 0,
  `headerfield` int(1) DEFAULT 0,
  `isunique` tinyint(1) DEFAULT 0,
  PRIMARY KEY (`fieldid`),
  KEY `field_tabid_idx` (`tabid`),
  KEY `field_fieldname_idx` (`fieldname`),
  KEY `field_block_idx` (`block`),
  KEY `field_displaytype_idx` (`displaytype`),
  CONSTRAINT `fk_1_vtiger_field` FOREIGN KEY (`tabid`) REFERENCES `vtiger_tab` (`tabid`) ON DELETE CASCADE
) ENGINE=InnoDB AUTO_INCREMENT=951 DEFAULT CHARSET=utf8;

--
-- Dumping data for table `vtiger_field`
--

INSERT INTO `vtiger_field` (`tabid`, `fieldid`, `columnname`, `tablename`, `generatedtype`, `uitype`, `fieldname`, `fieldlabel`, `readonly`, `presence`, `defaultvalue`, `maximumlength`, `sequence`, `block`, `displaytype`, `typeofdata`, `quickcreate`, `quickcreatesequence`, `info_type`, `masseditable`, `helpinfo`, `summaryfield`, `headerfield`, `isunique`) VALUES (6,1,'accountname','vtiger_account',1,'2','accountname','Account Name',1,0,'',100,1,9,1,'V~M',0,1,'BAS',1,NULL,1,0,1),(6,2,'account_no','vtiger_account',1,'4','account_no','Account No',1,0,'',100,2,9,1,'V~O',3,NULL,'BAS',0,NULL,0,0,0),(6,3,'phone','vtiger_account',1,'11','phone','Phone',1,2,'',100,4,9,1,'V~O',2,2,'BAS',1,NULL,0,1,0),(6,4,'website','vtiger_account',1,'17','website','Website',1,2,'',100,3,9,1,'V~O',2,3,'BAS',1,NULL,0,1,0),(6,5,'fax','vtiger_account',1,'11','fax','Fax',1,2,'',100,6,9,1,'V~O',1,NULL,'BAS',1,NULL,0,0,0),(6,6,'tickersymbol','vtiger_account',1,'1','tickersymbol','Ticker Symbol',1,2,'',100,5,9,1,'V~O',1,NULL,'BAS',1,NULL,0,0,0),(6,7,'otherphone','vtiger_account',1,'11','otherphone','Other Phone',1,2,'',100,8,9,1,'V~O',1,NULL,'ADV',1,NULL,0,0,0),(6,8,'parentid','vtiger_account',1,'51','account_id','Member Of',1,2,'',100,7,9,1,'I~O',1,NULL,'BAS',0,NULL,0,0,0),(6,9,'email1','vtiger_account',1,'13','email1','Email',1,2,'',100,10,9,1,'E~O',1,NULL,'BAS',1,NULL,0,1,0),(6,10,'employees','vtiger_account',1,'7','employees','Employees',1,2,'',100,9,9,1,'I~O',1,NULL,'ADV',1,NULL,0,0,0),(6,11,'email2','vtiger_account',1,'13','email2','Other Email',1,2,'',100,11,9,1,'E~O',1,NULL,'ADV',1,NULL,0,0,0),(6,12,'ownership','vtiger_account',1,'1','ownership','Ownership',1,2,'',100,12,9,1,'V~O',1,NULL,'ADV',1,NULL,0,0,0),(6,13,'rating','vtiger_account',1,'15','rating','Rating',1,2,'',100,14,9,1,'V~O',1,NULL,'ADV',1,NULL,0,0,0),(6,14,'industry','vtiger_account',1,'15','industry','industry',1,2,'',100,13,9,1,'V~O',1,NULL,'ADV',1,NULL,0,0,0),(6,15,'siccode','vtiger_account',1,'1','siccode','SIC Code',1,2,'',100,16,9,1,'V~O',1,NULL,'ADV',1,NULL,0,0,0),(6,16,'account_type','vtiger_account',1,'15','accounttype','Type',1,2,'',100,15,9,1,'V~O',1,NULL,'ADV',1,NULL,0,0,0),(6,17,'annualrevenue','vtiger_account',1,'71','annual_revenue','Annual Revenue',1,2,'',100,18,9,1,'N~O',1,NULL,'ADV',1,NULL,0,0,0),(6,18,'emailoptout','vtiger_account',1,'56','emailoptout','Email Opt Out',1,0,'',100,17,9,1,'C~O',1,NULL,'ADV',1,NULL,0,0,0),(6,19,'notify_owner','vtiger_account',1,'56','notify_owner','Notify Owner',1,2,'',10,20,9,1,'C~O',1,NULL,'ADV',1,NULL,0,0,0),(6,20,'smownerid','vtiger_crmentity',1,'53','assigned_user_id','Assigned To',1,0,'',100,19,9,1,'V~M',0,4,'BAS',1,NULL,1,0,0),(6,21,'createdtime','vtiger_crmentity',1,'70','createdtime','Created Time',1,0,'',100,22,9,2,'DT~O',3,NULL,'BAS',0,NULL,0,0,0),(6,22,'modifiedtime','vtiger_crmentity',1,'70','modifiedtime','Modified Time',1,0,'',100,21,9,2,'DT~O',3,NULL,'BAS',0,NULL,0,0,0),(6,23,'modifiedby','vtiger_crmentity',1,'52','modifiedby','Last Modified By',1,0,'',100,23,9,3,'V~O',3,NULL,'BAS',0,NULL,0,0,0),(6,24,'bill_street','vtiger_accountbillads',1,'21','bill_street','Billing Address',1,2,'',100,1,11,1,'V~O',1,NULL,'BAS',1,NULL,0,0,0),(6,25,'ship_street','vtiger_accountshipads',1,'21','ship_street','Shipping Address',1,2,'',100,2,11,1,'V~O',1,NULL,'BAS',1,NULL,0,0,0),(6,26,'bill_city','vtiger_accountbillads',1,'1','bill_city','Billing City',1,2,'',100,5,11,1,'V~O',1,NULL,'BAS',1,NULL,1,0,0),(6,27,'ship_city','vtiger_accountshipads',1,'1','ship_city','Shipping City',1,2,'',100,6,11,1,'V~O',1,NULL,'BAS',1,NULL,0,0,0),(6,28,'bill_state','vtiger_accountbillads',1,'1','bill_state','Billing State',1,2,'',100,7,11,1,'V~O',1,NULL,'BAS',1,NULL,0,0,0),(6,29,'ship_state','vtiger_accountshipads',1,'1','ship_state','Shipping State',1,2,'',100,8,11,1,'V~O',1,NULL,'BAS',1,NULL,0,0,0),(6,30,'bill_code','vtiger_accountbillads',1,'1','bill_code','Billing Code',1,2,'',100,9,11,1,'V~O',1,NULL,'BAS',1,NULL,0,0,0),(6,31,'ship_code','vtiger_accountshipads',1,'1','ship_code','Shipping Code',1,2,'',100,10,11,1,'V~O',1,NULL,'BAS',1,NULL,0,0,0),(6,32,'bill_country','vtiger_accountbillads',1,'1','bill_country','Billing Country',1,2,'',100,11,11,1,'V~O',1,NULL,'BAS',1,NULL,1,0,0),(6,33,'ship_country','vtiger_accountshipads',1,'1','ship_country','Shipping Country',1,2,'',100,12,11,1,'V~O',1,NULL,'BAS',1,NULL,0,0,0),(6,34,'bill_pobox','vtiger_accountbillads',1,'1','bill_pobox','Billing Po Box',1,2,'',100,3,11,1,'V~O',1,NULL,'BAS',1,NULL,0,0,0),(6,35,'ship_pobox','vtiger_accountshipads',1,'1','ship_pobox','Shipping Po Box',1,2,'',100,4,11,1,'V~O',1,NULL,'BAS',1,NULL,0,0,0),(6,36,'description','vtiger_crmentity',1,'19','description','Description',1,2,'',100,1,12,1,'V~O',1,NULL,'BAS',1,NULL,0,0,0),(7,37,'salutation','vtiger_leaddetails',1,'55','salutationtype','Salutation',1,0,'',100,1,13,3,'V~O',1,NULL,'BAS',1,NULL,0,0,0),(7,38,'firstname','vtiger_leaddetails',1,'55','firstname','First Name',1,0,'',100,2,13,1,'V~O',2,1,'BAS',1,NULL,1,0,0),(7,39,'lead_no','vtiger_leaddetails',1,'4','lead_no','Lead No',1,0,'',100,3,13,1,'V~O',3,NULL,'BAS',0,NULL,0,0,0),(7,40,'phone','vtiger_leadaddress',1,'11','phone','Phone',1,2,'',100,5,13,1,'V~O',2,4,'BAS',1,NULL,0,1,0),(7,41,'lastname','vtiger_leaddetails',1,'255','lastname','Last Name',1,0,'',100,4,13,1,'V~M',0,2,'BAS',1,NULL,1,0,0),(7,42,'mobile','vtiger_leadaddress',1,'11','mobile','Mobile',1,2,'',100,7,13,1,'V~O',1,NULL,'BAS',1,NULL,0,0,0),(7,43,'company','vtiger_leaddetails',1,'2','company','Company',1,2,'',100,6,13,1,'V~O',2,3,'BAS',1,NULL,1,0,0),(7,44,'fax','vtiger_leadaddress',1,'11','fax','Fax',1,2,'',100,9,13,1,'V~O',1,NULL,'BAS',1,NULL,0,0,0),(7,45,'designation','vtiger_leaddetails',1,'1','designation','Designation',1,2,'',100,8,13,1,'V~O',1,NULL,'BAS',1,NULL,0,0,0),(7,46,'email','vtiger_leaddetails',1,'13','email','Email',1,2,'',100,11,13,1,'E~O',2,5,'BAS',1,NULL,0,1,0),(7,47,'leadsource','vtiger_leaddetails',1,'15','leadsource','Lead Source',1,2,'',100,10,13,1,'V~O',1,NULL,'BAS',1,NULL,1,0,0),(7,48,'website','vtiger_leadsubdetails',1,'17','website','Website',1,2,'',100,13,13,1,'V~O',1,NULL,'ADV',1,NULL,1,0,0),(7,49,'industry','vtiger_leaddetails',1,'15','industry','Industry',1,2,'',100,12,13,1,'V~O',1,NULL,'ADV',1,NULL,0,0,0),(7,50,'leadstatus','vtiger_leaddetails',1,'15','leadstatus','Lead Status',1,2,'',100,15,13,1,'V~O',1,NULL,'BAS',1,NULL,0,0,0),(7,51,'annualrevenue','vtiger_leaddetails',1,'71','annualrevenue','Annual Revenue',1,2,'',100,14,13,1,'N~O',1,NULL,'ADV',1,NULL,0,0,0),(7,52,'rating','vtiger_leaddetails',1,'15','rating','Rating',1,2,'',100,17,13,1,'V~O',1,NULL,'ADV',1,NULL,0,0,0),(7,53,'noofemployees','vtiger_leaddetails',1,'1','noofemployees','No Of Employees',1,2,'',100,16,13,1,'I~O',1,NULL,'ADV',1,NULL,0,0,0),(7,54,'smownerid','vtiger_crmentity',1,'53','assigned_user_id','Assigned To',1,0,'',100,19,13,1,'V~M',0,6,'BAS',1,NULL,1,0,0),(7,55,'secondaryemail','vtiger_leaddetails',1,'13','secondaryemail','Secondary Email',1,2,'',100,18,13,1,'E~O',1,NULL,'ADV',1,NULL,0,0,0),(7,56,'createdtime','vtiger_crmentity',1,'70','createdtime','Created Time',1,0,'',100,21,13,2,'DT~O',3,NULL,'BAS',0,NULL,0,0,0),(7,57,'modifiedtime','vtiger_crmentity',1,'70','modifiedtime','Modified Time',1,0,'',100,20,13,2,'DT~O',3,NULL,'BAS',0,NULL,0,0,0),(7,58,'modifiedby','vtiger_crmentity',1,'52','modifiedby','Last Modified By',1,0,'',100,23,13,3,'V~O',3,NULL,'BAS',0,NULL,0,0,0),(7,59,'lane','vtiger_leadaddress',1,'21','lane','Street',1,2,'',100,1,15,1,'V~O',1,NULL,'BAS',1,NULL,0,0,0),(7,60,'code','vtiger_leadaddress',1,'1','code','Postal Code',1,2,'',100,3,15,1,'V~O',1,NULL,'BAS',1,NULL,0,0,0),(7,61,'city','vtiger_leadaddress',1,'1','city','City',1,2,'',100,4,15,1,'V~O',1,NULL,'BAS',1,NULL,1,0,0),(7,62,'country','vtiger_leadaddress',1,'1','country','Country',1,2,'',100,5,15,1,'V~O',1,NULL,'BAS',1,NULL,1,0,0),(7,63,'state','vtiger_leadaddress',1,'1','state','State',1,2,'',100,6,15,1,'V~O',1,NULL,'BAS',1,NULL,0,0,0),(7,64,'pobox','vtiger_leadaddress',1,'1','pobox','Po Box',1,2,'',100,2,15,1,'V~O',1,NULL,'BAS',1,NULL,0,0,0),(7,65,'description','vtiger_crmentity',1,'19','description','Description',1,2,'',100,1,16,1,'V~O',1,NULL,'BAS',1,NULL,0,0,0),(4,66,'salutation','vtiger_contactdetails',1,'55','salutationtype','Salutation',1,0,'',100,1,4,3,'V~O',1,NULL,'BAS',1,NULL,0,0,0),(4,67,'firstname','vtiger_contactdetails',1,'55','firstname','First Name',1,0,'',100,2,4,1,'V~O',2,1,'BAS',1,NULL,1,0,0),(4,68,'contact_no','vtiger_contactdetails',1,'4','contact_no','Contact Id',1,0,'',100,3,4,1,'V~O',3,NULL,'BAS',0,NULL,0,0,0),(4,69,'phone','vtiger_contactdetails',1,'11','phone','Office Phone',1,2,'',100,5,4,1,'V~O',2,4,'BAS',1,NULL,0,1,0),(4,70,'lastname','vtiger_contactdetails',1,'255','lastname','Last Name',1,0,'',100,4,4,1,'V~M',0,2,'BAS',1,NULL,1,0,0),(4,71,'mobile','vtiger_contactdetails',1,'11','mobile','Mobile',1,2,'',100,7,4,1,'V~O',1,NULL,'BAS',1,NULL,0,0,1),(4,72,'accountid','vtiger_contactdetails',1,'51','account_id','Account Name',1,0,'',100,6,4,1,'I~O',2,3,'BAS',1,NULL,1,0,0),(4,73,'homephone','vtiger_contactsubdetails',1,'11','homephone','Home Phone',1,2,'',100,9,4,1,'V~O',1,NULL,'ADV',1,NULL,0,0,0),(4,74,'leadsource','vtiger_contactsubdetails',1,'15','leadsource','Lead Source',1,2,'',100,8,4,1,'V~O',1,NULL,'BAS',1,NULL,0,0,0),(4,75,'otherphone','vtiger_contactsubdetails',1,'11','otherphone','Other Phone',1,2,'',100,11,4,1,'V~O',1,NULL,'ADV',1,NULL,0,0,0),(4,76,'title','vtiger_contactdetails',1,'1','title','Title',1,2,'',100,10,4,1,'V~O',1,NULL,'BAS',1,NULL,1,0,0),(4,77,'fax','vtiger_contactdetails',1,'11','fax','Fax',1,2,'',100,13,4,1,'V~O',1,NULL,'BAS',1,NULL,0,0,0),(4,78,'department','vtiger_contactdetails',1,'1','department','Department',1,2,'',100,12,4,1,'V~O',1,NULL,'ADV',1,NULL,0,0,0),(4,79,'birthday','vtiger_contactsubdetails',1,'5','birthday','Birthdate',1,2,'',100,16,4,1,'D~O',1,NULL,'ADV',1,NULL,0,0,0),(4,80,'email','vtiger_contactdetails',1,'13','email','Email',1,2,'',100,15,4,1,'E~O',2,5,'BAS',1,NULL,0,1,0),(4,81,'reportsto','vtiger_contactdetails',1,'57','contact_id','Reports To',1,2,'',100,18,4,1,'V~O',1,NULL,'ADV',0,NULL,0,0,0),(4,82,'assistant','vtiger_contactsubdetails',1,'1','assistant','Assistant',1,2,'',100,17,4,1,'V~O',1,NULL,'ADV',1,NULL,0,0,0),(4,83,'secondaryemail','vtiger_contactdetails',1,'13','secondaryemail','Secondary Email',1,2,'',100,20,4,1,'E~O',1,NULL,'ADV',1,NULL,0,0,0),(4,84,'assistantphone','vtiger_contactsubdetails',1,'11','assistantphone','Assistant Phone',1,2,'',100,19,4,1,'V~O',1,NULL,'ADV',1,NULL,0,0,0),(4,85,'donotcall','vtiger_contactdetails',1,'56','donotcall','Do Not Call',1,2,'',100,22,4,1,'C~O',1,NULL,'ADV',1,NULL,0,0,0),(4,86,'emailoptout','vtiger_contactdetails',1,'56','emailoptout','Email Opt Out',1,0,'',100,21,4,1,'C~O',1,NULL,'ADV',1,NULL,0,0,0),(4,87,'smownerid','vtiger_crmentity',1,'53','assigned_user_id','Assigned To',1,0,'',100,24,4,1,'V~M',0,6,'BAS',1,NULL,1,0,0),(4,88,'reference','vtiger_contactdetails',1,'56','reference','Reference',1,2,'',10,23,4,1,'C~O',1,NULL,'ADV',1,NULL,0,0,0),(4,89,'notify_owner','vtiger_contactdetails',1,'56','notify_owner','Notify Owner',1,2,'',10,26,4,1,'C~O',1,NULL,'ADV',1,NULL,0,0,0),(4,90,'createdtime','vtiger_crmentity',1,'70','createdtime','Created Time',1,0,'',100,25,4,2,'DT~O',3,NULL,'BAS',0,NULL,0,0,0),(4,91,'modifiedtime','vtiger_crmentity',1,'70','modifiedtime','Modified Time',1,0,'',100,27,4,2,'DT~O',3,NULL,'BAS',0,NULL,0,0,0),(4,92,'modifiedby','vtiger_crmentity',1,'52','modifiedby','Last Modified By',1,0,'',100,28,4,3,'V~O',3,NULL,'BAS',0,NULL,0,0,0),(4,93,'portal','vtiger_customerdetails',1,'56','portal','Portal User',1,2,'',100,1,6,1,'C~O',1,NULL,'ADV',1,NULL,0,0,0),(4,94,'support_start_date','vtiger_customerdetails',1,'5','support_start_date','Support Start Date',1,2,'',100,2,6,1,'D~O',1,NULL,'ADV',1,NULL,0,0,0),(4,95,'support_end_date','vtiger_customerdetails',1,'5','support_end_date','Support End Date',1,2,'',100,3,6,1,'D~O~OTH~GE~support_start_date~Support Start Date',1,NULL,'ADV',1,NULL,0,0,0),(4,96,'mailingstreet','vtiger_contactaddress',1,'21','mailingstreet','Mailing Street',1,2,'',100,1,7,1,'V~O',1,NULL,'BAS',1,NULL,0,0,0),(4,97,'otherstreet','vtiger_contactaddress',1,'21','otherstreet','Other Street',1,2,'',100,2,7,1,'V~O',1,NULL,'BAS',1,NULL,0,0,0),(4,98,'mailingcity','vtiger_contactaddress',1,'1','mailingcity','Mailing City',1,2,'',100,5,7,1,'V~O',1,NULL,'BAS',1,NULL,1,0,0),(4,99,'othercity','vtiger_contactaddress',1,'1','othercity','Other City',1,2,'',100,6,7,1,'V~O',1,NULL,'BAS',1,NULL,0,0,0),(4,100,'mailingstate','vtiger_contactaddress',1,'1','mailingstate','Mailing State',1,2,'',100,7,7,1,'V~O',1,NULL,'BAS',1,NULL,0,0,0),(4,101,'otherstate','vtiger_contactaddress',1,'1','otherstate','Other State',1,2,'',100,8,7,1,'V~O',1,NULL,'BAS',1,NULL,0,0,0),(4,102,'mailingzip','vtiger_contactaddress',1,'1','mailingzip','Mailing Zip',1,2,'',100,9,7,1,'V~O',1,NULL,'BAS',1,NULL,0,0,0),(4,103,'otherzip','vtiger_contactaddress',1,'1','otherzip','Other Zip',1,2,'',100,10,7,1,'V~O',1,NULL,'BAS',1,NULL,0,0,0),(4,104,'mailingcountry','vtiger_contactaddress',1,'1','mailingcountry','Mailing Country',1,2,'',100,11,7,1,'V~O',1,NULL,'BAS',1,NULL,1,0,0),(4,105,'othercountry','vtiger_contactaddress',1,'1','othercountry','Other Country',1,2,'',100,12,7,1,'V~O',1,NULL,'BAS',1,NULL,0,0,0),(4,106,'mailingpobox','vtiger_contactaddress',1,'1','mailingpobox','Mailing Po Box',1,2,'',100,3,7,1,'V~O',1,NULL,'BAS',1,NULL,0,0,0),(4,107,'otherpobox','vtiger_contactaddress',1,'1','otherpobox','Other Po Box',1,2,'',100,4,7,1,'V~O',1,NULL,'BAS',1,NULL,0,0,0),(4,108,'imagename','vtiger_contactdetails',1,'69','imagename','Contact Image',1,2,'',100,1,73,1,'V~O',3,NULL,'ADV',0,NULL,0,0,0),(4,109,'description','vtiger_crmentity',1,'19','description','Description',1,2,'',100,1,8,1,'V~O',1,NULL,'BAS',1,NULL,0,0,0),(2,110,'potentialname','vtiger_potential',1,'2','potentialname','Potential Name',1,0,'',100,1,1,1,'V~M',0,1,'BAS',1,NULL,1,0,0),(2,111,'potential_no','vtiger_potential',1,'4','potential_no','Potential No',1,0,'',100,2,1,1,'V~O',3,NULL,'BAS',0,NULL,0,0,0),(2,112,'amount','vtiger_potential',1,'71','amount','Amount',1,2,'',100,5,1,1,'N~O',2,5,'BAS',1,NULL,0,1,0),(2,113,'related_to','vtiger_potential',1,'10','related_to','Related To',1,0,'',100,3,1,1,'V~O',0,2,'BAS',1,NULL,0,1,0),(2,114,'closingdate','vtiger_potential',1,'23','closingdate','Expected Close Date',1,2,'',100,8,1,1,'D~M',2,3,'BAS',1,NULL,1,0,0),(2,115,'potentialtype','vtiger_potential',1,'15','opportunity_type','Type',1,2,'',100,7,1,1,'V~O',1,NULL,'BAS',1,NULL,0,0,0),(2,116,'nextstep','vtiger_potential',1,'1','nextstep','Next Step',1,2,'',100,10,1,1,'V~O',1,NULL,'BAS',1,NULL,0,0,0),(2,117,'leadsource','vtiger_potential',1,'15','leadsource','Lead Source',1,2,'',100,9,1,1,'V~O',1,NULL,'BAS',1,NULL,0,0,0),(2,118,'sales_stage','vtiger_potential',1,'15','sales_stage','Sales Stage',1,2,'',100,12,1,1,'V~M',2,4,'BAS',1,NULL,0,1,0),(2,119,'smownerid','vtiger_crmentity',1,'53','assigned_user_id','Assigned To',1,2,'',100,11,1,1,'V~M',0,6,'BAS',1,NULL,1,0,0),(2,120,'probability','vtiger_potential',1,'9','probability','Probability',1,2,'',100,14,1,1,'N~O',1,NULL,'BAS',1,NULL,0,0,0),(2,121,'campaignid','vtiger_potential',1,'58','campaignid','Campaign Source',1,2,'',100,13,1,1,'N~O',1,NULL,'BAS',1,NULL,0,0,0),(2,122,'createdtime','vtiger_crmentity',1,'70','createdtime','Created Time',1,0,'',100,16,1,2,'DT~O',3,NULL,'BAS',0,NULL,0,0,0),(2,123,'modifiedtime','vtiger_crmentity',1,'70','modifiedtime','Modified Time',1,0,'',100,15,1,2,'DT~O',3,NULL,'BAS',0,NULL,0,0,0),(2,124,'modifiedby','vtiger_crmentity',1,'52','modifiedby','Last Modified By',1,0,'',100,17,1,3,'V~O',3,NULL,'BAS',0,NULL,0,0,0),(2,125,'description','vtiger_crmentity',1,'19','description','Description',1,2,'',100,1,3,1,'V~O',1,NULL,'BAS',1,NULL,1,0,0),(26,126,'campaignname','vtiger_campaign',1,'2','campaignname','Campaign Name',1,0,'',100,1,74,1,'V~M',0,1,'BAS',1,NULL,1,0,0),(26,127,'campaign_no','vtiger_campaign',1,'4','campaign_no','Campaign No',1,0,'',100,2,74,1,'V~O',3,NULL,'BAS',0,NULL,0,0,0),(26,128,'campaigntype','vtiger_campaign',1,'15','campaigntype','Campaign Type',1,2,'',100,5,74,1,'V~O',2,3,'BAS',1,NULL,1,0,0),(26,129,'product_id','vtiger_campaign',1,'59','product_id','Product',1,2,'',100,6,74,1,'I~O',2,5,'BAS',1,NULL,0,0,0),(26,130,'campaignstatus','vtiger_campaign',1,'15','campaignstatus','Campaign Status',1,2,'',100,4,74,1,'V~O',2,6,'BAS',1,NULL,1,0,0),(26,131,'closingdate','vtiger_campaign',1,'23','closingdate','Expected Close Date',1,2,'',100,8,74,1,'D~M',2,2,'BAS',1,NULL,1,0,0),(26,132,'smownerid','vtiger_crmentity',1,'53','assigned_user_id','Assigned To',1,0,'',100,3,74,1,'V~M',0,7,'BAS',1,NULL,1,0,0),(26,133,'numsent','vtiger_campaign',1,'9','numsent','Num Sent',1,2,'',100,12,74,1,'N~O',1,NULL,'BAS',1,NULL,0,0,0),(26,134,'sponsor','vtiger_campaign',1,'1','sponsor','Sponsor',1,2,'',100,9,74,1,'V~O',1,NULL,'BAS',1,NULL,0,0,0),(26,135,'targetaudience','vtiger_campaign',1,'1','targetaudience','Target Audience',1,2,'',100,7,74,1,'V~O',1,NULL,'BAS',1,NULL,0,0,0),(26,136,'targetsize','vtiger_campaign',1,'1','targetsize','TargetSize',1,2,'',100,10,74,1,'I~O',1,NULL,'BAS',1,NULL,0,0,0),(26,137,'createdtime','vtiger_crmentity',1,'70','createdtime','Created Time',1,0,'',100,11,74,2,'DT~O',3,NULL,'BAS',0,NULL,0,0,0),(26,138,'modifiedtime','vtiger_crmentity',1,'70','modifiedtime','Modified Time',1,0,'',100,13,74,2,'DT~O',3,NULL,'BAS',0,NULL,0,0,0),(26,139,'modifiedby','vtiger_crmentity',1,'52','modifiedby','Last Modified By',1,0,'',100,16,74,3,'V~O',3,NULL,'BAS',0,NULL,0,0,0),(26,140,'expectedresponse','vtiger_campaign',1,'15','expectedresponse','Expected Response',1,2,'',100,3,76,1,'V~O',2,4,'BAS',1,NULL,0,0,0),(26,141,'expectedrevenue','vtiger_campaign',1,'71','expectedrevenue','Expected Revenue',1,2,'',100,4,76,1,'N~O',1,NULL,'BAS',1,NULL,1,0,0),(26,142,'budgetcost','vtiger_campaign',1,'71','budgetcost','Budget Cost',1,2,'',100,1,76,1,'N~O',1,NULL,'BAS',1,NULL,0,0,0),(26,143,'actualcost','vtiger_campaign',1,'71','actualcost','Actual Cost',1,2,'',100,2,76,1,'N~O',1,NULL,'BAS',1,NULL,0,0,0),(26,144,'expectedresponsecount','vtiger_campaign',1,'1','expectedresponsecount','Expected Response Count',1,2,'',100,7,76,1,'I~O',1,NULL,'BAS',1,NULL,0,0,0),(26,145,'expectedsalescount','vtiger_campaign',1,'1','expectedsalescount','Expected Sales Count',1,2,'',100,5,76,1,'I~O',1,NULL,'BAS',1,NULL,0,0,0),(26,146,'expectedroi','vtiger_campaign',1,'71','expectedroi','Expected ROI',1,2,'',100,9,76,1,'N~O',1,NULL,'BAS',1,NULL,0,0,0),(26,147,'actualresponsecount','vtiger_campaign',1,'1','actualresponsecount','Actual Response Count',1,2,'',100,8,76,1,'I~O',1,NULL,'BAS',1,NULL,0,0,0),(26,148,'actualsalescount','vtiger_campaign',1,'1','actualsalescount','Actual Sales Count',1,2,'',100,6,76,1,'I~O',1,NULL,'BAS',1,NULL,0,0,0),(26,149,'actualroi','vtiger_campaign',1,'71','actualroi','Actual ROI',1,2,'',100,10,76,1,'N~O',1,NULL,'BAS',1,NULL,0,0,0),(26,150,'description','vtiger_crmentity',1,'19','description','Description',1,2,'',100,1,81,1,'V~O',1,NULL,'BAS',1,NULL,0,0,0),(4,151,'campaignrelstatus','vtiger_campaignrelstatus',1,'16','campaignrelstatus','Status',1,0,'0',100,1,NULL,1,'V~O',1,NULL,'BAS',0,NULL,0,0,0),(6,152,'campaignrelstatus','vtiger_campaignrelstatus',1,'16','campaignrelstatus','Status',1,0,'0',100,1,NULL,1,'V~O',1,NULL,'BAS',0,NULL,0,0,0),(7,153,'campaignrelstatus','vtiger_campaignrelstatus',1,'16','campaignrelstatus','Status',1,0,'0',100,1,NULL,1,'V~O',1,NULL,'BAS',0,NULL,0,0,0),(26,154,'campaignrelstatus','vtiger_campaignrelstatus',1,'16','campaignrelstatus','Status',1,0,'0',100,1,NULL,1,'V~O',1,NULL,'BAS',0,NULL,0,0,0),(13,155,'ticket_no','vtiger_troubletickets',1,'4','ticket_no','Ticket No',1,0,'',100,14,25,1,'V~O',3,NULL,'BAS',0,NULL,1,0,0),(13,156,'smownerid','vtiger_crmentity',1,'53','assigned_user_id','Assigned To',1,0,'',100,5,25,1,'V~M',0,4,'BAS',1,NULL,1,0,0),(13,157,'parent_id','vtiger_troubletickets',1,'10','parent_id','Related To',1,0,'',100,2,25,1,'I~O',1,NULL,'BAS',1,NULL,1,0,0),(13,158,'priority','vtiger_troubletickets',1,'15','ticketpriorities','Priority',1,2,'',100,7,25,1,'V~M',2,3,'BAS',1,NULL,0,1,0),(13,159,'product_id','vtiger_troubletickets',1,'59','product_id','Product Name',1,2,'',100,6,25,1,'I~O',1,NULL,'BAS',1,NULL,0,0,0),(13,160,'severity','vtiger_troubletickets',1,'15','ticketseverities','Severity',1,2,'',100,9,25,1,'V~O',1,NULL,'BAS',1,NULL,1,0,0),(13,161,'status','vtiger_troubletickets',1,'15','ticketstatus','Status',1,2,'',100,8,25,1,'V~M',1,2,'BAS',1,NULL,1,0,0),(13,162,'category','vtiger_troubletickets',1,'15','ticketcategories','Category',1,2,'',100,11,25,1,'V~O',1,NULL,'BAS',1,NULL,0,0,0),(13,163,'update_log','vtiger_troubletickets',1,'19','update_log','Update History',1,1,'',100,12,25,3,'V~O',1,NULL,'BAS',0,NULL,0,0,0),(13,164,'hours','vtiger_troubletickets',1,'1','hours','Hours',1,2,'',100,10,25,1,'N~O',1,NULL,'BAS',1,'This gives the estimated hours for the Ticket.<br>When the same ticket is added to a Service Contract,based on the Tracking Unit of the Service Contract,Used units is updated whenever a ticket is Closed.',0,0,0),(13,165,'days','vtiger_troubletickets',1,'1','days','Days',1,2,'',100,11,25,1,'N~O',1,NULL,'BAS',1,'This gives the estimated days for the Ticket.<br>When the same ticket is added to a Service Contract,based on the Tracking Unit of the Service Contract,Used units is updated whenever a ticket is Closed.',0,0,0),(13,166,'createdtime','vtiger_crmentity',1,'70','createdtime','Created Time',1,0,'',100,10,25,2,'DT~O',3,NULL,'BAS',0,NULL,0,0,0),(13,167,'modifiedtime','vtiger_crmentity',1,'70','modifiedtime','Modified Time',1,0,'',100,13,25,2,'DT~O',3,NULL,'BAS',0,NULL,0,0,0),(13,168,'from_portal','vtiger_ticketcf',1,'56','from_portal','From Portal',1,0,'',100,14,25,3,'C~O',3,NULL,'BAS',0,NULL,0,0,0),(13,169,'modifiedby','vtiger_crmentity',1,'52','modifiedby','Last Modified By',1,0,'',100,17,25,3,'V~O',3,NULL,'BAS',0,NULL,0,0,0),(13,170,'title','vtiger_troubletickets',1,'22','ticket_title','Title',1,0,'',100,1,25,1,'V~M',0,1,'BAS',1,NULL,1,0,0),(13,171,'description','vtiger_crmentity',1,'19','description','Description',1,2,'',100,1,28,1,'V~O',2,4,'BAS',1,NULL,1,0,0),(13,172,'solution','vtiger_troubletickets',1,'19','solution','Solution',1,0,'',100,1,29,1,'V~O',3,NULL,'BAS',0,NULL,0,0,0),(13,173,'comments','vtiger_ticketcomments',1,'19','comments','Add Comment',1,1,'',100,1,30,1,'V~O',3,NULL,'BAS',0,NULL,0,0,0),(14,174,'productname','vtiger_products',1,'2','productname','Product Name',1,0,'',100,1,31,1,'V~M',0,1,'BAS',1,NULL,1,0,0),(14,175,'product_no','vtiger_products',1,'4','product_no','Product No',1,0,'',100,2,31,1,'V~O',3,NULL,'BAS',0,NULL,0,1,0),(14,176,'productcode','vtiger_products',1,'1','productcode','Part Number',1,2,'',100,4,31,1,'V~O',1,NULL,'BAS',1,NULL,1,0,0),(14,177,'discontinued','vtiger_products',1,'56','discontinued','Product Active',1,2,'1',100,3,31,1,'V~O',2,2,'BAS',1,NULL,0,1,0),(14,178,'manufacturer','vtiger_products',1,'15','manufacturer','Manufacturer',1,2,'',100,6,31,1,'V~O',1,NULL,'BAS',1,NULL,0,0,0),(14,179,'productcategory','vtiger_products',1,'15','productcategory','Product Category',1,2,'',100,6,31,1,'V~O',1,NULL,'BAS',1,NULL,0,1,0),(14,180,'sales_start_date','vtiger_products',1,'5','sales_start_date','Sales Start Date',1,2,'',100,5,31,1,'D~O',1,NULL,'BAS',1,NULL,0,0,0),(14,181,'sales_end_date','vtiger_products',1,'5','sales_end_date','Sales End Date',1,2,'',100,8,31,1,'D~O~OTH~GE~sales_start_date~Sales Start Date',1,NULL,'BAS',1,NULL,0,0,0),(14,182,'start_date','vtiger_products',1,'5','start_date','Support Start Date',1,2,'',100,7,31,1,'D~O',1,NULL,'BAS',1,NULL,0,0,0),(14,183,'expiry_date','vtiger_products',1,'5','expiry_date','Support Expiry Date',1,2,'',100,10,31,1,'D~O~OTH~GE~start_date~Start Date',1,NULL,'BAS',1,NULL,0,0,0),(14,184,'website','vtiger_products',1,'17','website','Website',1,2,'',100,14,31,1,'V~O',1,NULL,'BAS',1,NULL,0,0,0),(14,185,'vendor_id','vtiger_products',1,'75','vendor_id','Vendor Name',1,2,'',100,13,31,1,'I~O',1,NULL,'BAS',1,NULL,0,0,0),(14,186,'mfr_part_no','vtiger_products',1,'1','mfr_part_no','Mfr PartNo',1,2,'',100,16,31,1,'V~O',1,NULL,'BAS',1,NULL,0,0,0),(14,187,'vendor_part_no','vtiger_products',1,'1','vendor_part_no','Vendor PartNo',1,2,'',100,15,31,1,'V~O',1,NULL,'BAS',1,NULL,0,0,0),(14,188,'serialno','vtiger_products',1,'1','serial_no','Serial No',1,2,'',100,18,31,1,'V~O',1,NULL,'BAS',1,NULL,0,0,0),(14,189,'productsheet','vtiger_products',1,'1','productsheet','Product Sheet',1,2,'',100,17,31,1,'V~O',1,NULL,'BAS',1,NULL,0,0,0),(14,190,'glacct','vtiger_products',1,'15','glacct','GL Account',1,2,'',100,20,31,1,'V~O',1,NULL,'BAS',1,NULL,0,0,0),(14,191,'createdtime','vtiger_crmentity',1,'70','createdtime','Created Time',1,0,'',100,19,31,2,'DT~O',3,NULL,'BAS',0,NULL,0,0,0),(14,192,'modifiedtime','vtiger_crmentity',1,'70','modifiedtime','Modified Time',1,0,'',100,21,31,2,'DT~O',3,NULL,'BAS',0,NULL,0,0,0),(14,193,'modifiedby','vtiger_crmentity',1,'52','modifiedby','Last Modified By',1,0,'',100,22,31,3,'V~O',3,NULL,'BAS',0,NULL,0,0,0),(14,194,'unit_price','vtiger_products',1,'72','unit_price','Unit Price',1,0,'',100,1,32,1,'N~O',2,3,'BAS',0,NULL,1,0,0),(14,195,'commissionrate','vtiger_products',1,'9','commissionrate','Commission Rate',1,2,'',100,2,32,1,'N~O',1,NULL,'BAS',1,NULL,1,0,0),(14,196,'taxclass','vtiger_products',1,'83','taxclass','Taxes',1,2,'',100,4,32,1,'V~O',2,NULL,'BAS',1,NULL,0,0,0),(14,197,'usageunit','vtiger_products',1,'15','usageunit','Usage Unit',1,2,'',100,1,33,1,'V~O',1,NULL,'ADV',1,NULL,0,0,0),(14,198,'qty_per_unit','vtiger_products',1,'1','qty_per_unit','Qty/Unit',1,2,'',100,2,33,1,'N~O',1,NULL,'ADV',1,NULL,1,0,0),(14,199,'qtyinstock','vtiger_products',1,'1','qtyinstock','Qty In Stock',1,2,'',100,3,33,1,'NN~O',0,4,'ADV',1,NULL,0,1,0),(14,200,'reorderlevel','vtiger_products',1,'1','reorderlevel','Reorder Level',1,2,'',100,4,33,1,'I~O',1,NULL,'ADV',1,NULL,0,0,0),(14,201,'smownerid','vtiger_crmentity',1,'53','assigned_user_id','Handler',1,0,'',100,5,33,1,'V~M',0,5,'BAS',1,NULL,0,0,0),(14,202,'qtyindemand','vtiger_products',1,'1','qtyindemand','Qty In Demand',1,2,'',100,6,33,1,'I~O',1,NULL,'ADV',1,NULL,0,0,0),(14,203,'imagename','vtiger_products',1,'69','imagename','Product Image',1,2,'',100,1,35,1,'V~O',3,NULL,'ADV',0,NULL,0,0,0),(14,204,'description','vtiger_crmentity',1,'19','description','Description',1,2,'',100,1,36,1,'V~O',1,NULL,'BAS',1,NULL,0,0,0),(8,205,'title','vtiger_notes',1,'2','notes_title','Title',1,0,'',100,1,17,1,'V~M',0,1,'BAS',1,NULL,1,0,0),(8,206,'createdtime','vtiger_crmentity',1,'70','createdtime','Created Time',1,0,'',100,5,17,2,'DT~O',3,NULL,'BAS',0,NULL,0,0,0),(8,207,'modifiedtime','vtiger_crmentity',1,'70','modifiedtime','Modified Time',1,0,'',100,6,17,2,'DT~O',3,NULL,'BAS',0,NULL,1,0,0),(8,208,'filename','vtiger_notes',1,'28','filename','File Name',1,2,'',100,3,18,1,'V~O',0,NULL,'BAS',0,NULL,1,0,0),(8,209,'smownerid','vtiger_crmentity',1,'53','assigned_user_id','Assigned To',1,0,'',100,4,17,1,'V~M',0,3,'BAS',1,NULL,1,0,0),(8,210,'notecontent','vtiger_notes',1,'19','notecontent','Note',1,2,'',100,1,84,1,'V~O',1,NULL,'BAS',0,NULL,0,0,0),(8,211,'filetype','vtiger_notes',1,'1','filetype','File Type',1,2,'',100,5,18,2,'V~O',3,0,'BAS',0,NULL,0,0,0),(8,212,'filesize','vtiger_notes',1,'1','filesize','File Size',1,2,'',100,4,18,2,'I~O',3,0,'BAS',0,NULL,0,0,0),(8,213,'filelocationtype','vtiger_notes',1,'27','filelocationtype','Download Type',1,0,'',100,1,18,1,'V~O',0,0,'BAS',0,NULL,0,0,0),(8,214,'fileversion','vtiger_notes',1,'1','fileversion','Version',1,2,'',100,6,18,1,'V~O',1,0,'BAS',1,NULL,0,0,0),(8,215,'filestatus','vtiger_notes',1,'56','filestatus','Active',1,2,'1',100,2,18,1,'V~O',1,0,'BAS',1,NULL,0,0,0),(8,216,'filedownloadcount','vtiger_notes',1,'1','filedownloadcount','Download Count',1,2,'',100,7,18,2,'I~O',3,0,'BAS',0,NULL,0,0,0),(8,217,'folderid','vtiger_notes',1,'26','folderid','Folder Name',1,2,'',100,2,17,1,'V~O',2,2,'BAS',1,NULL,1,0,0),(8,218,'note_no','vtiger_notes',1,'4','note_no','Document No',1,0,'',100,3,17,1,'V~O',3,NULL,'BAS',0,NULL,0,0,0),(8,219,'modifiedby','vtiger_crmentity',1,'52','modifiedby','Last Modified By',1,0,'',100,12,17,3,'V~O',3,NULL,'BAS',0,NULL,0,0,0),(10,220,'date_start','vtiger_activity',1,'6','date_start','Date & Time Sent',1,0,'',100,1,21,1,'DT~M~time_start~Time Start',1,NULL,'BAS',1,NULL,0,0,0),(10,221,'semodule','vtiger_activity',1,'2','parent_type','Sales Enity Module',1,0,'',100,2,21,3,'',1,NULL,'BAS',1,NULL,0,0,0),(10,222,'activitytype','vtiger_activity',1,'2','activitytype','Activtiy Type',1,0,'',100,3,21,3,'V~O',1,NULL,'BAS',1,NULL,0,0,0),(10,223,'smownerid','vtiger_crmentity',1,'53','assigned_user_id','Assigned To',1,0,'',100,5,21,1,'V~M',1,NULL,'BAS',1,NULL,0,0,0),(10,224,'subject','vtiger_activity',1,'2','subject','Subject',1,0,'',100,1,23,1,'V~M',1,NULL,'BAS',1,NULL,0,0,0),(10,225,'name','vtiger_attachments',1,'61','filename','Attachment',1,0,'',100,2,23,1,'V~O',1,NULL,'BAS',1,NULL,0,0,0),(10,226,'description','vtiger_crmentity',1,'19','description','Description',1,0,'',100,1,24,1,'V~O',1,NULL,'BAS',1,NULL,0,0,0),(10,227,'time_start','vtiger_activity',1,'2','time_start','Time Start',1,0,'',100,9,23,1,'T~O',1,NULL,'BAS',1,NULL,0,0,0),(10,228,'createdtime','vtiger_crmentity',1,'70','createdtime','Created Time',1,0,'',100,10,22,1,'DT~O',3,NULL,'BAS',0,NULL,0,0,0),(10,229,'modifiedtime','vtiger_crmentity',1,'70','modifiedtime','Modified Time',1,0,'',100,11,21,2,'DT~O',3,NULL,'BAS',0,NULL,0,0,0),(10,230,'access_count','vtiger_email_track',1,'25','access_count','Access Count',1,0,'0',100,6,21,3,'I~O',1,NULL,'BAS',0,NULL,0,0,0),(10,231,'modifiedby','vtiger_crmentity',1,'52','modifiedby','Last Modified By',1,0,'',100,12,21,3,'V~O',3,NULL,'BAS',0,NULL,0,0,0),(9,232,'subject','vtiger_activity',1,'2','subject','Subject',1,0,'',100,1,19,1,'V~M',0,1,'BAS',1,NULL,1,0,0),(9,233,'smownerid','vtiger_crmentity',1,'53','assigned_user_id','Assigned To',1,0,'',100,2,19,1,'V~M',0,4,'BAS',1,NULL,1,0,0),(9,234,'date_start','vtiger_activity',1,'6','date_start','Start Date & Time',1,0,'',100,3,19,1,'DT~M~time_start',0,2,'BAS',1,NULL,1,0,0),(9,235,'time_start','vtiger_activity',1,'2','time_start','Time Start',1,0,'',100,4,19,3,'T~M',1,NULL,'BAS',1,NULL,1,0,0),(9,236,'time_end','vtiger_activity',1,'2','time_end','End Time',1,0,'',100,4,19,3,'T~O',1,NULL,'BAS',1,NULL,1,0,0),(9,237,'due_date','vtiger_activity',1,'23','due_date','Due Date',1,0,'',100,5,19,1,'D~M~OTH~GE~date_start~Start Date & Time',1,NULL,'BAS',1,NULL,1,0,0),(9,238,'crmid','vtiger_seactivityrel',1,'66','parent_id','Related To',1,0,'',100,7,19,1,'I~O',1,NULL,'BAS',1,NULL,1,0,0),(9,239,'contactid','vtiger_cntactivityrel',1,'57','contact_id','Contact Name',1,0,'',100,8,19,1,'I~O',1,NULL,'BAS',1,NULL,0,0,0),(9,240,'status','vtiger_activity',1,'15','taskstatus','Status',1,0,'',100,8,19,1,'V~M',0,3,'BAS',1,NULL,0,0,0),(9,241,'eventstatus','vtiger_activity',1,'15','eventstatus','Status',1,0,'',100,9,19,3,'V~O',1,NULL,'BAS',1,NULL,0,0,0),(9,242,'priority','vtiger_activity',1,'15','taskpriority','Priority',1,0,'',100,10,19,1,'V~O',1,NULL,'BAS',1,NULL,0,0,0),(9,243,'sendnotification','vtiger_activity',1,'56','sendnotification','Send Notification',1,0,'',100,11,19,1,'C~O',1,NULL,'BAS',1,NULL,0,0,0),(9,244,'createdtime','vtiger_crmentity',1,'70','createdtime','Created Time',1,0,'',100,14,19,2,'DT~O',3,NULL,'BAS',0,NULL,0,0,0),(9,245,'modifiedtime','vtiger_crmentity',1,'70','modifiedtime','Modified Time',1,0,'',100,15,19,2,'DT~O',3,NULL,'BAS',0,NULL,0,0,0),(9,246,'activitytype','vtiger_activity',1,'15','activitytype','Activity Type',1,0,'',100,16,19,3,'V~O',1,NULL,'BAS',1,NULL,1,0,0),(9,247,'visibility','vtiger_activity',1,'16','visibility','Visibility',1,0,'',100,17,19,3,'V~O',1,NULL,'BAS',1,NULL,0,0,0),(9,248,'description','vtiger_crmentity',1,'19','description','Description',1,0,'',100,1,20,1,'V~O',1,NULL,'BAS',1,NULL,0,0,0),(9,249,'duration_hours','vtiger_activity',1,'63','duration_hours','Duration',1,0,'',100,17,19,3,'T~O',1,NULL,'BAS',1,NULL,0,0,0),(9,250,'duration_minutes','vtiger_activity',1,'16','duration_minutes','Duration Minutes',1,0,'',100,18,19,3,'T~O',1,NULL,'BAS',1,NULL,0,0,0),(9,251,'location','vtiger_activity',1,'1','location','Location',1,0,'',100,19,19,1,'V~O',1,NULL,'BAS',1,NULL,0,0,0),(9,252,'reminder_time','vtiger_activity_reminder',1,'30','reminder_time','Send Reminder',1,0,'',100,1,120,1,'I~O',1,NULL,'BAS',1,NULL,0,0,0),(9,253,'recurringtype','vtiger_activity',1,'16','recurringtype','Recurrence',1,0,'',100,6,19,3,'O~O',1,NULL,'BAS',1,NULL,1,0,0),(9,254,'notime','vtiger_activity',1,'56','notime','No Time',1,0,'',100,20,19,3,'C~O',1,NULL,'BAS',1,NULL,0,0,0),(9,255,'modifiedby','vtiger_crmentity',1,'52','modifiedby','Last Modified By',1,0,'',100,22,19,3,'V~O',3,NULL,'BAS',0,NULL,0,0,0),(16,256,'subject','vtiger_activity',1,'2','subject','Subject',1,0,'',100,1,39,1,'V~M',0,1,'BAS',1,NULL,1,0,0),(16,257,'smownerid','vtiger_crmentity',1,'53','assigned_user_id','Assigned To',1,0,'',100,2,39,1,'V~M',0,6,'BAS',1,NULL,1,0,0),(16,258,'date_start','vtiger_activity',1,'6','date_start','Start Date & Time',1,0,'',100,3,39,1,'DT~M~time_start',0,2,'BAS',1,NULL,1,0,0),(16,259,'time_start','vtiger_activity',1,'2','time_start','Time Start',1,0,'',100,4,39,3,'T~M',1,NULL,'BAS',1,NULL,1,0,0),(16,260,'due_date','vtiger_activity',1,'23','due_date','End Date',1,0,'',100,5,39,1,'D~M~OTH~GE~date_start~Start Date & Time',0,5,'BAS',1,NULL,1,0,0),(16,261,'time_end','vtiger_activity',1,'2','time_end','End Time',1,0,'',100,5,39,3,'T~M',1,NULL,'BAS',1,NULL,1,0,0),(16,262,'recurringtype','vtiger_activity',1,'16','recurringtype','Recurrence',1,0,'',100,6,117,1,'O~O',1,NULL,'BAS',1,NULL,1,0,0),(16,263,'duration_hours','vtiger_activity',1,'63','duration_hours','Duration',1,0,'',100,7,39,3,'I~M',1,NULL,'BAS',1,NULL,0,0,0),(16,264,'duration_minutes','vtiger_activity',1,'16','duration_minutes','Duration Minutes',1,0,'',100,8,39,3,'O~O',1,NULL,'BAS',1,NULL,0,0,0),(16,265,'crmid','vtiger_seactivityrel',1,'66','parent_id','Related To',1,0,'',100,9,119,1,'I~O',1,NULL,'BAS',1,NULL,1,0,0),(16,266,'eventstatus','vtiger_activity',1,'15','eventstatus','Status',1,0,'',100,10,39,1,'V~M',0,3,'BAS',1,NULL,0,0,0),(16,267,'sendnotification','vtiger_activity',1,'56','sendnotification','Send Notification',1,0,'',100,11,39,1,'C~O',1,NULL,'BAS',1,NULL,0,0,0),(16,268,'activitytype','vtiger_activity',1,'15','activitytype','Activity Type',1,0,'',100,12,39,1,'V~M',0,4,'BAS',1,NULL,1,0,0),(16,269,'location','vtiger_activity',1,'1','location','Location',1,0,'',100,13,39,1,'V~O',1,NULL,'BAS',1,NULL,0,0,0),(16,270,'createdtime','vtiger_crmentity',1,'70','createdtime','Created Time',1,0,'',100,14,39,2,'DT~O',3,NULL,'BAS',0,NULL,0,0,0),(16,271,'modifiedtime','vtiger_crmentity',1,'70','modifiedtime','Modified Time',1,0,'',100,15,39,2,'DT~O',3,NULL,'BAS',0,NULL,0,0,0),(16,272,'priority','vtiger_activity',1,'15','taskpriority','Priority',1,0,'',100,16,39,1,'V~O',1,NULL,'BAS',1,NULL,0,0,0),(16,273,'notime','vtiger_activity',1,'56','notime','No Time',1,0,'',100,17,39,3,'C~O',1,NULL,'BAS',1,NULL,0,0,0),(16,274,'visibility','vtiger_activity',1,'16','visibility','Visibility',1,0,'',100,18,39,1,'V~O',1,NULL,'BAS',1,NULL,0,0,0),(16,275,'modifiedby','vtiger_crmentity',1,'52','modifiedby','Last Modified By',1,0,'',100,22,39,3,'V~O',3,NULL,'BAS',0,NULL,0,0,0),(16,276,'description','vtiger_crmentity',1,'19','description','Description',1,0,'',100,1,41,1,'V~O',1,NULL,'BAS',1,NULL,0,0,0),(16,277,'reminder_time','vtiger_activity_reminder',1,'30','reminder_time','Send Reminder',1,0,'',100,1,40,1,'I~O',1,NULL,'BAS',1,NULL,0,0,0),(16,278,'contactid','vtiger_cntactivityrel',1,'57','contact_id','Contact Name',1,0,'',100,1,119,1,'I~O',1,NULL,'BAS',1,NULL,0,0,0),(15,279,'product_id','vtiger_faq',1,'59','product_id','Product Name',1,2,'',100,1,37,1,'I~O',3,NULL,'BAS',1,NULL,1,0,0),(15,280,'faq_no','vtiger_faq',1,'4','faq_no','Faq No',1,0,'',100,2,37,1,'V~O',3,NULL,'BAS',0,NULL,0,0,0),(15,281,'category','vtiger_faq',1,'15','faqcategories','Category',1,2,'',100,4,37,1,'V~O',3,NULL,'BAS',1,NULL,1,0,0),(15,282,'status','vtiger_faq',1,'15','faqstatus','Status',1,2,'',100,3,37,1,'V~M',3,NULL,'BAS',1,NULL,0,0,0),(15,283,'question','vtiger_faq',1,'20','question','Question',1,2,'',100,7,37,1,'V~M',3,NULL,'BAS',1,NULL,1,0,0),(15,284,'answer','vtiger_faq',1,'20','faq_answer','Answer',1,2,'',100,8,37,1,'V~M',3,NULL,'BAS',1,NULL,0,0,0),(15,285,'comments','vtiger_faqcomments',1,'19','comments','Add Comment',1,1,'',100,1,38,1,'V~O',3,NULL,'BAS',0,NULL,0,0,0),(15,286,'createdtime','vtiger_crmentity',1,'70','createdtime','Created Time',1,0,'',100,5,37,2,'DT~O',3,NULL,'BAS',0,NULL,1,0,0),(15,287,'modifiedtime','vtiger_crmentity',1,'70','modifiedtime','Modified Time',1,0,'',100,6,37,2,'DT~O',3,NULL,'BAS',0,NULL,1,0,0),(15,288,'modifiedby','vtiger_crmentity',1,'52','modifiedby','Last Modified By',1,0,'',100,7,37,3,'V~O',3,NULL,'BAS',0,NULL,0,0,0),(18,289,'vendorname','vtiger_vendor',1,'2','vendorname','Vendor Name',1,0,'',100,1,42,1,'V~M',0,1,'BAS',1,NULL,1,0,0),(18,290,'vendor_no','vtiger_vendor',1,'4','vendor_no','Vendor No',1,0,'',100,2,42,1,'V~O',3,NULL,'BAS',0,NULL,0,0,0),(18,291,'phone','vtiger_vendor',1,'1','phone','Phone',1,2,'',100,4,42,1,'V~O',2,2,'BAS',1,NULL,0,1,0),(18,292,'email','vtiger_vendor',1,'13','email','Email',1,2,'',100,3,42,1,'E~O',2,3,'BAS',1,NULL,0,1,0),(18,293,'website','vtiger_vendor',1,'17','website','Website',1,2,'',100,6,42,1,'V~O',1,NULL,'BAS',1,NULL,0,1,0),(18,294,'glacct','vtiger_vendor',1,'15','glacct','GL Account',1,2,'',100,5,42,1,'V~O',1,NULL,'BAS',1,NULL,0,0,0),(18,295,'category','vtiger_vendor',1,'1','category','Category',1,2,'',100,8,42,1,'V~O',1,NULL,'BAS',1,NULL,1,0,0),(18,296,'createdtime','vtiger_crmentity',1,'70','createdtime','Created Time',1,0,'',100,7,42,2,'DT~O',3,NULL,'BAS',0,NULL,0,0,0),(18,297,'modifiedtime','vtiger_crmentity',1,'70','modifiedtime','Modified Time',1,0,'',100,9,42,2,'DT~O',3,NULL,'BAS',0,NULL,0,0,0),(18,298,'modifiedby','vtiger_crmentity',1,'52','modifiedby','Last Modified By',1,0,'',100,12,42,3,'V~O',3,NULL,'BAS',0,NULL,0,0,0),(18,299,'street','vtiger_vendor',1,'21','street','Street',1,2,'',100,1,44,1,'V~O',1,NULL,'ADV',1,NULL,0,0,0),(18,300,'pobox','vtiger_vendor',1,'1','pobox','Po Box',1,2,'',100,2,44,1,'V~O',1,NULL,'ADV',1,NULL,0,0,0),(18,301,'city','vtiger_vendor',1,'1','city','City',1,2,'',100,3,44,1,'V~O',1,NULL,'ADV',1,NULL,0,0,0),(18,302,'state','vtiger_vendor',1,'1','state','State',1,2,'',100,4,44,1,'V~O',1,NULL,'ADV',1,NULL,0,0,0),(18,303,'postalcode','vtiger_vendor',1,'1','postalcode','Postal Code',1,2,'',100,5,44,1,'V~O',1,NULL,'ADV',1,NULL,0,0,0),(18,304,'country','vtiger_vendor',1,'1','country','Country',1,2,'',100,6,44,1,'V~O',1,NULL,'ADV',1,NULL,0,0,0),(18,305,'description','vtiger_crmentity',1,'19','description','Description',1,2,'',100,1,45,1,'V~O',1,NULL,'ADV',1,NULL,0,0,0),(19,306,'bookname','vtiger_pricebook',1,'2','bookname','Price Book Name',1,0,'',100,1,46,1,'V~M',0,1,'BAS',1,NULL,1,0,0),(19,307,'pricebook_no','vtiger_pricebook',1,'4','pricebook_no','PriceBook No',1,0,'',100,3,46,1,'V~O',3,NULL,'BAS',0,NULL,0,0,0),(19,308,'active','vtiger_pricebook',1,'56','active','Active',1,2,'1',100,2,46,1,'C~O',2,2,'BAS',1,NULL,1,0,0),(19,309,'createdtime','vtiger_crmentity',1,'70','createdtime','Created Time',1,0,'',100,4,46,2,'DT~O',3,NULL,'BAS',0,NULL,0,0,0),(19,310,'modifiedtime','vtiger_crmentity',1,'70','modifiedtime','Modified Time',1,0,'',100,5,46,2,'DT~O',3,NULL,'BAS',0,NULL,0,0,0),(19,311,'currency_id','vtiger_pricebook',1,'117','currency_id','Currency',1,0,'',100,5,46,1,'I~M',0,3,'BAS',0,NULL,0,0,0),(19,312,'modifiedby','vtiger_crmentity',1,'52','modifiedby','Last Modified By',1,0,'',100,7,46,3,'V~O',3,NULL,'BAS',0,NULL,0,0,0),(19,313,'description','vtiger_crmentity',1,'19','description','Description',1,2,'',100,1,48,1,'V~O',1,NULL,'BAS',1,NULL,0,0,0),(20,314,'quote_no','vtiger_quotes',1,'4','quote_no','Quote No',1,0,'',100,3,49,1,'V~O',3,NULL,'BAS',0,NULL,1,0,0),(20,315,'subject','vtiger_quotes',1,'2','subject','Subject',1,0,'',100,1,49,1,'V~M',1,NULL,'BAS',1,NULL,1,0,0),(20,316,'potentialid','vtiger_quotes',1,'76','potential_id','Potential Name',1,2,'',100,2,49,1,'I~O',3,NULL,'BAS',1,NULL,1,0,0),(20,317,'quotestage','vtiger_quotes',1,'15','quotestage','Quote Stage',1,2,'',100,4,49,1,'V~M',3,NULL,'BAS',1,NULL,0,1,0),(20,318,'validtill','vtiger_quotes',1,'5','validtill','Valid Till',1,2,'',100,5,49,1,'D~O',3,NULL,'BAS',1,NULL,0,0,0),(20,319,'contactid','vtiger_quotes',1,'57','contact_id','Contact Name',1,2,'',100,6,49,1,'V~O',3,NULL,'BAS',1,NULL,0,1,0),(20,320,'carrier','vtiger_quotes',1,'15','carrier','Carrier',1,2,'',100,8,49,1,'V~O',3,NULL,'BAS',1,NULL,0,0,0),(20,321,'subtotal','vtiger_quotes',1,'72','hdnSubTotal','Sub Total',1,2,'',100,9,49,3,'N~O',3,NULL,'BAS',1,NULL,0,0,0),(20,322,'shipping','vtiger_quotes',1,'1','shipping','Shipping',1,2,'',100,10,49,1,'V~O',3,NULL,'BAS',1,NULL,0,0,0),(20,323,'inventorymanager','vtiger_quotes',1,'77','assigned_user_id1','Inventory Manager',1,2,'',100,11,49,1,'I~O',3,NULL,'BAS',1,NULL,0,0,0),(20,324,'adjustment','vtiger_quotes',1,'72','txtAdjustment','Adjustment',1,2,'',100,20,49,3,'NN~O',3,NULL,'BAS',1,NULL,0,0,0),(20,325,'total','vtiger_quotes',1,'72','hdnGrandTotal','Total',1,2,'',100,14,49,3,'N~O',3,NULL,'BAS',1,NULL,0,1,0),(20,326,'taxtype','vtiger_quotes',1,'16','hdnTaxType','Tax Type',1,2,'',100,14,49,3,'V~O',3,NULL,'BAS',1,NULL,0,0,0),(20,327,'discount_percent','vtiger_quotes',1,'1','hdnDiscountPercent','Discount Percent',1,2,'',100,14,116,5,'N~O',3,NULL,'BAS',1,NULL,0,0,0),(20,328,'discount_amount','vtiger_quotes',1,'72','hdnDiscountAmount','Discount Amount',1,2,'',100,14,116,5,'N~O',3,NULL,'BAS',1,NULL,0,0,0),(20,329,'s_h_amount','vtiger_quotes',1,'72','hdnS_H_Amount','S&H Amount',1,2,'',100,14,49,3,'N~O',3,NULL,'BAS',1,NULL,0,0,0),(20,330,'accountid','vtiger_quotes',1,'73','account_id','Account Name',1,2,'',100,16,49,1,'I~M',3,NULL,'BAS',1,NULL,0,1,0),(20,331,'smownerid','vtiger_crmentity',1,'53','assigned_user_id','Assigned To',1,0,'',100,17,49,1,'V~M',3,NULL,'BAS',1,NULL,1,0,0),(20,332,'createdtime','vtiger_crmentity',1,'70','createdtime','Created Time',1,0,'',100,18,49,2,'DT~O',3,NULL,'BAS',0,NULL,0,0,0),(20,333,'modifiedtime','vtiger_crmentity',1,'70','modifiedtime','Modified Time',1,0,'',100,19,49,2,'DT~O',3,NULL,'BAS',0,NULL,0,0,0),(20,334,'modifiedby','vtiger_crmentity',1,'52','modifiedby','Last Modified By',1,0,'',100,22,49,3,'V~O',3,NULL,'BAS',0,NULL,0,0,0),(20,335,'currency_id','vtiger_quotes',1,'117','currency_id','Currency',1,2,'1',100,20,49,3,'I~O',3,NULL,'BAS',1,NULL,0,0,0),(20,336,'conversion_rate','vtiger_quotes',1,'1','conversion_rate','Conversion Rate',1,2,'1',100,21,49,3,'N~O',3,NULL,'BAS',1,NULL,0,0,0),(20,337,'bill_street','vtiger_quotesbillads',1,'24','bill_street','Billing Address',1,2,'',100,1,51,1,'V~M',3,NULL,'BAS',1,NULL,0,0,0),(20,338,'ship_street','vtiger_quotesshipads',1,'24','ship_street','Shipping Address',1,2,'',100,2,51,1,'V~M',3,NULL,'BAS',1,NULL,0,0,0),(20,339,'bill_city','vtiger_quotesbillads',1,'1','bill_city','Billing City',1,2,'',100,5,51,1,'V~O',3,NULL,'BAS',1,NULL,0,0,0),(20,340,'ship_city','vtiger_quotesshipads',1,'1','ship_city','Shipping City',1,2,'',100,6,51,1,'V~O',3,NULL,'BAS',1,NULL,0,0,0),(20,341,'bill_state','vtiger_quotesbillads',1,'1','bill_state','Billing State',1,2,'',100,7,51,1,'V~O',3,NULL,'BAS',1,NULL,0,0,0),(20,342,'ship_state','vtiger_quotesshipads',1,'1','ship_state','Shipping State',1,2,'',100,8,51,1,'V~O',3,NULL,'BAS',1,NULL,0,0,0),(20,343,'bill_code','vtiger_quotesbillads',1,'1','bill_code','Billing Code',1,2,'',100,9,51,1,'V~O',3,NULL,'BAS',1,NULL,0,0,0),(20,344,'ship_code','vtiger_quotesshipads',1,'1','ship_code','Shipping Code',1,2,'',100,10,51,1,'V~O',3,NULL,'BAS',1,NULL,0,0,0),(20,345,'bill_country','vtiger_quotesbillads',1,'1','bill_country','Billing Country',1,2,'',100,11,51,1,'V~O',3,NULL,'BAS',1,NULL,0,0,0),(20,346,'ship_country','vtiger_quotesshipads',1,'1','ship_country','Shipping Country',1,2,'',100,12,51,1,'V~O',3,NULL,'BAS',1,NULL,0,0,0),(20,347,'bill_pobox','vtiger_quotesbillads',1,'1','bill_pobox','Billing Po Box',1,2,'',100,3,51,1,'V~O',3,NULL,'BAS',1,NULL,0,0,0),(20,348,'ship_pobox','vtiger_quotesshipads',1,'1','ship_pobox','Shipping Po Box',1,2,'',100,4,51,1,'V~O',3,NULL,'BAS',1,NULL,0,0,0),(20,349,'description','vtiger_crmentity',1,'19','description','Description',1,2,'',100,1,54,1,'V~O',3,NULL,'ADV',1,NULL,0,0,0),(20,350,'terms_conditions','vtiger_quotes',1,'19','terms_conditions','Terms & Conditions',1,2,'',100,1,53,1,'V~O',3,NULL,'ADV',1,NULL,0,0,0),(21,351,'purchaseorder_no','vtiger_purchaseorder',1,'4','purchaseorder_no','PurchaseOrder No',1,0,'',100,2,55,1,'V~O',3,NULL,'BAS',0,NULL,1,0,0),(21,352,'subject','vtiger_purchaseorder',1,'2','subject','Subject',1,0,'',100,1,55,1,'V~M',3,NULL,'BAS',1,NULL,1,0,0),(21,353,'vendorid','vtiger_purchaseorder',1,'81','vendor_id','Vendor Name',1,0,'',100,3,55,1,'I~M',3,NULL,'BAS',1,NULL,1,0,0),(21,354,'requisition_no','vtiger_purchaseorder',1,'1','requisition_no','Requisition No',1,2,'',100,4,55,1,'V~O',3,NULL,'BAS',1,NULL,0,0,0),(21,355,'tracking_no','vtiger_purchaseorder',1,'1','tracking_no','Tracking Number',1,2,'',100,5,55,1,'V~O',3,NULL,'BAS',1,NULL,1,0,0),(21,356,'contactid','vtiger_purchaseorder',1,'57','contact_id','Contact Name',1,2,'',100,6,55,1,'I~O',3,NULL,'BAS',1,NULL,0,1,0),(21,357,'duedate','vtiger_purchaseorder',1,'5','duedate','Due Date',1,2,'',100,7,55,1,'D~O',3,NULL,'BAS',1,NULL,0,0,0),(21,358,'carrier','vtiger_purchaseorder',1,'15','carrier','Carrier',1,2,'',100,8,55,1,'V~O',3,NULL,'BAS',1,NULL,0,0,0),(21,359,'adjustment','vtiger_purchaseorder',1,'72','txtAdjustment','Adjustment',1,2,'',100,10,55,3,'NN~O',3,NULL,'BAS',1,NULL,0,0,0),(21,360,'salescommission','vtiger_purchaseorder',1,'1','salescommission','Sales Commission',1,2,'',100,11,55,1,'N~O',3,NULL,'BAS',1,NULL,0,0,0),(21,361,'exciseduty','vtiger_purchaseorder',1,'1','exciseduty','Excise Duty',1,2,'',100,12,55,1,'N~O',3,NULL,'BAS',1,NULL,0,0,0),(21,362,'total','vtiger_purchaseorder',1,'72','hdnGrandTotal','Total',1,2,'',100,13,55,3,'N~O',3,NULL,'BAS',1,NULL,1,0,0),(21,363,'subtotal','vtiger_purchaseorder',1,'72','hdnSubTotal','Sub Total',1,2,'',100,14,55,3,'N~O',3,NULL,'BAS',1,NULL,0,0,0),(21,364,'taxtype','vtiger_purchaseorder',1,'16','hdnTaxType','Tax Type',1,2,'',100,14,55,3,'V~O',3,NULL,'BAS',1,NULL,0,0,0),(21,365,'discount_percent','vtiger_purchaseorder',1,'1','hdnDiscountPercent','Discount Percent',1,2,'',100,14,115,5,'N~O',3,NULL,'BAS',1,NULL,0,0,0),(21,366,'discount_amount','vtiger_purchaseorder',1,'72','hdnDiscountAmount','Discount Amount',1,0,'',100,14,115,5,'N~O',3,NULL,'BAS',1,NULL,0,0,0),(21,367,'s_h_amount','vtiger_purchaseorder',1,'72','hdnS_H_Amount','S&H Amount',1,2,'',100,14,55,3,'N~O',3,NULL,'BAS',1,NULL,0,0,0),(21,368,'postatus','vtiger_purchaseorder',1,'15','postatus','Status',1,2,'',100,15,55,1,'V~M',3,NULL,'BAS',1,NULL,0,1,0),(21,369,'smownerid','vtiger_crmentity',1,'53','assigned_user_id','Assigned To',1,0,'',100,16,55,1,'V~M',3,NULL,'BAS',1,NULL,0,1,0),(21,370,'createdtime','vtiger_crmentity',1,'70','createdtime','Created Time',1,0,'',100,17,55,2,'DT~O',3,NULL,'BAS',0,NULL,0,0,0),(21,371,'modifiedtime','vtiger_crmentity',1,'70','modifiedtime','Modified Time',1,0,'',100,18,55,2,'DT~O',3,NULL,'BAS',0,NULL,0,0,0),(21,372,'modifiedby','vtiger_crmentity',1,'52','modifiedby','Last Modified By',1,0,'',100,22,55,3,'V~O',3,NULL,'BAS',0,NULL,0,0,0),(21,373,'currency_id','vtiger_purchaseorder',1,'117','currency_id','Currency',1,2,'1',100,19,55,3,'I~O',3,NULL,'BAS',1,NULL,0,0,0),(21,374,'conversion_rate','vtiger_purchaseorder',1,'1','conversion_rate','Conversion Rate',1,2,'1',100,20,55,3,'N~O',3,NULL,'BAS',1,NULL,0,0,0),(21,375,'bill_street','vtiger_pobillads',1,'24','bill_street','Billing Address',1,2,'',100,1,57,1,'V~M',3,NULL,'BAS',1,NULL,0,0,0),(21,376,'ship_street','vtiger_poshipads',1,'24','ship_street','Shipping Address',1,2,'',100,2,57,1,'V~M',3,NULL,'BAS',1,NULL,0,0,0),(21,377,'bill_city','vtiger_pobillads',1,'1','bill_city','Billing City',1,2,'',100,5,57,1,'V~O',3,NULL,'BAS',1,NULL,0,0,0),(21,378,'ship_city','vtiger_poshipads',1,'1','ship_city','Shipping City',1,2,'',100,6,57,1,'V~O',3,NULL,'BAS',1,NULL,0,0,0),(21,379,'bill_state','vtiger_pobillads',1,'1','bill_state','Billing State',1,2,'',100,7,57,1,'V~O',3,NULL,'BAS',1,NULL,0,0,0),(21,380,'ship_state','vtiger_poshipads',1,'1','ship_state','Shipping State',1,2,'',100,8,57,1,'V~O',3,NULL,'BAS',1,NULL,0,0,0),(21,381,'bill_code','vtiger_pobillads',1,'1','bill_code','Billing Code',1,2,'',100,9,57,1,'V~O',3,NULL,'BAS',1,NULL,0,0,0),(21,382,'ship_code','vtiger_poshipads',1,'1','ship_code','Shipping Code',1,2,'',100,10,57,1,'V~O',3,NULL,'BAS',1,NULL,0,0,0),(21,383,'bill_country','vtiger_pobillads',1,'1','bill_country','Billing Country',1,2,'',100,11,57,1,'V~O',3,NULL,'BAS',1,NULL,0,0,0),(21,384,'ship_country','vtiger_poshipads',1,'1','ship_country','Shipping Country',1,2,'',100,12,57,1,'V~O',3,NULL,'BAS',1,NULL,0,0,0),(21,385,'bill_pobox','vtiger_pobillads',1,'1','bill_pobox','Billing Po Box',1,2,'',100,3,57,1,'V~O',3,NULL,'BAS',1,NULL,0,0,0),(21,386,'ship_pobox','vtiger_poshipads',1,'1','ship_pobox','Shipping Po Box',1,2,'',100,4,57,1,'V~O',3,NULL,'BAS',1,NULL,0,0,0),(21,387,'description','vtiger_crmentity',1,'19','description','Description',1,2,'',100,1,60,1,'V~O',3,NULL,'ADV',1,NULL,0,0,0),(21,388,'terms_conditions','vtiger_purchaseorder',1,'19','terms_conditions','Terms & Conditions',1,2,'',100,1,59,1,'V~O',3,NULL,'ADV',1,NULL,0,0,0),(22,389,'salesorder_no','vtiger_salesorder',1,'4','salesorder_no','SalesOrder No',1,0,'',100,4,61,1,'V~O',3,NULL,'BAS',0,NULL,1,0,0),(22,390,'subject','vtiger_salesorder',1,'2','subject','Subject',1,0,'',100,1,61,1,'V~M',3,NULL,'BAS',1,NULL,1,0,0),(22,391,'potentialid','vtiger_salesorder',1,'76','potential_id','Potential Name',1,2,'',100,2,61,1,'I~O',3,NULL,'BAS',1,NULL,0,0,0),(22,392,'customerno','vtiger_salesorder',1,'1','customerno','Customer No',1,2,'',100,3,61,1,'V~O',3,NULL,'BAS',1,NULL,0,0,0),(22,393,'quoteid','vtiger_salesorder',1,'78','quote_id','Quote Name',1,2,'',100,5,61,1,'I~O',3,NULL,'BAS',0,NULL,1,0,0),(22,394,'purchaseorder','vtiger_salesorder',1,'1','vtiger_purchaseorder','Purchase Order',1,2,'',100,5,61,1,'V~O',3,NULL,'BAS',1,NULL,0,0,0),(22,395,'contactid','vtiger_salesorder',1,'57','contact_id','Contact Name',1,2,'',100,6,61,1,'I~O',3,NULL,'BAS',1,NULL,0,1,0),(22,396,'duedate','vtiger_salesorder',1,'5','duedate','Due Date',1,2,'',100,8,61,1,'D~O',3,NULL,'BAS',1,NULL,0,0,0),(22,397,'carrier','vtiger_salesorder',1,'15','carrier','Carrier',1,2,'',100,9,61,1,'V~O',3,NULL,'BAS',1,NULL,0,0,0),(22,398,'pending','vtiger_salesorder',1,'1','pending','Pending',1,2,'',100,10,61,1,'V~O',3,NULL,'BAS',1,NULL,0,0,0),(22,399,'sostatus','vtiger_salesorder',1,'15','sostatus','Status',1,2,'',100,11,61,1,'V~M',3,NULL,'BAS',1,NULL,0,1,0),(22,400,'adjustment','vtiger_salesorder',1,'72','txtAdjustment','Adjustment',1,2,'',100,12,61,3,'NN~O',3,NULL,'BAS',1,NULL,0,0,0),(22,401,'salescommission','vtiger_salesorder',1,'1','salescommission','Sales Commission',1,2,'',100,13,61,1,'N~O',3,NULL,'BAS',1,NULL,0,0,0),(22,402,'exciseduty','vtiger_salesorder',1,'1','exciseduty','Excise Duty',1,2,'',100,13,61,1,'N~O',3,NULL,'BAS',1,NULL,0,0,0),(22,403,'total','vtiger_salesorder',1,'72','hdnGrandTotal','Total',1,2,'',100,14,61,3,'N~O',3,NULL,'BAS',1,NULL,1,0,0),(22,404,'subtotal','vtiger_salesorder',1,'72','hdnSubTotal','Sub Total',1,2,'',100,15,61,3,'N~O',3,NULL,'BAS',1,NULL,0,0,0),(22,405,'taxtype','vtiger_salesorder',1,'16','hdnTaxType','Tax Type',1,2,'',100,15,61,3,'V~O',3,NULL,'BAS',1,NULL,0,0,0),(22,406,'discount_percent','vtiger_salesorder',1,'1','hdnDiscountPercent','Discount Percent',1,2,'',100,15,114,5,'N~O',3,NULL,'BAS',1,NULL,0,0,0),(22,407,'discount_amount','vtiger_salesorder',1,'72','hdnDiscountAmount','Discount Amount',1,0,'',100,15,114,5,'N~O',3,NULL,'BAS',1,NULL,0,0,0),(22,408,'s_h_amount','vtiger_salesorder',1,'72','hdnS_H_Amount','S&H Amount',1,2,'',100,15,61,3,'N~O',3,NULL,'BAS',1,NULL,0,0,0),(22,409,'accountid','vtiger_salesorder',1,'73','account_id','Account Name',1,2,'',100,16,61,1,'I~M',3,NULL,'BAS',1,NULL,0,1,0),(22,410,'smownerid','vtiger_crmentity',1,'53','assigned_user_id','Assigned To',1,0,'',100,17,61,1,'V~M',3,NULL,'BAS',1,NULL,0,1,0),(22,411,'createdtime','vtiger_crmentity',1,'70','createdtime','Created Time',1,0,'',100,18,61,2,'DT~O',3,NULL,'BAS',0,NULL,0,0,0),(22,412,'modifiedtime','vtiger_crmentity',1,'70','modifiedtime','Modified Time',1,0,'',100,19,61,2,'DT~O',3,NULL,'BAS',0,NULL,0,0,0),(22,413,'modifiedby','vtiger_crmentity',1,'52','modifiedby','Last Modified By',1,0,'',100,22,61,3,'V~O',3,NULL,'BAS',0,NULL,0,0,0),(22,414,'currency_id','vtiger_salesorder',1,'117','currency_id','Currency',1,2,'1',100,20,61,3,'I~O',3,NULL,'BAS',1,NULL,0,0,0),(22,415,'conversion_rate','vtiger_salesorder',1,'1','conversion_rate','Conversion Rate',1,2,'1',100,21,61,3,'N~O',3,NULL,'BAS',1,NULL,0,0,0),(22,416,'bill_street','vtiger_sobillads',1,'24','bill_street','Billing Address',1,2,'',100,1,63,1,'V~M',3,NULL,'BAS',1,NULL,0,0,0),(22,417,'ship_street','vtiger_soshipads',1,'24','ship_street','Shipping Address',1,2,'',100,2,63,1,'V~M',3,NULL,'BAS',1,NULL,0,0,0),(22,418,'bill_city','vtiger_sobillads',1,'1','bill_city','Billing City',1,2,'',100,5,63,1,'V~O',3,NULL,'BAS',1,NULL,0,0,0),(22,419,'ship_city','vtiger_soshipads',1,'1','ship_city','Shipping City',1,2,'',100,6,63,1,'V~O',3,NULL,'BAS',1,NULL,0,0,0),(22,420,'bill_state','vtiger_sobillads',1,'1','bill_state','Billing State',1,2,'',100,7,63,1,'V~O',3,NULL,'BAS',1,NULL,0,0,0),(22,421,'ship_state','vtiger_soshipads',1,'1','ship_state','Shipping State',1,2,'',100,8,63,1,'V~O',3,NULL,'BAS',1,NULL,0,0,0),(22,422,'bill_code','vtiger_sobillads',1,'1','bill_code','Billing Code',1,2,'',100,9,63,1,'V~O',3,NULL,'BAS',1,NULL,0,0,0),(22,423,'ship_code','vtiger_soshipads',1,'1','ship_code','Shipping Code',1,2,'',100,10,63,1,'V~O',3,NULL,'BAS',1,NULL,0,0,0),(22,424,'bill_country','vtiger_sobillads',1,'1','bill_country','Billing Country',1,2,'',100,11,63,1,'V~O',3,NULL,'BAS',1,NULL,0,0,0),(22,425,'ship_country','vtiger_soshipads',1,'1','ship_country','Shipping Country',1,2,'',100,12,63,1,'V~O',3,NULL,'BAS',1,NULL,0,0,0),(22,426,'bill_pobox','vtiger_sobillads',1,'1','bill_pobox','Billing Po Box',1,2,'',100,3,63,1,'V~O',3,NULL,'BAS',1,NULL,0,0,0),(22,427,'ship_pobox','vtiger_soshipads',1,'1','ship_pobox','Shipping Po Box',1,2,'',100,4,63,1,'V~O',3,NULL,'BAS',1,NULL,0,0,0),(22,428,'description','vtiger_crmentity',1,'19','description','Description',1,2,'',100,1,66,1,'V~O',3,NULL,'ADV',1,NULL,0,0,0),(22,429,'terms_conditions','vtiger_salesorder',1,'19','terms_conditions','Terms & Conditions',1,2,'',100,1,65,1,'V~O',3,NULL,'ADV',1,NULL,0,0,0),(22,430,'enable_recurring','vtiger_salesorder',1,'56','enable_recurring','Enable Recurring',1,0,'',100,1,85,1,'C~O',3,NULL,'BAS',0,NULL,0,0,0),(22,431,'recurring_frequency','vtiger_invoice_recurring_info',1,'16','recurring_frequency','Frequency',1,0,'',100,2,85,1,'V~O',3,NULL,'BAS',0,NULL,0,0,0),(22,432,'start_period','vtiger_invoice_recurring_info',1,'5','start_period','Start Period',1,0,'',100,3,85,1,'D~O',3,NULL,'BAS',0,NULL,0,0,0),(22,433,'end_period','vtiger_invoice_recurring_info',1,'5','end_period','End Period',1,0,'',100,4,85,1,'D~O~OTH~G~start_period~Start Period',3,NULL,'BAS',0,NULL,0,0,0),(22,434,'payment_duration','vtiger_invoice_recurring_info',1,'16','payment_duration','Payment Duration',1,0,'',100,5,85,1,'V~O',3,NULL,'BAS',0,NULL,0,0,0),(22,435,'invoice_status','vtiger_invoice_recurring_info',1,'15','invoicestatus','Invoice Status',1,0,'',100,6,85,1,'V~M',3,NULL,'BAS',0,NULL,0,0,0),(23,436,'subject','vtiger_invoice',1,'2','subject','Subject',1,0,'',100,1,67,1,'V~M',3,NULL,'BAS',1,NULL,1,0,0),(23,437,'salesorderid','vtiger_invoice',1,'80','salesorder_id','Sales Order',1,2,'',100,2,67,1,'I~O',3,NULL,'BAS',0,NULL,1,0,0),(23,438,'customerno','vtiger_invoice',1,'1','customerno','Customer No',1,2,'',100,3,67,1,'V~O',3,NULL,'BAS',1,NULL,0,0,0),(23,439,'contactid','vtiger_invoice',1,'57','contact_id','Contact Name',1,2,'',100,4,67,1,'I~O',3,NULL,'BAS',1,NULL,0,1,0),(23,440,'invoicedate','vtiger_invoice',1,'5','invoicedate','Invoice Date',1,2,'',100,5,67,1,'D~O',3,NULL,'BAS',1,NULL,0,0,0),(23,441,'duedate','vtiger_invoice',1,'5','duedate','Due Date',1,2,'',100,6,67,1,'D~O',3,NULL,'BAS',1,NULL,0,0,0),(23,442,'purchaseorder','vtiger_invoice',1,'1','vtiger_purchaseorder','Purchase Order',1,2,'',100,8,67,1,'V~O',3,NULL,'BAS',1,NULL,0,0,0),(23,443,'adjustment','vtiger_invoice',1,'72','txtAdjustment','Adjustment',1,2,'',100,9,67,3,'NN~O',3,NULL,'BAS',1,NULL,0,0,0),(23,444,'salescommission','vtiger_invoice',1,'1','salescommission','Sales Commission',1,2,'',10,13,67,1,'N~O',3,NULL,'BAS',1,NULL,0,0,0),(23,445,'exciseduty','vtiger_invoice',1,'1','exciseduty','Excise Duty',1,2,'',100,11,67,1,'N~O',3,NULL,'BAS',1,NULL,0,0,0),(23,446,'subtotal','vtiger_invoice',1,'72','hdnSubTotal','Sub Total',1,2,'',100,12,67,3,'N~O',3,NULL,'BAS',1,NULL,0,0,0),(23,447,'total','vtiger_invoice',1,'72','hdnGrandTotal','Total',1,2,'',100,13,67,3,'N~O',3,NULL,'BAS',1,NULL,1,0,0),(23,448,'taxtype','vtiger_invoice',1,'16','hdnTaxType','Tax Type',1,2,'',100,13,67,3,'V~O',3,NULL,'BAS',1,NULL,0,0,0),(23,449,'discount_percent','vtiger_invoice',1,'1','hdnDiscountPercent','Discount Percent',1,2,'',100,13,113,5,'N~O',3,NULL,'BAS',1,NULL,0,0,0),(23,450,'discount_amount','vtiger_invoice',1,'72','hdnDiscountAmount','Discount Amount',1,2,'',100,13,113,5,'N~O',3,NULL,'BAS',1,NULL,0,0,0),(23,451,'s_h_amount','vtiger_invoice',1,'72','hdnS_H_Amount','S&H Amount',1,2,'',100,14,69,3,'N~O',3,NULL,'BAS',1,NULL,0,0,0),(23,452,'accountid','vtiger_invoice',1,'73','account_id','Account Name',1,2,'',100,14,67,1,'I~M',3,NULL,'BAS',1,NULL,0,1,0),(23,453,'invoicestatus','vtiger_invoice',1,'15','invoicestatus','Status',1,2,'',100,15,67,1,'V~O',3,NULL,'BAS',1,NULL,0,1,0),(23,454,'smownerid','vtiger_crmentity',1,'53','assigned_user_id','Assigned To',1,0,'',100,16,67,1,'V~M',3,NULL,'BAS',1,NULL,0,1,0),(23,455,'createdtime','vtiger_crmentity',1,'70','createdtime','Created Time',1,0,'',100,17,67,2,'DT~O',3,NULL,'BAS',0,NULL,0,0,0),(23,456,'modifiedtime','vtiger_crmentity',1,'70','modifiedtime','Modified Time',1,0,'',100,18,67,2,'DT~O',3,NULL,'BAS',0,NULL,0,0,0),(23,457,'modifiedby','vtiger_crmentity',1,'52','modifiedby','Last Modified By',1,0,'',100,22,67,3,'V~O',3,NULL,'BAS',0,NULL,0,0,0),(23,458,'currency_id','vtiger_invoice',1,'117','currency_id','Currency',1,2,'1',100,19,67,3,'I~O',3,NULL,'BAS',1,NULL,0,0,0),(23,459,'conversion_rate','vtiger_invoice',1,'1','conversion_rate','Conversion Rate',1,2,'1',100,20,67,3,'N~O',3,NULL,'BAS',1,NULL,0,0,0),(23,460,'bill_street','vtiger_invoicebillads',1,'24','bill_street','Billing Address',1,2,'',100,1,69,1,'V~M',3,NULL,'BAS',1,NULL,0,0,0),(23,461,'ship_street','vtiger_invoiceshipads',1,'24','ship_street','Shipping Address',1,2,'',100,2,69,1,'V~M',3,NULL,'BAS',1,NULL,0,0,0),(23,462,'bill_city','vtiger_invoicebillads',1,'1','bill_city','Billing City',1,2,'',100,5,69,1,'V~O',3,NULL,'BAS',1,NULL,0,0,0),(23,463,'ship_city','vtiger_invoiceshipads',1,'1','ship_city','Shipping City',1,2,'',100,6,69,1,'V~O',3,NULL,'BAS',1,NULL,0,0,0),(23,464,'bill_state','vtiger_invoicebillads',1,'1','bill_state','Billing State',1,2,'',100,7,69,1,'V~O',3,NULL,'BAS',1,NULL,0,0,0),(23,465,'ship_state','vtiger_invoiceshipads',1,'1','ship_state','Shipping State',1,2,'',100,8,69,1,'V~O',3,NULL,'BAS',1,NULL,0,0,0),(23,466,'bill_code','vtiger_invoicebillads',1,'1','bill_code','Billing Code',1,2,'',100,9,69,1,'V~O',3,NULL,'BAS',1,NULL,0,0,0),(23,467,'ship_code','vtiger_invoiceshipads',1,'1','ship_code','Shipping Code',1,2,'',100,10,69,1,'V~O',3,NULL,'BAS',1,NULL,0,0,0),(23,468,'bill_country','vtiger_invoicebillads',1,'1','bill_country','Billing Country',1,2,'',100,11,69,1,'V~O',3,NULL,'BAS',1,NULL,0,0,0),(23,469,'ship_country','vtiger_invoiceshipads',1,'1','ship_country','Shipping Country',1,2,'',100,12,69,1,'V~O',3,NULL,'BAS',1,NULL,0,0,0),(23,470,'bill_pobox','vtiger_invoicebillads',1,'1','bill_pobox','Billing Po Box',1,2,'',100,3,69,1,'V~O',3,NULL,'BAS',1,NULL,0,0,0),(23,471,'ship_pobox','vtiger_invoiceshipads',1,'1','ship_pobox','Shipping Po Box',1,2,'',100,4,69,1,'V~O',3,NULL,'BAS',1,NULL,0,0,0),(23,472,'description','vtiger_crmentity',1,'19','description','Description',1,2,'',100,1,72,1,'V~O',3,NULL,'ADV',1,NULL,0,0,0),(23,473,'terms_conditions','vtiger_invoice',1,'19','terms_conditions','Terms & Conditions',1,2,'',100,1,71,1,'V~O',3,NULL,'ADV',1,NULL,0,0,0),(23,474,'invoice_no','vtiger_invoice',1,'4','invoice_no','Invoice No',1,0,'',100,3,67,1,'V~O',3,NULL,'BAS',0,NULL,1,0,0),(29,475,'user_name','vtiger_users',1,'106','user_name','User Name',1,0,'',11,1,77,1,'V~M',1,NULL,'BAS',1,NULL,0,0,0),(29,476,'is_admin','vtiger_users',1,'156','is_admin','Admin',1,0,'',3,7,77,1,'V~O',1,NULL,'BAS',1,NULL,0,0,0),(29,477,'user_password','vtiger_users',1,'99','user_password','Password',1,0,'',30,5,77,4,'P~M',1,NULL,'BAS',1,NULL,0,0,0),(29,478,'confirm_password','vtiger_users',1,'99','confirm_password','Confirm Password',1,0,'',30,6,77,4,'P~M',1,NULL,'BAS',1,NULL,0,0,0),(29,479,'first_name','vtiger_users',1,'1','first_name','First Name',1,0,'',30,3,77,1,'V~O',1,NULL,'BAS',1,NULL,0,0,0),(29,480,'last_name','vtiger_users',1,'2','last_name','Last Name',1,0,'',30,4,77,1,'V~M',1,NULL,'BAS',1,NULL,0,0,0),(29,481,'roleid','vtiger_user2role',1,'98','roleid','Role',1,0,'',200,8,77,1,'V~M',1,NULL,'BAS',1,NULL,0,0,0),(29,482,'email1','vtiger_users',1,'104','email1','Email',1,0,'',100,2,77,1,'E~M',1,NULL,'BAS',1,NULL,0,0,0),(29,483,'status','vtiger_users',1,'115','status','Status',1,0,'Active',100,10,77,1,'V~O',1,NULL,'BAS',1,NULL,0,0,0),(29,484,'activity_view','vtiger_users',1,'16','activity_view','Default Activity View',1,0,'',100,6,118,1,'V~O',1,NULL,'BAS',1,NULL,0,0,0),(29,485,'lead_view','vtiger_users',1,'16','lead_view','Default Lead View',1,0,'',100,9,77,1,'V~O',1,NULL,'BAS',1,NULL,0,0,0),(29,486,'hour_format','vtiger_users',1,'16','hour_format','Calendar Hour Format',1,0,'12',100,4,118,1,'V~O',1,NULL,'BAS',1,NULL,0,0,0),(29,487,'end_hour','vtiger_users',1,'116','end_hour','Day ends at',1,0,'',100,11,77,3,'V~O',1,NULL,'BAS',1,NULL,0,0,0),(29,488,'start_hour','vtiger_users',1,'16','start_hour','Day starts at',1,0,'',100,2,118,1,'V~O',1,NULL,'BAS',1,NULL,0,0,0),(29,489,'is_owner','vtiger_users',1,'1','is_owner','Account Owner',0,2,'0',100,12,77,5,'V~O',0,1,'BAS',0,NULL,0,0,0),(29,490,'title','vtiger_users',1,'1','title','Title',1,0,'',50,1,79,1,'V~O',1,NULL,'BAS',1,NULL,0,0,0),(29,491,'phone_work','vtiger_users',1,'11','phone_work','Office Phone',1,0,'',50,5,79,1,'V~O',1,NULL,'BAS',1,NULL,0,0,0),(29,492,'department','vtiger_users',1,'1','department','Department',1,0,'',50,3,79,1,'V~O',1,NULL,'BAS',1,NULL,0,0,0),(29,493,'phone_mobile','vtiger_users',1,'11','phone_mobile','Mobile',1,0,'',50,7,79,1,'V~O',1,NULL,'BAS',1,NULL,0,0,0),(29,494,'reports_to_id','vtiger_users',1,'101','reports_to_id','Reports To',1,0,'',50,8,79,1,'V~O',1,NULL,'BAS',1,NULL,0,0,0),(29,495,'phone_other','vtiger_users',1,'11','phone_other','Other Phone',1,0,'',50,11,79,1,'V~O',1,NULL,'BAS',1,NULL,0,0,0),(29,496,'email2','vtiger_users',1,'13','email2','Other Email',1,0,'',100,4,79,1,'E~O',1,NULL,'BAS',1,NULL,0,0,0),(29,497,'phone_fax','vtiger_users',1,'11','phone_fax','Fax',1,0,'',50,2,79,1,'V~O',1,NULL,'BAS',1,NULL,0,0,0),(29,498,'secondaryemail','vtiger_users',1,'13','secondaryemail','Secondary Email',1,0,'',100,6,79,1,'E~O',1,NULL,'BAS',1,NULL,0,0,0),(29,499,'phone_home','vtiger_users',1,'11','phone_home','Home Phone',1,0,'',50,9,79,1,'V~O',1,NULL,'BAS',1,NULL,0,0,0),(29,500,'date_format','vtiger_users',1,'16','date_format','Date Format',1,0,'',30,3,118,1,'V~O',1,NULL,'BAS',1,NULL,0,0,0),(29,501,'signature','vtiger_users',1,'21','signature','Signature',1,0,'',250,13,79,1,'V~O',1,NULL,'BAS',1,NULL,0,0,0),(29,502,'description','vtiger_users',1,'21','description','Documents',1,0,'',250,14,79,1,'V~O',1,NULL,'BAS',1,NULL,0,0,0),(29,503,'address_street','vtiger_users',1,'21','address_street','Street Address',1,0,'',250,1,80,1,'V~O',1,NULL,'BAS',1,NULL,0,0,0),(29,504,'address_city','vtiger_users',1,'1','address_city','City',1,0,'',100,3,80,1,'V~O',1,NULL,'BAS',1,NULL,0,0,0),(29,505,'address_state','vtiger_users',1,'1','address_state','State',1,0,'',100,5,80,1,'V~O',1,NULL,'BAS',1,NULL,0,0,0),(29,506,'address_postalcode','vtiger_users',1,'1','address_postalcode','Postal Code',1,0,'',100,4,80,1,'V~O',1,NULL,'BAS',1,NULL,0,0,0),(29,507,'address_country','vtiger_users',1,'1','address_country','Country',1,0,'',100,2,80,1,'V~O',1,NULL,'BAS',1,NULL,0,0,0),(29,508,'accesskey','vtiger_users',1,'3','accesskey','Webservice Access Key',1,0,'',100,2,83,2,'V~O',1,NULL,'BAS',1,NULL,0,0,0),(29,509,'time_zone','vtiger_users',1,'16','time_zone','Time Zone',1,0,'',200,5,118,1,'V~O',1,NULL,'BAS',1,NULL,0,0,0),(29,510,'currency_id','vtiger_users',1,'117','currency_id','Currency',1,0,'',100,1,78,1,'I~O',1,NULL,'BAS',1,NULL,0,0,0),(29,511,'currency_grouping_pattern','vtiger_users',1,'16','currency_grouping_pattern','Digit Grouping Pattern',1,0,'',100,2,78,1,'V~O',1,NULL,'BAS',1,'<b>Currency - Digit Grouping Pattern</b> <br/><br/>This pattern specifies the format in which the currency separator will be placed.',0,0,0),(29,512,'currency_decimal_separator','vtiger_users',1,'16','currency_decimal_separator','Decimal Separator',1,0,'.',2,3,78,1,'V~O',1,NULL,'BAS',1,'<b>Currency - Decimal Separator</b> <br/><br/>Decimal separator specifies the separator to be used to separate the fractional values from the whole number part. <br/><b>Eg:</b> <br/>. => 123.45 <br/>, => 123,45 <br/>\' => 123\'45 <br/>  => 123 45 <br/>$ => 123$45 <br/>',0,0,0),(29,513,'currency_grouping_separator','vtiger_users',1,'16','currency_grouping_separator','Digit Grouping Separator',1,0,',',2,4,78,1,'V~O',1,NULL,'BAS',1,'<b>Currency - Grouping Separator</b> <br/><br/>Grouping separator specifies the separator to be used to group the whole number part into hundreds, thousands etc. <br/><b>Eg:</b> <br/>. => 123.456.789 <br/>, => 123,456,789 <br/>\' => 123\'456\'789 <br/>  => 123 456 789 <br/>$ => 123$456$789 <br/>',0,0,0),(29,514,'currency_symbol_placement','vtiger_users',1,'16','currency_symbol_placement','Symbol Placement',1,0,'',20,5,78,1,'V~O',1,NULL,'BAS',1,'<b>Currency - Symbol Placement</b> <br/><br/>Symbol Placement allows you to configure the position of the currency symbol with respect to the currency value.<br/><b>Eg:</b> <br/>$1.0 => $123,456,789.50 <br/>1.0$ => 123,456,789.50$ <br/>',0,0,0),(29,515,'imagename','vtiger_users',1,'105','imagename','User Image',1,0,'',250,10,82,1,'V~O',1,NULL,'BAS',1,NULL,0,0,0),(29,516,'internal_mailer','vtiger_users',1,'56','internal_mailer','INTERNAL_MAIL_COMPOSER',1,0,'',50,15,79,1,'V~O',1,NULL,'BAS',1,NULL,0,0,0),(29,517,'theme','vtiger_users',1,'31','theme','Theme',1,0,'softed',100,16,79,1,'V~O',1,NULL,'BAS',1,NULL,0,0,0),(29,518,'language','vtiger_users',1,'32','language','Language',1,0,'en_us',100,17,79,1,'V~O',1,NULL,'BAS',1,NULL,0,0,0),(29,519,'reminder_interval','vtiger_users',1,'16','reminder_interval','Reminder Interval',1,0,'',100,11,118,1,'V~O',1,NULL,'BAS',1,NULL,0,0,0),(10,520,'from_email','vtiger_emaildetails',1,'12','from_email','From',1,2,'',100,1,21,3,'V~M',3,NULL,'BAS',0,NULL,0,0,0),(10,521,'to_email','vtiger_emaildetails',1,'8','saved_toid','To',1,2,'',100,2,21,1,'V~M',3,NULL,'BAS',0,NULL,0,0,0),(10,522,'cc_email','vtiger_emaildetails',1,'8','ccmail','CC',1,2,'',1000,3,21,1,'V~O',3,NULL,'BAS',0,NULL,0,0,0),(10,523,'bcc_email','vtiger_emaildetails',1,'8','bccmail','BCC',1,2,'',1000,4,21,1,'V~O',3,NULL,'BAS',0,NULL,0,0,0),(10,524,'idlists','vtiger_emaildetails',1,'357','parent_id','Parent ID',1,2,'',1000,5,21,1,'V~O',3,NULL,'BAS',0,NULL,0,0,0),(10,525,'email_flag','vtiger_emaildetails',1,'16','email_flag','Email Flag',1,2,'',1000,6,21,3,'V~O',3,NULL,'BAS',0,NULL,0,0,0),(34,526,'direction','vtiger_pbxmanager',1,'1','direction','Direction',1,2,'',100,1,88,1,'V~O',1,0,'BAS',1,'',0,NULL,0),(34,527,'callstatus','vtiger_pbxmanager',1,'1','callstatus','Call Status',1,2,'',100,2,88,1,'V~O',1,0,'BAS',1,'',1,NULL,0),(34,528,'starttime','vtiger_pbxmanager',1,'70','starttime','Start Time',1,2,'',100,7,88,1,'DT~O',1,0,'BAS',1,'',1,NULL,0),(34,529,'endtime','vtiger_pbxmanager',1,'70','endtime','End Time',1,2,'',100,8,88,1,'DT~O',1,0,'BAS',1,'',0,NULL,0),(34,530,'totalduration','vtiger_pbxmanager',1,'7','totalduration','Total Duration',1,2,'',100,10,88,1,'I~O',1,0,'BAS',1,'',0,NULL,0),(34,531,'billduration','vtiger_pbxmanager',1,'7','billduration','Bill Duration',1,2,'',100,11,88,1,'I~O',1,0,'BAS',1,'',0,NULL,0),(34,532,'recordingurl','vtiger_pbxmanager',1,'17','recordingurl','Recording URL',1,2,'',100,9,88,1,'V~O',1,0,'BAS',1,'',1,NULL,0),(34,533,'sourceuuid','vtiger_pbxmanager',1,'1','sourceuuid','Source UUID',1,2,'',100,12,88,1,'V~O',1,0,'BAS',1,'',0,NULL,0),(34,534,'gateway','vtiger_pbxmanager',1,'1','gateway','Gateway',1,2,'',100,13,88,1,'V~O',1,0,'BAS',1,'',0,NULL,0),(34,535,'customer','vtiger_pbxmanager',1,'10','customer','Customer',1,2,'',100,3,88,1,'V~O',1,0,'BAS',1,'',1,NULL,0),(34,536,'user','vtiger_pbxmanager',1,'52','user','User',1,2,'',100,4,88,1,'V~O',1,0,'BAS',1,'',1,NULL,0),(34,537,'customernumber','vtiger_pbxmanager',1,'11','customernumber','Customer Number',1,2,'',100,5,88,1,'V~M',1,0,'BAS',1,'',0,NULL,0),(34,538,'customertype','vtiger_pbxmanager',1,'1','customertype','Customer Type',1,2,'',100,6,88,1,'V~O',1,0,'BAS',1,'',0,NULL,0),(34,539,'smownerid','vtiger_crmentity',1,'53','assigned_user_id','Assigned To',1,2,'',100,14,88,1,'V~M',1,0,'BAS',1,'',0,NULL,0),(34,540,'createdtime','vtiger_crmentity',1,'70','CreatedTime','Created Time',1,2,'',100,15,88,2,'DT~O',1,0,'BAS',0,'',0,NULL,0),(34,541,'modifiedtime','vtiger_crmentity',1,'70','ModifiedTime','Modified Time',1,2,'',100,16,88,2,'DT~O',1,0,'BAS',0,'',0,NULL,0),(34,542,'source','vtiger_crmentity',1,'1','source','Source',1,2,'',100,17,88,2,'V~O',3,1,'BAS',0,'',0,NULL,0),(29,543,'phone_crm_extension','vtiger_users',1,'11','phone_crm_extension','CRM Phone Extension',1,2,'',100,18,79,1,'V~O',1,0,'BAS',1,'',0,NULL,0),(35,544,'smownerid','vtiger_crmentity',1,'53','assigned_user_id','Assigned To',1,2,'',100,4,89,1,'V~M',2,2,'BAS',1,'',1,NULL,0),(35,545,'createdtime','vtiger_crmentity',1,'70','createdtime','Created Time',1,0,'',100,17,89,2,'DT~O',3,0,'BAS',0,'',0,NULL,0),(35,546,'modifiedtime','vtiger_crmentity',1,'70','modifiedtime','Modified Time',1,0,'',100,18,89,2,'DT~O',3,0,'BAS',0,'',0,NULL,0),(35,547,'start_date','vtiger_servicecontracts',1,'5','start_date','Start Date',1,2,'',100,7,89,1,'D~O',2,4,'BAS',1,'',0,NULL,0),(35,548,'end_date','vtiger_servicecontracts',1,'5','end_date','End Date',1,2,'',100,11,89,2,'D~O',3,0,'BAS',0,'',0,NULL,0),(35,549,'sc_related_to','vtiger_servicecontracts',1,'10','sc_related_to','Related to',1,2,'',100,3,89,1,'V~O',2,6,'BAS',1,'',0,NULL,0),(35,550,'tracking_unit','vtiger_servicecontracts',1,'15','tracking_unit','Tracking Unit',1,2,'',100,6,89,1,'V~O',2,7,'BAS',1,'',0,NULL,0),(35,551,'total_units','vtiger_servicecontracts',1,'7','total_units','Total Units',1,2,'',100,8,89,1,'NN~O',2,8,'BAS',1,'',1,NULL,0),(35,552,'used_units','vtiger_servicecontracts',1,'7','used_units','Used Units',1,2,'',100,10,89,1,'NN~O',2,9,'BAS',1,'',1,NULL,0),(35,553,'subject','vtiger_servicecontracts',1,'1','subject','Subject',1,0,'',100,1,89,1,'V~M',0,1,'BAS',1,'',1,NULL,0),(35,554,'due_date','vtiger_servicecontracts',1,'23','due_date','Due date',1,2,'',100,9,89,1,'D~O',2,5,'BAS',1,'',0,NULL,0),(35,555,'planned_duration','vtiger_servicecontracts',1,'1','planned_duration','Planned Duration',1,2,'',100,13,89,2,'V~O',3,0,'BAS',0,'',0,NULL,0),(35,556,'actual_duration','vtiger_servicecontracts',1,'1','actual_duration','Actual Duration',1,2,'',100,15,89,2,'V~O',3,0,'BAS',0,'',0,NULL,0),(35,557,'contract_status','vtiger_servicecontracts',1,'15','contract_status','Status',1,2,'',100,12,89,1,'V~O',1,0,'BAS',1,'',0,NULL,0),(35,558,'priority','vtiger_servicecontracts',1,'15','contract_priority','Priority',1,2,'',100,14,89,1,'V~O',1,0,'BAS',1,'',0,NULL,0),(35,559,'contract_type','vtiger_servicecontracts',1,'15','contract_type','Type',1,2,'',100,5,89,1,'V~O',1,0,'BAS',1,'',0,NULL,0),(35,560,'progress','vtiger_servicecontracts',1,'9','progress','Progress',1,2,'',100,16,89,2,'N~O~2~2',3,3,'BAS',0,'',0,NULL,0),(35,561,'contract_no','vtiger_servicecontracts',1,'4','contract_no','Contract No',1,0,'',100,2,89,1,'V~O',3,0,'BAS',0,'',1,NULL,0),(35,562,'modifiedby','vtiger_crmentity',1,'52','modifiedby','Last Modified By',1,0,'',100,17,89,3,'V~O',3,0,'BAS',0,'',0,NULL,0),(35,563,'source','vtiger_crmentity',1,'1','source','Source',1,2,'',100,19,89,2,'V~O',3,10,'BAS',0,'',0,NULL,0),(35,564,'starred','vtiger_crmentity_user_field',1,'56','starred','starred',1,2,'',100,20,89,6,'C~O',3,11,'BAS',0,'',0,NULL,0),(35,565,'tags','vtiger_servicecontracts',1,'1','tags','tags',1,2,'',100,21,89,6,'V~O',3,12,'BAS',0,'',0,NULL,0),(36,566,'servicename','vtiger_service',1,'2','servicename','Service Name',1,0,'',100,1,91,1,'V~M',0,1,'BAS',1,'',1,NULL,0),(36,567,'service_no','vtiger_service',1,'4','service_no','Service No',1,0,'',100,2,91,1,'V~O',3,0,'BAS',0,'',1,NULL,0),(36,568,'discontinued','vtiger_service',1,'56','discontinued','Service Active',1,2,'1',100,4,91,1,'V~O',2,3,'BAS',1,'',0,NULL,0),(36,569,'sales_start_date','vtiger_service',1,'5','sales_start_date','Sales Start Date',1,2,'',100,9,91,1,'D~O',1,0,'BAS',1,'',0,NULL,0),(36,570,'sales_end_date','vtiger_service',1,'5','sales_end_date','Sales End Date',1,2,'',100,10,91,1,'D~O~OTH~GE~sales_start_date~Sales Start Date',1,0,'BAS',1,'',0,NULL,0),(36,571,'start_date','vtiger_service',1,'5','start_date','Support Start Date',1,2,'',100,11,91,1,'D~O',1,0,'BAS',1,'',0,NULL,0),(36,572,'expiry_date','vtiger_service',1,'5','expiry_date','Support Expiry Date',1,2,'',100,12,91,1,'D~O~OTH~GE~start_date~Start Date',1,0,'BAS',1,'',0,NULL,0),(36,573,'website','vtiger_service',1,'17','website','Website',1,2,'',100,6,91,1,'V~O',1,0,'BAS',1,'',0,NULL,0),(36,574,'createdtime','vtiger_crmentity',1,'70','createdtime','Created Time',1,0,'',100,13,91,2,'DT~O',3,0,'BAS',0,'',0,NULL,0),(36,575,'modifiedtime','vtiger_crmentity',1,'70','modifiedtime','Modified Time',1,0,'',100,14,91,2,'DT~O',3,0,'BAS',0,'',0,NULL,0),(36,576,'modifiedby','vtiger_crmentity',1,'52','modifiedby','Last Modified By',1,0,'',100,16,91,3,'V~O',3,0,'BAS',0,'',0,NULL,0),(36,577,'service_usageunit','vtiger_service',1,'15','service_usageunit','Usage Unit',1,2,'',100,3,91,1,'V~O',1,0,'BAS',1,'',0,NULL,0),(36,578,'qty_per_unit','vtiger_service',1,'1','qty_per_unit','No of Units',1,2,'',100,5,91,1,'N~O',1,0,'BAS',1,'',1,NULL,0),(36,579,'smownerid','vtiger_crmentity',1,'53','assigned_user_id','Owner',1,0,'',100,8,91,1,'I~O',1,0,'BAS',1,'',0,NULL,0),(36,580,'servicecategory','vtiger_service',1,'15','servicecategory','Service Category',1,2,'',100,7,91,1,'V~O',1,0,'BAS',1,'',0,NULL,0),(36,581,'unit_price','vtiger_service',1,'72','unit_price','Price',1,0,'',100,1,92,1,'N~O',2,2,'BAS',0,'',1,NULL,0),(36,582,'taxclass','vtiger_service',1,'83','taxclass','Taxes',1,2,'',100,4,92,1,'V~O',2,0,'BAS',1,'',0,NULL,0),(36,583,'commissionrate','vtiger_service',1,'9','commissionrate','Commission Rate',1,2,'',100,2,92,1,'N~O',1,0,'BAS',1,'',1,NULL,0),(36,584,'description','vtiger_crmentity',1,'19','description','Description',1,2,'',100,1,94,1,'V~O',1,0,'BAS',1,'',0,NULL,0),(36,585,'source','vtiger_crmentity',1,'1','source','Source',1,2,'',100,17,91,2,'V~O',3,4,'BAS',0,'',0,NULL,0),(36,586,'starred','vtiger_crmentity_user_field',1,'56','starred','starred',1,2,'',100,18,91,6,'C~O',3,5,'BAS',0,'',0,NULL,0),(36,587,'tags','vtiger_service',1,'1','tags','tags',1,2,'',100,19,91,6,'V~O',3,6,'BAS',0,'',0,NULL,0),(38,588,'asset_no','vtiger_assets',1,'4','asset_no','Asset No',1,0,'',100,2,95,1,'V~O',3,0,'BAS',0,'\n					',1,NULL,0),(38,589,'product','vtiger_assets',1,'10','product','Product Name',1,2,'',100,3,95,1,'V~M',0,3,'BAS',1,'\n					',1,NULL,0),(38,590,'serialnumber','vtiger_assets',1,'2','serialnumber','Serial Number',1,2,'',100,4,95,1,'V~M',0,5,'BAS',1,'\n					',0,NULL,0),(38,591,'datesold','vtiger_assets',1,'5','datesold','Date Sold',1,2,'',100,5,95,1,'D~M~OTH~GE~datesold~Date Sold',0,0,'BAS',1,'\n					',0,NULL,0),(38,592,'dateinservice','vtiger_assets',1,'5','dateinservice','Date in Service',1,2,'',100,6,95,1,'D~M~OTH~GE~dateinservice~Date in Service',0,4,'BAS',1,'\n					',0,NULL,0),(38,593,'assetstatus','vtiger_assets',1,'15','assetstatus','Status',1,2,'',100,7,95,1,'V~M',0,0,'BAS',1,'\n					',0,NULL,0),(38,594,'tagnumber','vtiger_assets',1,'2','tagnumber','Tag Number',1,2,'',100,8,95,1,'V~O',1,0,'BAS',1,'\n					',0,NULL,0),(38,595,'invoiceid','vtiger_assets',1,'10','invoiceid','Invoice Name',1,2,'',100,9,95,1,'V~O',1,0,'BAS',1,'\n					',0,NULL,0),(38,596,'shippingmethod','vtiger_assets',1,'2','shippingmethod','Shipping Method',1,2,'',100,10,95,1,'V~O',1,0,'BAS',1,'\n					',0,NULL,0),(38,597,'shippingtrackingnumber','vtiger_assets',1,'2','shippingtrackingnumber','Shipping Tracking Number',1,2,'',100,11,95,1,'V~O',1,0,'BAS',1,'\n					',0,NULL,0),(38,598,'smownerid','vtiger_crmentity',1,'53','assigned_user_id','Assigned To',1,2,'',100,4,95,1,'V~M',0,2,'BAS',1,'\n					',0,NULL,0),(38,599,'assetname','vtiger_assets',1,'1','assetname','Asset Name',1,0,'',100,12,95,1,'V~M',0,6,'BAS',1,'\n					',1,NULL,0),(38,600,'account','vtiger_assets',1,'10','account','Customer Name',1,2,'',100,13,95,1,'V~M',0,0,'BAS',1,'\n					',1,NULL,0),(38,601,'contact','vtiger_assets',1,'10','contact','Contact Name',1,2,'',100,14,95,1,'V~O',0,0,'BAS',1,'\n					',0,NULL,0),(38,602,'createdtime','vtiger_crmentity',1,'70','createdtime','Created Time',1,0,'',100,14,95,2,'DT~O',3,0,'BAS',0,'\n					',0,NULL,0),(38,603,'modifiedtime','vtiger_crmentity',1,'70','modifiedtime','Modified Time',1,0,'',100,15,95,2,'DT~O',3,0,'BAS',0,'\n					',0,NULL,0),(38,604,'modifiedby','vtiger_crmentity',1,'52','modifiedby','Last Modified By',1,0,'',100,16,95,3,'V~O',3,0,'BAS',0,'\n					',0,NULL,0),(38,605,'description','vtiger_crmentity',1,'19','description','Notes',1,2,'',100,1,97,1,'V~O',1,0,'BAS',1,'\n					',0,NULL,0),(38,606,'source','vtiger_crmentity',1,'1','source','Source',1,2,'',100,17,95,2,'V~O',3,7,'BAS',0,'',0,NULL,0),(38,607,'starred','vtiger_crmentity_user_field',1,'56','starred','starred',1,2,'',100,18,95,6,'C~O',3,8,'BAS',0,'',0,NULL,0),(38,608,'tags','vtiger_assets',1,'1','tags','tags',1,2,'',100,19,95,6,'V~O',3,9,'BAS',0,'',0,NULL,0),(42,609,'commentcontent','vtiger_modcomments',1,'19','commentcontent','Comment',1,0,'',100,4,98,1,'V~M',0,4,'BAS',2,'',1,NULL,0),(42,610,'smownerid','vtiger_crmentity',1,'53','assigned_user_id','Assigned To',1,0,'',100,1,99,1,'V~M',0,1,'BAS',2,'',1,NULL,0),(42,611,'createdtime','vtiger_crmentity',1,'70','createdtime','Created Time',1,0,'',100,5,99,2,'DT~O',0,2,'BAS',0,'',0,NULL,0),(42,612,'modifiedtime','vtiger_crmentity',1,'70','modifiedtime','Modified Time',1,0,'',100,6,99,2,'DT~O',0,3,'BAS',0,'',0,NULL,0),(42,613,'related_to','vtiger_modcomments',1,'10','related_to','Related To',1,2,'',100,2,99,1,'V~M',2,5,'BAS',2,'',0,NULL,0),(42,614,'smcreatorid','vtiger_crmentity',1,'52','creator','Creator',1,2,'',100,4,99,2,'V~O',1,0,'BAS',1,'',0,NULL,0),(42,615,'parent_comments','vtiger_modcomments',1,'10','parent_comments','Related To Comments',1,2,'',100,7,99,1,'V~O',1,0,'BAS',1,'',0,NULL,0),(42,616,'source','vtiger_crmentity',1,'1','source','Source',1,2,'',100,5,98,2,'V~O',3,6,'BAS',0,'',0,NULL,0),(43,617,'projectmilestonename','vtiger_projectmilestone',1,'2','projectmilestonename','Project Milestone Name',1,2,'',100,1,101,1,'V~M',0,1,'BAS',1,'',1,NULL,0),(43,618,'projectmilestonedate','vtiger_projectmilestone',1,'5','projectmilestonedate','Milestone Date',1,2,'',100,5,101,1,'D~O',0,3,'BAS',1,'',1,NULL,0),(43,619,'projectid','vtiger_projectmilestone',1,'10','projectid','Related to',1,0,'',100,4,101,1,'V~M',0,4,'BAS',1,'',0,NULL,0),(43,620,'projectmilestonetype','vtiger_projectmilestone',1,'15','projectmilestonetype','Type',1,2,'',100,7,101,1,'V~O',1,0,'BAS',1,'',1,NULL,0),(43,621,'smownerid','vtiger_crmentity',1,'53','assigned_user_id','Assigned To',1,2,'',100,6,101,1,'V~M',0,2,'BAS',1,'',0,NULL,0),(43,622,'projectmilestone_no','vtiger_projectmilestone',2,'4','projectmilestone_no','Project Milestone No',1,0,'',100,2,101,1,'V~O',3,4,'BAS',0,'',0,NULL,0),(43,623,'createdtime','vtiger_crmentity',1,'70','createdtime','Created Time',1,2,'',100,1,102,2,'DT~O',1,0,'BAS',0,'',0,NULL,0),(43,624,'modifiedtime','vtiger_crmentity',1,'70','modifiedtime','Modified Time',1,2,'',100,2,102,2,'DT~O',1,0,'BAS',0,'',0,NULL,0),(43,625,'modifiedby','vtiger_crmentity',1,'52','modifiedby','Last Modified By',1,0,'',100,3,102,3,'V~O',3,0,'BAS',0,'',0,NULL,0),(43,626,'description','vtiger_crmentity',1,'19','description','Description',1,2,'',100,1,103,1,'V~O',1,0,'BAS',1,'',0,NULL,0),(43,627,'source','vtiger_crmentity',1,'1','source','Source',1,2,'',100,8,101,2,'V~O',3,5,'BAS',0,'',0,NULL,0),(43,628,'starred','vtiger_crmentity_user_field',1,'56','starred','starred',1,2,'',100,9,101,6,'C~O',3,6,'BAS',0,'',0,NULL,0),(43,629,'tags','vtiger_projectmilestone',1,'1','tags','tags',1,2,'',100,10,101,6,'V~O',3,7,'BAS',0,'',0,NULL,0),(44,630,'projecttaskname','vtiger_projecttask',1,'2','projecttaskname','Project Task Name',1,2,'',100,1,104,1,'V~M',0,1,'BAS',1,'',1,NULL,0),(44,631,'projecttasktype','vtiger_projecttask',1,'15','projecttasktype','Type',1,2,'',100,4,104,1,'V~O',1,0,'BAS',1,'',1,NULL,0),(44,632,'projecttaskpriority','vtiger_projecttask',1,'15','projecttaskpriority','Priority',1,2,'',100,3,104,1,'V~O',1,0,'BAS',1,'',0,NULL,0),(44,633,'projectid','vtiger_projecttask',1,'10','projectid','Related to',1,0,'',100,6,104,1,'V~M',0,5,'BAS',1,'',0,NULL,0),(44,634,'smownerid','vtiger_crmentity',1,'53','assigned_user_id','Assigned To',1,2,'',100,7,104,1,'V~M',0,2,'BAS',1,'',1,NULL,0),(44,635,'projecttasknumber','vtiger_projecttask',1,'7','projecttasknumber','Project Task Number',1,2,'',100,5,104,1,'I~O',1,0,'BAS',1,'',0,NULL,0),(44,636,'projecttask_no','vtiger_projecttask',2,'4','projecttask_no','Project Task No',1,0,'',100,2,104,1,'V~O',3,4,'BAS',0,'',0,NULL,0),(44,637,'projecttaskprogress','vtiger_projecttask',1,'15','projecttaskprogress','Progress',1,2,'',100,1,105,1,'V~O',1,0,'BAS',1,'',1,NULL,0),(44,638,'projecttaskhours','vtiger_projecttask',1,'7','projecttaskhours','Worked Hours',1,2,'',100,2,105,1,'V~O',1,0,'BAS',1,'',0,NULL,0),(44,639,'startdate','vtiger_projecttask',1,'5','startdate','Start Date',1,2,'',100,3,105,1,'D~O',0,3,'BAS',1,'',1,NULL,0),(44,640,'enddate','vtiger_projecttask',1,'5','enddate','End Date',1,2,'',100,4,105,1,'D~O~OTH~GE~startdate~Start Date',1,0,'BAS',1,'',1,NULL,0),(44,641,'createdtime','vtiger_crmentity',1,'70','createdtime','Created Time',1,2,'',100,5,105,2,'DT~O',1,0,'BAS',0,'',0,NULL,0),(44,642,'modifiedtime','vtiger_crmentity',1,'70','modifiedtime','Modified Time',1,2,'',100,6,105,2,'DT~O',1,0,'BAS',0,'',0,NULL,0),(44,643,'modifiedby','vtiger_crmentity',1,'52','modifiedby','Last Modified By',1,0,'',100,7,105,3,'V~O',3,0,'BAS',0,'',0,NULL,0),(44,644,'description','vtiger_crmentity',1,'19','description','description',1,2,'',100,1,106,1,'V~O',1,0,'BAS',1,'',0,NULL,0),(44,645,'source','vtiger_crmentity',1,'1','source','Source',1,2,'',100,8,104,2,'V~O',3,6,'BAS',0,'',0,NULL,0),(44,646,'starred','vtiger_crmentity_user_field',1,'56','starred','starred',1,2,'',100,9,104,6,'C~O',3,7,'BAS',0,'',0,NULL,0),(44,647,'tags','vtiger_projecttask',1,'1','tags','tags',1,2,'',100,10,104,6,'V~O',3,8,'BAS',0,'',0,NULL,0),(45,648,'projectname','vtiger_project',1,'2','projectname','Project Name',1,2,'',100,1,107,1,'V~M',0,1,'BAS',1,'',1,NULL,0),(45,649,'startdate','vtiger_project',1,'23','startdate','Start Date',1,2,'',100,3,107,1,'D~O',0,3,'BAS',1,'',1,NULL,0),(45,650,'targetenddate','vtiger_project',1,'23','targetenddate','Target End Date',1,2,'',100,5,107,1,'D~O~OTH~GE~startdate~Start Date',0,4,'BAS',1,'',1,NULL,0),(45,651,'actualenddate','vtiger_project',1,'23','actualenddate','Actual End Date',1,2,'',100,6,107,1,'D~O~OTH~GE~startdate~Start Date',1,0,'BAS',1,'',0,NULL,0),(45,652,'projectstatus','vtiger_project',1,'15','projectstatus','Status',1,2,'',100,7,107,1,'V~O',1,0,'BAS',1,'',1,NULL,0),(45,653,'projecttype','vtiger_project',1,'15','projecttype','Type',1,2,'',100,8,107,1,'V~O',1,0,'BAS',1,'',1,NULL,0),(45,654,'linktoaccountscontacts','vtiger_project',1,'10','linktoaccountscontacts','Related to',1,2,'',100,9,107,1,'V~O',1,0,'BAS',1,'',0,1,0),(45,655,'smownerid','vtiger_crmentity',1,'53','assigned_user_id','Assigned To',1,2,'',100,4,107,1,'V~M',0,2,'BAS',1,'',1,NULL,0),(45,656,'project_no','vtiger_project',2,'4','project_no','Project No',1,0,'',100,2,107,1,'V~O',3,0,'BAS',0,'',0,NULL,0),(45,657,'targetbudget','vtiger_project',1,'7','targetbudget','Target Budget',1,2,'',100,1,108,1,'V~O',1,0,'BAS',1,'',0,NULL,0),(45,658,'projecturl','vtiger_project',1,'17','projecturl','Project Url',1,2,'',100,2,108,1,'V~O',1,0,'BAS',1,'',0,NULL,0),(45,659,'projectpriority','vtiger_project',1,'15','projectpriority','Priority',1,2,'',100,3,108,1,'V~O',1,0,'BAS',1,'',0,NULL,0),(45,660,'progress','vtiger_project',1,'15','progress','Progress',1,2,'',100,4,108,1,'V~O',1,0,'BAS',1,'',0,NULL,0),(45,661,'createdtime','vtiger_crmentity',1,'70','createdtime','Created Time',1,2,'',100,5,108,2,'DT~O',1,0,'BAS',0,'',0,NULL,0),(45,662,'modifiedtime','vtiger_crmentity',1,'70','modifiedtime','Modified Time',1,2,'',100,6,108,2,'DT~O',1,0,'BAS',0,'',0,NULL,0),(45,663,'modifiedby','vtiger_crmentity',1,'52','modifiedby','Last Modified By',1,0,'',100,7,108,3,'V~O',3,0,'BAS',0,'',0,NULL,0),(45,664,'description','vtiger_crmentity',1,'19','description','Description',1,2,'',100,1,109,1,'V~O',1,0,'BAS',1,'',0,NULL,0),(45,665,'source','vtiger_crmentity',1,'1','source','Source',1,2,'',100,10,107,2,'V~O',3,5,'BAS',0,'',0,NULL,0),(45,666,'starred','vtiger_crmentity_user_field',1,'56','starred','starred',1,2,'',100,11,107,6,'C~O',3,6,'BAS',0,'',0,NULL,0),(45,667,'tags','vtiger_project',1,'1','tags','tags',1,2,'',100,12,107,6,'V~O',3,7,'BAS',0,'',0,NULL,0),(47,668,'smownerid','vtiger_crmentity',1,'53','assigned_user_id','Assigned To',1,0,'',100,2,110,1,'V~M',1,0,'BAS',1,'',1,NULL,0),(47,669,'createdtime','vtiger_crmentity',1,'70','createdtime','Created Time',1,0,'',100,5,110,2,'DT~O',1,0,'BAS',0,'',0,NULL,0),(47,670,'modifiedtime','vtiger_crmentity',1,'70','modifiedtime','Modified Time',1,0,'',100,6,110,2,'DT~O',1,0,'BAS',0,'',0,NULL,0),(47,671,'message','vtiger_smsnotifier',1,'21','message','message',1,0,'',100,1,110,1,'V~M',1,0,'BAS',1,'',1,NULL,0),(47,672,'modifiedby','vtiger_crmentity',1,'52','modifiedby','Last Modified By',1,0,'',100,7,110,3,'V~O',1,0,'BAS',0,'',0,NULL,0),(47,673,'source','vtiger_crmentity',1,'1','source','Source',1,2,'',100,8,110,2,'V~O',3,1,'BAS',0,'',0,NULL,0),(2,674,'forecast_amount','vtiger_potential',1,'71','forecast_amount','Forecast Amount',1,2,'',100,18,1,1,'N~O',1,0,'BAS',0,'',0,NULL,0),(29,675,'no_of_currency_decimals','vtiger_users',1,'16','no_of_currency_decimals','Number Of Currency Decimals',1,2,'2',100,6,78,1,'V~O',1,0,'BAS',1,'<b>Currency - Number of Decimal places</b> <br/><br/>Number of decimal places specifies how many number of decimals will be shown after decimal separator.<br/><b>Eg:</b> 123.00',0,NULL,0),(23,676,'productid','vtiger_inventoryproductrel',1,'10','productid','Item Name',0,2,'',100,1,113,5,'V~M',1,0,'BAS',0,'',0,NULL,0),(23,677,'quantity','vtiger_inventoryproductrel',1,'7','quantity','Quantity',0,2,'',100,2,113,5,'N~O',1,0,'BAS',0,'',0,NULL,0),(23,678,'listprice','vtiger_inventoryproductrel',1,'71','listprice','List Price',0,2,'',100,3,113,5,'N~O',1,0,'BAS',0,'',0,NULL,0),(23,679,'comment','vtiger_inventoryproductrel',1,'19','comment','Item Comment',0,2,'',100,4,113,5,'V~O',1,0,'BAS',0,'',0,NULL,0),(23,680,'discount_amount','vtiger_inventoryproductrel',1,'71','discount_amount','Item Discount Amount',0,2,'',100,5,113,5,'N~O',1,0,'BAS',0,'',0,NULL,0),(23,681,'discount_percent','vtiger_inventoryproductrel',1,'7','discount_percent','Item Discount Percent',0,2,'',100,6,113,5,'V~O',1,0,'BAS',0,'',0,NULL,0),(23,682,'tax1','vtiger_inventoryproductrel',1,'83','tax1','VAT',0,2,'',100,7,113,5,'V~O',1,0,'BAS',0,'',0,NULL,0),(23,683,'tax2','vtiger_inventoryproductrel',1,'83','tax2','Sales',0,2,'',100,8,113,5,'V~O',1,0,'BAS',0,'',0,NULL,0),(23,684,'tax3','vtiger_inventoryproductrel',1,'83','tax3','Service',0,2,'',100,9,113,5,'V~O',1,0,'BAS',0,'',0,NULL,0),(22,685,'productid','vtiger_inventoryproductrel',1,'10','productid','Item Name',0,2,'',100,1,114,5,'V~M',1,0,'BAS',0,'',0,NULL,0),(22,686,'quantity','vtiger_inventoryproductrel',1,'7','quantity','Quantity',0,2,'',100,2,114,5,'N~O',1,0,'BAS',0,'',0,NULL,0),(22,687,'listprice','vtiger_inventoryproductrel',1,'71','listprice','List Price',0,2,'',100,3,114,5,'N~O',1,0,'BAS',0,'',0,NULL,0),(22,688,'comment','vtiger_inventoryproductrel',1,'19','comment','Item Comment',0,2,'',100,4,114,5,'V~O',1,0,'BAS',0,'',0,NULL,0),(22,689,'discount_amount','vtiger_inventoryproductrel',1,'71','discount_amount','Item Discount Amount',0,2,'',100,5,114,5,'N~O',1,0,'BAS',0,'',0,NULL,0),(22,690,'discount_percent','vtiger_inventoryproductrel',1,'7','discount_percent','Item Discount Percent',0,2,'',100,6,114,5,'V~O',1,0,'BAS',0,'',0,NULL,0),(22,691,'tax1','vtiger_inventoryproductrel',1,'83','tax1','VAT',0,2,'',100,7,114,5,'V~O',1,0,'BAS',0,'',0,NULL,0),(22,692,'tax2','vtiger_inventoryproductrel',1,'83','tax2','Sales',0,2,'',100,8,114,5,'V~O',1,0,'BAS',0,'',0,NULL,0),(22,693,'tax3','vtiger_inventoryproductrel',1,'83','tax3','Service',0,2,'',100,9,114,5,'V~O',1,0,'BAS',0,'',0,NULL,0),(21,694,'productid','vtiger_inventoryproductrel',1,'10','productid','Item Name',0,2,'',100,1,115,5,'V~M',1,0,'BAS',0,'',0,NULL,0),(21,695,'quantity','vtiger_inventoryproductrel',1,'7','quantity','Quantity',0,2,'',100,2,115,5,'N~O',1,0,'BAS',0,'',0,NULL,0),(21,696,'listprice','vtiger_inventoryproductrel',1,'71','listprice','List Price',0,2,'',100,3,115,5,'N~O',1,0,'BAS',0,'',0,NULL,0),(21,697,'comment','vtiger_inventoryproductrel',1,'19','comment','Item Comment',0,2,'',100,4,115,5,'V~O',1,0,'BAS',0,'',0,NULL,0),(21,698,'discount_amount','vtiger_inventoryproductrel',1,'71','discount_amount','Item Discount Amount',0,2,'',100,5,115,5,'N~O',1,0,'BAS',0,'',0,NULL,0),(21,699,'discount_percent','vtiger_inventoryproductrel',1,'7','discount_percent','Item Discount Percent',0,2,'',100,6,115,5,'V~O',1,0,'BAS',0,'',0,NULL,0),(21,700,'tax1','vtiger_inventoryproductrel',1,'83','tax1','VAT',0,2,'',100,7,115,5,'V~O',1,0,'BAS',0,'',0,NULL,0),(21,701,'tax2','vtiger_inventoryproductrel',1,'83','tax2','Sales',0,2,'',100,8,115,5,'V~O',1,0,'BAS',0,'',0,NULL,0),(21,702,'tax3','vtiger_inventoryproductrel',1,'83','tax3','Service',0,2,'',100,9,115,5,'V~O',1,0,'BAS',0,'',0,NULL,0),(20,703,'productid','vtiger_inventoryproductrel',1,'10','productid','Item Name',0,2,'',100,1,116,5,'V~M',1,0,'BAS',0,'',0,NULL,0),(20,704,'quantity','vtiger_inventoryproductrel',1,'7','quantity','Quantity',0,2,'',100,2,116,5,'N~O',1,0,'BAS',0,'',0,NULL,0),(20,705,'listprice','vtiger_inventoryproductrel',1,'71','listprice','List Price',0,2,'',100,3,116,5,'N~O',1,0,'BAS',0,'',0,NULL,0),(20,706,'comment','vtiger_inventoryproductrel',1,'19','comment','Item Comment',0,2,'',100,4,116,5,'V~O',1,0,'BAS',0,'',0,NULL,0),(20,707,'discount_amount','vtiger_inventoryproductrel',1,'71','discount_amount','Item Discount Amount',0,2,'',100,5,116,5,'N~O',1,0,'BAS',0,'',0,NULL,0),(20,708,'discount_percent','vtiger_inventoryproductrel',1,'7','discount_percent','Item Discount Percent',0,2,'',100,6,116,5,'V~O',1,0,'BAS',0,'',0,NULL,0),(20,709,'tax1','vtiger_inventoryproductrel',1,'83','tax1','VAT',0,2,'',100,7,116,5,'V~O',1,0,'BAS',0,'',0,NULL,0),(20,710,'tax2','vtiger_inventoryproductrel',1,'83','tax2','Sales',0,2,'',100,8,116,5,'V~O',1,0,'BAS',0,'',0,NULL,0),(20,711,'tax3','vtiger_inventoryproductrel',1,'83','tax3','Service',0,2,'',100,9,116,5,'V~O',1,0,'BAS',0,'',0,NULL,0),(29,712,'truncate_trailing_zeros','vtiger_users',1,'56','truncate_trailing_zeros','Truncate Trailing Zeros',1,2,'0',100,7,78,1,'V~O',1,0,'BAS',1,'<b> Truncate Trailing Zeros </b> <br/><br/>It truncated trailing 0s in any of Currency, Decimal and Percentage Field types<br/><br/><b>Ex:</b><br/>If value is 89.00000 then <br/>decimal and Percentage fields were shows 89<br/>currency field type - shows 89.00<br/>',0,NULL,0),(44,713,'projecttaskstatus','vtiger_projecttask',1,'15','projecttaskstatus','Status',1,2,'',100,11,104,1,'V~O',0,9,'BAS',1,'',0,NULL,0),(42,714,'customer','vtiger_modcomments',1,'10','customer','Customer',1,2,'',100,6,98,3,'V~O',1,0,'BAS',1,'',0,NULL,0),(29,715,'dayoftheweek','vtiger_users',1,'16','dayoftheweek','Starting Day of the week',1,2,'Monday',100,1,118,1,'V~O',1,0,'BAS',1,'',0,NULL,0),(29,716,'callduration','vtiger_users',1,'16','callduration','Default Call Duration',1,2,'5',100,7,118,1,'V~O',1,0,'BAS',1,'',0,NULL,0),(29,717,'othereventduration','vtiger_users',1,'16','othereventduration','Other Event Duration',1,2,'5',100,8,118,1,'V~O',1,0,'BAS',1,'',0,NULL,0),(23,718,'pre_tax_total','vtiger_invoice',1,'72','pre_tax_total','Pre Tax Total',1,2,'',100,23,67,3,'N~O',1,0,'BAS',1,'',0,NULL,0),(22,719,'pre_tax_total','vtiger_salesorder',1,'72','pre_tax_total','Pre Tax Total',1,2,'',100,23,61,3,'N~O',1,0,'BAS',1,'',0,NULL,0),(21,720,'pre_tax_total','vtiger_purchaseorder',1,'72','pre_tax_total','Pre Tax Total',1,2,'',100,23,55,3,'N~O',1,0,'BAS',1,'',0,NULL,0),(20,721,'pre_tax_total','vtiger_quotes',1,'72','pre_tax_total','Pre Tax Total',1,2,'',100,23,49,3,'N~O',1,0,'BAS',1,'',0,NULL,0),(29,722,'calendarsharedtype','vtiger_users',1,'16','calendarsharedtype','Calendar Shared Type',1,2,'Public',100,12,118,3,'V~O',1,0,'BAS',1,'',0,NULL,0),(6,723,'isconvertedfromlead','vtiger_account',1,'56','isconvertedfromlead','Is Converted From Lead',1,2,'no',100,24,9,1,'C~O',1,0,'BAS',1,'',0,NULL,0),(4,724,'isconvertedfromlead','vtiger_contactdetails',1,'56','isconvertedfromlead','Is Converted From Lead',1,2,'no',100,29,4,1,'C~O',1,0,'BAS',1,'',0,NULL,0),(2,725,'isconvertedfromlead','vtiger_potential',1,'56','isconvertedfromlead','Is Converted From Lead',1,2,'no',100,19,1,1,'C~O',1,0,'BAS',1,'',0,NULL,0),(29,726,'default_record_view','vtiger_users',1,'16','default_record_view','Default Record View',1,2,'Summary',100,19,79,1,'V~O',1,0,'BAS',1,'',0,NULL,0),(23,727,'received','vtiger_invoice',1,'72','received','Received',1,2,'0',100,24,67,3,'N~O',1,0,'BAS',1,'',0,NULL,0),(23,728,'balance','vtiger_invoice',1,'72','balance','Balance',1,2,'0',100,25,67,3,'N~O',1,0,'BAS',1,'',0,NULL,0),(21,729,'paid','vtiger_purchaseorder',1,'72','paid','Paid',1,2,'0',100,24,55,3,'N~O',1,0,'BAS',1,'',0,NULL,0),(21,730,'balance','vtiger_purchaseorder',1,'72','balance','Balance',1,2,'0',100,25,55,3,'N~O',1,0,'BAS',1,'',0,NULL,0),(18,731,'smownerid','vtiger_crmentity',1,'53','assigned_user_id','Assigned To',1,2,'',100,13,42,1,'V~M',1,0,'BAS',1,'',0,NULL,0),(7,732,'emailoptout','vtiger_leaddetails',1,'56','emailoptout','Email Opt Out',1,0,'',100,24,13,1,'C~O',1,0,'BAS',1,'',0,NULL,0),(42,733,'userid','vtiger_modcomments',1,'10','userid','UserId',1,2,'',100,7,98,3,'V~O',1,0,'BAS',1,'',0,NULL,0),(42,734,'reasontoedit','vtiger_modcomments',1,'19','reasontoedit','ReasonToEdit',1,2,'',100,8,98,1,'V~O',1,0,'BAS',1,'',0,NULL,0),(23,735,'s_h_percent','vtiger_invoice',1,'1','hdnS_H_Percent','S&H Percent',0,2,'',100,10,113,5,'N~O',0,1,'BAS',0,'',0,NULL,0),(20,736,'s_h_percent','vtiger_quotes',1,'1','hdnS_H_Percent','S&H Percent',0,2,'',100,10,116,5,'N~O',0,1,'BAS',0,'',0,NULL,0),(21,737,'s_h_percent','vtiger_purchaseorder',1,'1','hdnS_H_Percent','S&H Percent',0,2,'',100,10,115,5,'N~O',0,1,'BAS',0,'',0,NULL,0),(22,738,'s_h_percent','vtiger_salesorder',1,'1','hdnS_H_Percent','S&H Percent',0,2,'',100,10,114,5,'N~O',0,1,'BAS',0,'',0,NULL,0),(29,739,'leftpanelhide','vtiger_users',1,'56','leftpanelhide','Left Panel Hide',1,2,'0',100,20,79,1,'V~O',1,0,'BAS',1,'',0,NULL,0),(2,740,'contact_id','vtiger_potential',1,'10','contact_id','Contact Name',1,2,'',100,4,1,1,'V~O',1,0,'BAS',1,'',1,NULL,0),(13,741,'contact_id','vtiger_troubletickets',1,'10','contact_id','Contact Name',1,2,'',100,3,25,1,'V~O',1,0,'BAS',1,'',1,NULL,0),(29,742,'rowheight','vtiger_users',1,'16','rowheight','Row Height',1,2,'medium',100,21,79,1,'V~O',1,0,'BAS',1,'',0,NULL,0),(29,743,'defaulteventstatus','vtiger_users',1,'15','defaulteventstatus','Default Event Status',1,2,'Planned',100,9,118,1,'V~O',1,0,'BAS',1,'',0,NULL,0),(29,744,'defaultactivitytype','vtiger_users',1,'15','defaultactivitytype','Default Activity Type',1,2,'Call',100,10,118,1,'V~O',1,0,'BAS',1,'',0,NULL,0),(29,745,'hidecompletedevents','vtiger_users',1,'56','hidecompletedevents','LBL_HIDE_COMPLETED_EVENTS',1,2,'0',100,13,118,1,'C~O',1,0,'BAS',1,'',0,NULL,0),(14,772,'purchase_cost','vtiger_products',1,'71','purchase_cost','Purchase Cost',1,0,'',100,5,32,1,'N~O',1,0,'BAS',1,'',0,NULL,0),(36,773,'purchase_cost','vtiger_service',1,'71','purchase_cost','Purchase Cost',1,0,'',100,5,92,1,'N~O',1,0,'BAS',1,'',0,NULL,0),(23,774,'potential_id','vtiger_invoice',1,'10','potential_id','Potential Name',1,2,'',100,26,67,1,'I~O',1,0,'BAS',1,'',0,NULL,0),(29,775,'defaultcalendarview','vtiger_users',1,'16','defaultcalendarview','Default Calendar View',1,0,'MyCalendar',100,14,118,1,'V~O',1,0,'BAS',1,'',0,NULL,0),(23,776,'image','vtiger_inventoryproductrel',1,'56','image','Image',0,1,'',100,14,113,5,'V~O',1,0,'BAS',0,'',0,NULL,0),(23,777,'purchase_cost','vtiger_inventoryproductrel',1,'71','purchase_cost','Purchase Cost',0,1,'',100,15,113,5,'N~O',1,0,'BAS',0,'',0,NULL,0),(23,778,'margin','vtiger_inventoryproductrel',1,'71','margin','Margin',0,1,'',100,16,113,5,'N~O',1,0,'BAS',0,'',0,NULL,0),(20,779,'image','vtiger_inventoryproductrel',1,'56','image','Image',0,1,'',100,15,116,5,'V~O',1,0,'BAS',0,'',0,NULL,0),(20,780,'purchase_cost','vtiger_inventoryproductrel',1,'71','purchase_cost','Purchase Cost',0,1,'',100,16,116,5,'N~O',1,0,'BAS',0,'',0,NULL,0),(20,781,'margin','vtiger_inventoryproductrel',1,'71','margin','Margin',0,1,'',100,17,116,5,'N~O',1,0,'BAS',0,'',0,NULL,0),(21,782,'image','vtiger_inventoryproductrel',1,'56','image','Image',0,1,'',100,15,115,5,'V~O',1,0,'BAS',0,'',0,NULL,0),(22,783,'image','vtiger_inventoryproductrel',1,'56','image','Image',0,1,'',100,16,114,5,'V~O',1,0,'BAS',0,'',0,NULL,0),(22,784,'purchase_cost','vtiger_inventoryproductrel',1,'71','purchase_cost','Purchase Cost',0,1,'',100,17,114,5,'N~O',1,0,'BAS',0,'',0,NULL,0),(22,785,'margin','vtiger_inventoryproductrel',1,'71','margin','Margin',0,1,'',100,18,114,5,'N~O',1,0,'BAS',0,'',0,NULL,0),(42,786,'is_private','vtiger_modcomments',1,'7','is_private','Is Private',1,2,'',100,9,98,1,'I~O',1,0,'BAS',1,'',0,NULL,0),(42,787,'filename','vtiger_modcomments',1,'61','filename','Attachment',1,0,'',100,10,98,1,'V~O',1,0,'BAS',1,'',0,NULL,0),(42,788,'related_email_id','vtiger_modcomments',1,'1','related_email_id','Related Email Id',1,2,'0',100,11,98,1,'I~O',1,0,'BAS',1,'',0,NULL,0),(2,789,'source','vtiger_crmentity',1,'1','source','Source',1,2,'',100,20,1,2,'V~O',3,7,'BAS',0,'',0,NULL,0),(4,790,'source','vtiger_crmentity',1,'1','source','Source',1,2,'',100,30,4,2,'V~O',3,7,'BAS',0,'',0,NULL,0),(6,791,'source','vtiger_crmentity',1,'1','source','Source',1,2,'',100,25,9,2,'V~O',3,5,'BAS',0,'',0,NULL,0),(7,792,'source','vtiger_crmentity',1,'1','source','Source',1,2,'',100,25,13,2,'V~O',3,7,'BAS',0,'',0,NULL,0),(8,793,'source','vtiger_crmentity',1,'1','source','Source',1,2,'',100,13,17,2,'V~O',3,4,'BAS',0,'',0,NULL,0),(9,794,'source','vtiger_crmentity',1,'1','source','Source',1,2,'',100,23,19,2,'V~O',3,5,'BAS',0,'',0,NULL,0),(10,795,'source','vtiger_crmentity',1,'1','source','Source',1,2,'',100,13,21,2,'V~O',3,1,'BAS',0,'',0,NULL,0),(13,796,'source','vtiger_crmentity',1,'1','source','Source',1,2,'',100,18,25,2,'V~O',3,5,'BAS',0,'',0,NULL,0),(14,797,'source','vtiger_crmentity',1,'1','source','Source',1,2,'',100,23,31,2,'V~O',3,6,'BAS',0,'',0,NULL,0),(15,798,'source','vtiger_crmentity',1,'1','source','Source',1,2,'',100,9,37,2,'V~O',3,1,'BAS',0,'',0,NULL,0),(16,799,'source','vtiger_crmentity',1,'1','source','Source',1,2,'',100,23,39,2,'V~O',3,7,'BAS',0,'',0,NULL,0),(18,800,'source','vtiger_crmentity',1,'1','source','Source',1,2,'',100,14,42,2,'V~O',3,4,'BAS',0,'',0,NULL,0),(19,801,'source','vtiger_crmentity',1,'1','source','Source',1,2,'',100,8,46,2,'V~O',3,4,'BAS',0,'',0,NULL,0),(20,802,'source','vtiger_crmentity',1,'1','source','Source',1,2,'',100,24,49,2,'V~O',3,2,'BAS',0,'',0,NULL,0),(21,803,'source','vtiger_crmentity',1,'1','source','Source',1,2,'',100,26,55,2,'V~O',3,2,'BAS',0,'',0,NULL,0),(22,804,'source','vtiger_crmentity',1,'1','source','Source',1,2,'',100,24,61,2,'V~O',3,2,'BAS',0,'',0,NULL,0),(23,805,'source','vtiger_crmentity',1,'1','source','Source',1,2,'',100,27,67,2,'V~O',3,2,'BAS',0,'',0,NULL,0),(26,806,'source','vtiger_crmentity',1,'1','source','Source',1,2,'',100,17,74,2,'V~O',3,8,'BAS',0,'',0,NULL,0),(10,807,'click_count','vtiger_email_track',1,'25','click_count','Click Count',1,2,'0',100,14,21,3,'I~O',0,2,'BAS',0,'',0,NULL,0),(2,808,'starred','vtiger_crmentity_user_field',1,'56','starred','starred',1,2,'',100,21,1,6,'C~O',3,8,'BAS',0,'',0,NULL,0),(4,809,'starred','vtiger_crmentity_user_field',1,'56','starred','starred',1,2,'',100,31,4,6,'C~O',3,8,'BAS',0,'',0,NULL,0),(6,810,'starred','vtiger_crmentity_user_field',1,'56','starred','starred',1,2,'',100,26,9,6,'C~O',3,6,'BAS',0,'',0,NULL,0),(7,811,'starred','vtiger_crmentity_user_field',1,'56','starred','starred',1,2,'',100,26,13,6,'C~O',3,8,'BAS',0,'',0,NULL,0),(8,812,'starred','vtiger_crmentity_user_field',1,'56','starred','starred',1,2,'',100,14,17,6,'C~O',3,5,'BAS',0,'',0,NULL,0),(9,813,'starred','vtiger_crmentity_user_field',1,'56','starred','starred',1,2,'',100,24,19,6,'C~O',3,6,'BAS',0,'',0,NULL,0),(10,814,'starred','vtiger_crmentity_user_field',1,'56','starred','starred',1,2,'',100,15,21,6,'C~O',3,3,'BAS',0,'',0,NULL,0),(13,815,'starred','vtiger_crmentity_user_field',1,'56','starred','starred',1,2,'',100,19,25,6,'C~O',3,6,'BAS',0,'',0,NULL,0),(14,816,'starred','vtiger_crmentity_user_field',1,'56','starred','starred',1,2,'',100,24,31,6,'C~O',3,7,'BAS',0,'',0,NULL,0),(15,817,'starred','vtiger_crmentity_user_field',1,'56','starred','starred',1,2,'',100,10,37,6,'C~O',3,2,'BAS',0,'',0,NULL,0),(16,818,'starred','vtiger_crmentity_user_field',1,'56','starred','starred',1,2,'',100,24,39,6,'C~O',3,8,'BAS',0,'',0,NULL,0),(18,819,'starred','vtiger_crmentity_user_field',1,'56','starred','starred',1,2,'',100,15,42,6,'C~O',3,5,'BAS',0,'',0,NULL,0),(19,820,'starred','vtiger_crmentity_user_field',1,'56','starred','starred',1,2,'',100,9,46,6,'C~O',3,5,'BAS',0,'',0,NULL,0),(20,821,'starred','vtiger_crmentity_user_field',1,'56','starred','starred',1,2,'',100,25,49,6,'C~O',3,3,'BAS',0,'',0,NULL,0),(21,822,'starred','vtiger_crmentity_user_field',1,'56','starred','starred',1,2,'',100,27,55,6,'C~O',3,3,'BAS',0,'',0,NULL,0),(22,823,'starred','vtiger_crmentity_user_field',1,'56','starred','starred',1,2,'',100,25,61,6,'C~O',3,3,'BAS',0,'',0,NULL,0),(23,824,'starred','vtiger_crmentity_user_field',1,'56','starred','starred',1,2,'',100,28,67,6,'C~O',3,3,'BAS',0,'',0,NULL,0),(26,825,'starred','vtiger_crmentity_user_field',1,'56','starred','starred',1,2,'',100,18,74,6,'C~O',3,9,'BAS',0,'',0,NULL,0),(34,826,'starred','vtiger_crmentity_user_field',1,'56','starred','starred',1,2,'',100,18,88,6,'C~O',3,2,'BAS',0,'',0,NULL,0),(2,827,'tags','vtiger_potential',1,'1','tags','tags',1,2,'',100,22,1,6,'V~O',3,9,'BAS',0,'',0,NULL,0),(4,828,'tags','vtiger_contactdetails',1,'1','tags','tags',1,2,'',100,32,4,6,'V~O',3,9,'BAS',0,'',0,NULL,0),(6,829,'tags','vtiger_account',1,'1','tags','tags',1,2,'',100,27,9,6,'V~O',3,7,'BAS',0,'',0,NULL,0),(7,830,'tags','vtiger_leaddetails',1,'1','tags','tags',1,2,'',100,27,13,6,'V~O',3,9,'BAS',0,'',0,NULL,0),(8,831,'tags','vtiger_notes',1,'1','tags','tags',1,2,'',100,15,17,6,'V~O',3,6,'BAS',0,'',0,NULL,0),(9,832,'tags','vtiger_activity',1,'1','tags','tags',1,2,'',100,25,19,6,'V~O',3,7,'BAS',0,'',0,NULL,0),(10,833,'tags','vtiger_activity',1,'1','tags','tags',1,2,'',100,16,21,6,'V~O',3,4,'BAS',0,'',0,NULL,0),(13,834,'tags','vtiger_troubletickets',1,'1','tags','tags',1,2,'',100,20,25,6,'V~O',3,7,'BAS',0,'',0,NULL,0),(14,835,'tags','vtiger_products',1,'1','tags','tags',1,2,'',100,25,31,6,'V~O',3,8,'BAS',0,'',0,NULL,0),(15,836,'tags','vtiger_faq',1,'1','tags','tags',1,2,'',100,11,37,6,'V~O',3,3,'BAS',0,'',0,NULL,0),(16,837,'tags','vtiger_activity',1,'1','tags','tags',1,2,'',100,25,39,6,'V~O',3,9,'BAS',0,'',0,NULL,0),(18,838,'tags','vtiger_vendor',1,'1','tags','tags',1,2,'',100,16,42,6,'V~O',3,6,'BAS',0,'',0,NULL,0),(19,839,'tags','vtiger_pricebook',1,'1','tags','tags',1,2,'',100,10,46,6,'V~O',3,6,'BAS',0,'',0,NULL,0),(20,840,'tags','vtiger_quotes',1,'1','tags','tags',1,2,'',100,26,49,6,'V~O',3,4,'BAS',0,'',0,NULL,0),(21,841,'tags','vtiger_purchaseorder',1,'1','tags','tags',1,2,'',100,28,55,6,'V~O',3,4,'BAS',0,'',0,NULL,0),(22,842,'tags','vtiger_salesorder',1,'1','tags','tags',1,2,'',100,26,61,6,'V~O',3,4,'BAS',0,'',0,NULL,0),(23,843,'tags','vtiger_invoice',1,'1','tags','tags',1,2,'',100,29,67,6,'V~O',3,4,'BAS',0,'',0,NULL,0),(26,844,'tags','vtiger_campaign',1,'1','tags','tags',1,2,'',100,19,74,6,'V~O',3,10,'BAS',0,'',0,NULL,0),(34,845,'tags','vtiger_pbxmanager',1,'1','tags','tags',1,2,'',100,19,88,6,'V~O',3,3,'BAS',0,'',0,NULL,0),(20,846,'region_id','vtiger_quotes',1,'16','region_id','Tax Region',0,2,'',100,18,116,5,'N~O',1,0,'BAS',0,'',0,NULL,0),(21,847,'region_id','vtiger_purchaseorder',1,'16','region_id','Tax Region',0,2,'',100,16,115,5,'N~O',1,0,'BAS',0,'',0,NULL,0),(22,848,'region_id','vtiger_salesorder',1,'16','region_id','Tax Region',0,2,'',100,19,114,5,'N~O',1,0,'BAS',0,'',0,NULL,0),(23,849,'region_id','vtiger_invoice',1,'16','region_id','Tax Region',0,2,'',100,17,113,5,'N~O',1,0,'BAS',0,'',0,NULL,0),(45,850,'isconvertedfrompotential','vtiger_project',1,'56','isconvertedfrompotential','Is Converted From Opportunity',1,2,'',100,13,107,1,'C~O',1,0,'BAS',1,'',0,NULL,0),(45,851,'potentialid','vtiger_project',1,'10','potentialid','Potential Name',1,2,'',100,14,107,1,'I~O',1,0,'BAS',1,'',0,NULL,0),(6,853,'cf_852','vtiger_accountscf',2,'5','cf_852','تاریخ ثبت سازمان',1,2,'',100,28,9,1,'D~O',2,8,'BAS',1,'',0,1,0),(16,950,'cf_949','vtiger_activitycf',2,'16','cf_949','نوع کار',1,2,' ',100,26,39,1,'V~O',1,0,'BAS',1,'',0,0,0);

--
-- Table structure for table `vtiger_field_seq`
--

CREATE TABLE `vtiger_field_seq` (
  `id` int(11) NOT NULL
) ENGINE=InnoDB DEFAULT CHARSET=utf8;

--
-- Dumping data for table `vtiger_field_seq`
--

INSERT INTO `vtiger_field_seq` (`id`) VALUES (950);

--
-- Table structure for table `vtiger_fieldmodulerel`
--

CREATE TABLE `vtiger_fieldmodulerel` (
  `fieldid` int(11) NOT NULL,
  `module` varchar(100) NOT NULL,
  `relmodule` varchar(100) NOT NULL,
  `status` varchar(10) DEFAULT NULL,
  `sequence` int(11) DEFAULT NULL
) ENGINE=InnoDB DEFAULT CHARSET=utf8;

--
-- Dumping data for table `vtiger_fieldmodulerel`
--

INSERT INTO `vtiger_fieldmodulerel` (`fieldid`, `module`, `relmodule`, `status`, `sequence`) VALUES (113,'Potentials','Accounts',NULL,0),(535,'PBXManager','Leads',NULL,NULL),(535,'PBXManager','Contacts',NULL,NULL),(535,'PBXManager','Accounts',NULL,NULL),(549,'ServiceContracts','Contacts',NULL,NULL),(549,'ServiceContracts','Accounts',NULL,NULL),(589,'Assets','Products',NULL,NULL),(595,'Assets','Invoice',NULL,NULL),(600,'Assets','Accounts',NULL,NULL),(601,'Assets','Contacts',NULL,NULL),(613,'ModComments','Leads',NULL,NULL),(613,'ModComments','Contacts',NULL,NULL),(613,'ModComments','Accounts',NULL,NULL),(615,'ModComments','ModComments',NULL,NULL),(613,'ModComments','Potentials',NULL,NULL),(619,'ProjectMilestone','Project',NULL,NULL),(633,'ProjectTask','Project',NULL,NULL),(613,'ModComments','ProjectTask',NULL,NULL),(654,'Project','Accounts',NULL,NULL),(654,'Project','Contacts',NULL,NULL),(613,'ModComments','Project',NULL,NULL),(676,'Invoice','Products',NULL,NULL),(676,'Invoice','Services',NULL,NULL),(685,'SalesOrder','Products',NULL,NULL),(685,'SalesOrder','Services',NULL,NULL),(694,'PurchaseOrder','Products',NULL,NULL),(694,'PurchaseOrder','Services',NULL,NULL),(703,'Quotes','Products',NULL,NULL),(703,'Quotes','Services',NULL,NULL),(714,'ModComments','Contacts',NULL,NULL),(613,'ModComments','HelpDesk',NULL,NULL),(613,'ModComments','Faq',NULL,NULL),(740,'Potentials','Contacts',NULL,NULL),(157,'HelpDesk','Accounts',NULL,NULL),(741,'HelpDesk','Contacts',NULL,NULL),(238,'Accounts','Calendar',NULL,NULL),(238,'Leads','Calendar',NULL,NULL),(238,'HelpDesk','Calendar',NULL,NULL),(238,'Campaigns','Calendar',NULL,NULL),(238,'Potentials','Calendar',NULL,NULL),(238,'PurchaseOrder','Calendar',NULL,NULL),(238,'SalesOrder','Calendar',NULL,NULL),(238,'Quotes','Calendar',NULL,NULL),(238,'Invoice','Calendar',NULL,NULL),(239,'Contacts','Calendar',NULL,NULL),(774,'Invoice','Potentials',NULL,NULL),(613,'ModComments','Invoice',NULL,NULL),(613,'ModComments','Quotes',NULL,NULL),(613,'ModComments','PurchaseOrder',NULL,NULL),(613,'ModComments','SalesOrder',NULL,NULL),(851,'Project','Potentials',NULL,NULL),(926,'Storeinout','Sellerman',NULL,NULL),(927,'Storeinout','Sellerman',NULL,NULL),(938,'Storeinout','Storeman',NULL,NULL),(940,'Storeinout','Storeman',NULL,NULL);

--
-- Table structure for table `vtiger_freetagged_objects`
--

CREATE TABLE `vtiger_freetagged_objects` (
  `tag_id` int(20) NOT NULL DEFAULT 0,
  `tagger_id` int(20) NOT NULL DEFAULT 0,
  `object_id` int(20) NOT NULL DEFAULT 0,
  `tagged_on` timestamp NOT NULL DEFAULT current_timestamp(),
  `module` varchar(100) DEFAULT NULL,
  PRIMARY KEY (`tag_id`,`tagger_id`,`object_id`),
  KEY `freetagged_objects_tag_id_tagger_id_object_id_idx` (`tag_id`,`tagger_id`,`object_id`)
) ENGINE=InnoDB DEFAULT CHARSET=utf8;

--
-- Dumping data for table `vtiger_freetagged_objects`
--

INSERT INTO `vtiger_freetagged_objects` (`tag_id`, `tagger_id`, `object_id`, `tagged_on`, `module`) VALUES (2,5,93,'2018-05-09 07:38:44','PriceBooks');

--
-- Table structure for table `vtiger_freetags`
--

CREATE TABLE `vtiger_freetags` (
  `id` int(19) NOT NULL,
  `tag` varchar(50) NOT NULL DEFAULT '',
  `raw_tag` varchar(50) NOT NULL DEFAULT '',
  `visibility` varchar(100) NOT NULL DEFAULT 'PRIVATE',
  `owner` int(19) NOT NULL,
  PRIMARY KEY (`id`)
) ENGINE=InnoDB DEFAULT CHARSET=utf8;

--
-- Dumping data for table `vtiger_freetags`
--

INSERT INTO `vtiger_freetags` (`id`, `tag`, `raw_tag`, `visibility`, `owner`) VALUES (2,'شماره','شماره','private',5);

--
-- Table structure for table `vtiger_freetags_seq`
--

CREATE TABLE `vtiger_freetags_seq` (
  `id` int(11) NOT NULL
) ENGINE=InnoDB DEFAULT CHARSET=utf8;

--
-- Dumping data for table `vtiger_freetags_seq`
--

INSERT INTO `vtiger_freetags_seq` (`id`) VALUES (2);

--
-- Table structure for table `vtiger_glacct`
--

CREATE TABLE `vtiger_glacct` (
  `glacctid` int(19) NOT NULL AUTO_INCREMENT,
  `glacct` varchar(200) NOT NULL,
  `presence` int(1) NOT NULL DEFAULT 1,
  `picklist_valueid` int(19) NOT NULL DEFAULT 0,
  `sortorderid` int(11) DEFAULT NULL,
  `color` varchar(10) DEFAULT NULL,
  PRIMARY KEY (`glacctid`),
  UNIQUE KEY `glacct_glacct_idx` (`glacct`)
) ENGINE=InnoDB AUTO_INCREMENT=10 DEFAULT CHARSET=utf8;

--
-- Dumping data for table `vtiger_glacct`
--

INSERT INTO `vtiger_glacct` (`glacctid`, `glacct`, `presence`, `picklist_valueid`, `sortorderid`, `color`) VALUES (1,'300-Sales-Software',1,51,0,NULL),(2,'301-Sales-Hardware',1,52,1,NULL),(3,'302-Rental-Income',1,53,2,NULL),(4,'303-Interest-Income',1,54,3,NULL),(5,'304-Sales-Software-Support',1,55,4,NULL),(6,'305-Sales Other',1,56,5,NULL),(7,'306-Internet Sales',1,57,6,NULL),(8,'307-Service-Hardware Labor',1,58,7,NULL),(9,'308-Sales-Books',1,59,8,NULL);

--
-- Table structure for table `vtiger_glacct_seq`
--

CREATE TABLE `vtiger_glacct_seq` (
  `id` int(11) NOT NULL
) ENGINE=InnoDB DEFAULT CHARSET=utf8;

--
-- Dumping data for table `vtiger_glacct_seq`
--

INSERT INTO `vtiger_glacct_seq` (`id`) VALUES (9);

--
-- Table structure for table `vtiger_google_event_calendar_mapping`
--

CREATE TABLE `vtiger_google_event_calendar_mapping` (
  `event_id` varchar(255) DEFAULT NULL,
  `calendar_id` varchar(255) DEFAULT NULL,
  `user_id` int(11) NOT NULL
) ENGINE=InnoDB DEFAULT CHARSET=utf8;

--
-- Dumping data for table `vtiger_google_event_calendar_mapping`
--


--
-- Table structure for table `vtiger_google_oauth2`
--

CREATE TABLE `vtiger_google_oauth2` (
  `service` varchar(20) DEFAULT NULL,
  `access_token` varchar(500) DEFAULT NULL,
  `refresh_token` varchar(500) DEFAULT NULL,
  `userid` int(19) DEFAULT NULL
) ENGINE=InnoDB DEFAULT CHARSET=utf8;

--
-- Dumping data for table `vtiger_google_oauth2`
--


--
-- Table structure for table `vtiger_google_sync_fieldmapping`
--

CREATE TABLE `vtiger_google_sync_fieldmapping` (
  `vtiger_field` varchar(255) DEFAULT NULL,
  `google_field` varchar(255) DEFAULT NULL,
  `google_field_type` varchar(255) DEFAULT NULL,
  `google_custom_label` varchar(255) DEFAULT NULL,
  `user` int(11) DEFAULT NULL
) ENGINE=InnoDB DEFAULT CHARSET=utf8;

--
-- Dumping data for table `vtiger_google_sync_fieldmapping`
--


--
-- Table structure for table `vtiger_google_sync_settings`
--

CREATE TABLE `vtiger_google_sync_settings` (
  `user` int(11) DEFAULT NULL,
  `module` varchar(50) DEFAULT NULL,
  `clientgroup` varchar(255) DEFAULT NULL,
  `direction` varchar(50) DEFAULT NULL,
  `enabled` tinyint(3) DEFAULT 1
) ENGINE=InnoDB DEFAULT CHARSET=utf8;

--
-- Dumping data for table `vtiger_google_sync_settings`
--


--
-- Table structure for table `vtiger_group2grouprel`
--

CREATE TABLE `vtiger_group2grouprel` (
  `groupid` int(19) NOT NULL,
  `containsgroupid` int(19) NOT NULL,
  PRIMARY KEY (`groupid`,`containsgroupid`),
  CONSTRAINT `fk_2_vtiger_group2grouprel` FOREIGN KEY (`groupid`) REFERENCES `vtiger_groups` (`groupid`) ON DELETE CASCADE ON UPDATE CASCADE
) ENGINE=InnoDB DEFAULT CHARSET=utf8;

--
-- Dumping data for table `vtiger_group2grouprel`
--


--
-- Table structure for table `vtiger_group2role`
--

CREATE TABLE `vtiger_group2role` (
  `groupid` int(19) NOT NULL,
  `roleid` varchar(255) NOT NULL,
  PRIMARY KEY (`groupid`,`roleid`),
  KEY `fk_2_vtiger_group2role` (`roleid`),
  CONSTRAINT `fk_2_vtiger_group2role` FOREIGN KEY (`roleid`) REFERENCES `vtiger_role` (`roleid`) ON DELETE CASCADE
) ENGINE=InnoDB DEFAULT CHARSET=utf8;

--
-- Dumping data for table `vtiger_group2role`
--

INSERT INTO `vtiger_group2role` (`groupid`, `roleid`) VALUES (2,'H4'),(3,'H2'),(4,'H3');

--
-- Table structure for table `vtiger_group2rs`
--

CREATE TABLE `vtiger_group2rs` (
  `groupid` int(19) NOT NULL,
  `roleandsubid` varchar(255) NOT NULL,
  PRIMARY KEY (`groupid`,`roleandsubid`),
  KEY `fk_2_vtiger_group2rs` (`roleandsubid`),
  CONSTRAINT `fk_2_vtiger_group2rs` FOREIGN KEY (`roleandsubid`) REFERENCES `vtiger_role` (`roleid`) ON DELETE CASCADE
) ENGINE=InnoDB DEFAULT CHARSET=utf8;

--
-- Dumping data for table `vtiger_group2rs`
--

INSERT INTO `vtiger_group2rs` (`groupid`, `roleandsubid`) VALUES (2,'H5'),(3,'H3'),(4,'H3');

--
-- Table structure for table `vtiger_groups`
--

CREATE TABLE `vtiger_groups` (
  `groupid` int(19) NOT NULL,
  `groupname` varchar(100) DEFAULT NULL,
  `description` text DEFAULT NULL,
  PRIMARY KEY (`groupid`),
  UNIQUE KEY `groups_groupname_idx` (`groupname`)
) ENGINE=InnoDB DEFAULT CHARSET=utf8;

--
-- Dumping data for table `vtiger_groups`
--

INSERT INTO `vtiger_groups` (`groupid`, `groupname`, `description`) VALUES (2,'Team Selling','Group Related to Sales'),(3,'Marketing Group','Group Related to Marketing Activities'),(4,'Support Group','Group Related to providing Support to Customers');

--
-- Table structure for table `vtiger_home_layout`
--

CREATE TABLE `vtiger_home_layout` (
  `userid` int(19) NOT NULL,
  `layout` int(19) NOT NULL DEFAULT 4,
  PRIMARY KEY (`userid`)
) ENGINE=InnoDB DEFAULT CHARSET=utf8;

--
-- Dumping data for table `vtiger_home_layout`
--


--
-- Table structure for table `vtiger_homedashbd`
--

CREATE TABLE `vtiger_homedashbd` (
  `stuffid` int(19) NOT NULL DEFAULT 0,
  `dashbdname` varchar(100) DEFAULT NULL,
  `dashbdtype` varchar(100) DEFAULT NULL,
  PRIMARY KEY (`stuffid`),
  KEY `stuff_stuffid_idx` (`stuffid`),
  CONSTRAINT `fk_1_vtiger_homedashbd` FOREIGN KEY (`stuffid`) REFERENCES `vtiger_homestuff` (`stuffid`) ON DELETE CASCADE
) ENGINE=InnoDB DEFAULT CHARSET=utf8;

--
-- Dumping data for table `vtiger_homedashbd`
--


--
-- Table structure for table `vtiger_homedefault`
--

CREATE TABLE `vtiger_homedefault` (
  `stuffid` int(19) NOT NULL DEFAULT 0,
  `hometype` varchar(30) NOT NULL,
  `maxentries` int(19) DEFAULT NULL,
  `setype` varchar(30) DEFAULT NULL,
  PRIMARY KEY (`stuffid`),
  KEY `stuff_stuffid_idx` (`stuffid`),
  CONSTRAINT `fk_1_vtiger_homedefault` FOREIGN KEY (`stuffid`) REFERENCES `vtiger_homestuff` (`stuffid`) ON DELETE CASCADE
) ENGINE=InnoDB DEFAULT CHARSET=utf8;

--
-- Dumping data for table `vtiger_homedefault`
--

INSERT INTO `vtiger_homedefault` (`stuffid`, `hometype`, `maxentries`, `setype`) VALUES (1,'ALVT',5,'Accounts'),(2,'HDB',5,'Dashboard'),(3,'PLVT',5,'Potentials'),(4,'QLTQ',5,'Quotes'),(5,'CVLVT',5,'NULL'),(6,'HLT',5,'HelpDesk'),(7,'UA',5,'Calendar'),(8,'GRT',5,'NULL'),(9,'OLTSO',5,'SalesOrder'),(10,'ILTI',5,'Invoice'),(11,'MNL',5,'Leads'),(12,'OLTPO',5,'PurchaseOrder'),(13,'PA',5,'Calendar'),(14,'LTFAQ',5,'Faq');

--
-- Table structure for table `vtiger_homemodule`
--

CREATE TABLE `vtiger_homemodule` (
  `stuffid` int(19) NOT NULL,
  `modulename` varchar(100) DEFAULT NULL,
  `maxentries` int(19) NOT NULL,
  `customviewid` int(19) NOT NULL,
  `setype` varchar(30) NOT NULL,
  PRIMARY KEY (`stuffid`),
  KEY `stuff_stuffid_idx` (`stuffid`),
  CONSTRAINT `fk_1_vtiger_homemodule` FOREIGN KEY (`stuffid`) REFERENCES `vtiger_homestuff` (`stuffid`) ON DELETE CASCADE
) ENGINE=InnoDB DEFAULT CHARSET=utf8;

--
-- Dumping data for table `vtiger_homemodule`
--


--
-- Table structure for table `vtiger_homemoduleflds`
--

CREATE TABLE `vtiger_homemoduleflds` (
  `stuffid` int(19) DEFAULT NULL,
  `fieldname` varchar(100) DEFAULT NULL,
  KEY `stuff_stuffid_idx` (`stuffid`),
  CONSTRAINT `fk_1_vtiger_homemoduleflds` FOREIGN KEY (`stuffid`) REFERENCES `vtiger_homemodule` (`stuffid`) ON DELETE CASCADE
) ENGINE=InnoDB DEFAULT CHARSET=utf8;

--
-- Dumping data for table `vtiger_homemoduleflds`
--


--
-- Table structure for table `vtiger_homereportchart`
--

CREATE TABLE `vtiger_homereportchart` (
  `stuffid` int(11) NOT NULL,
  `reportid` int(19) DEFAULT NULL,
  `reportcharttype` varchar(100) DEFAULT NULL,
  PRIMARY KEY (`stuffid`)
) ENGINE=InnoDB DEFAULT CHARSET=utf8;

--
-- Dumping data for table `vtiger_homereportchart`
--


--
-- Table structure for table `vtiger_homerss`
--

CREATE TABLE `vtiger_homerss` (
  `stuffid` int(19) NOT NULL DEFAULT 0,
  `url` varchar(100) DEFAULT NULL,
  `maxentries` int(19) NOT NULL,
  PRIMARY KEY (`stuffid`),
  KEY `stuff_stuffid_idx` (`stuffid`),
  CONSTRAINT `fk_1_vtiger_homerss` FOREIGN KEY (`stuffid`) REFERENCES `vtiger_homestuff` (`stuffid`) ON DELETE CASCADE
) ENGINE=InnoDB DEFAULT CHARSET=utf8;

--
-- Dumping data for table `vtiger_homerss`
--


--
-- Table structure for table `vtiger_homestuff`
--

CREATE TABLE `vtiger_homestuff` (
  `stuffid` int(19) NOT NULL DEFAULT 0,
  `stuffsequence` int(19) NOT NULL DEFAULT 0,
  `stufftype` varchar(100) DEFAULT NULL,
  `userid` int(19) NOT NULL,
  `visible` int(10) NOT NULL DEFAULT 0,
  `stufftitle` varchar(100) DEFAULT NULL,
  PRIMARY KEY (`stuffid`),
  KEY `stuff_stuffid_idx` (`stuffid`),
  KEY `fk_1_vtiger_homestuff` (`userid`),
  CONSTRAINT `fk_1_vtiger_homestuff` FOREIGN KEY (`userid`) REFERENCES `vtiger_users` (`id`) ON DELETE CASCADE
) ENGINE=InnoDB DEFAULT CHARSET=utf8;

--
-- Dumping data for table `vtiger_homestuff`
--

INSERT INTO `vtiger_homestuff` (`stuffid`, `stuffsequence`, `stufftype`, `userid`, `visible`, `stufftitle`) VALUES (1,1,'Default',1,1,'Top Accounts'),(2,2,'Default',1,1,'Home Page Dashboard'),(3,3,'Default',1,1,'Top Potentials'),(4,4,'Default',1,1,'Top Quotes'),(5,5,'Default',1,1,'Key Metrics'),(6,6,'Default',1,1,'Top Trouble Tickets'),(7,7,'Default',1,1,'Upcoming Activities'),(8,8,'Default',1,1,'My Group Allocation'),(9,9,'Default',1,1,'Top Sales Orders'),(10,10,'Default',1,1,'Top Invoices'),(11,11,'Default',1,1,'My New Leads'),(12,12,'Default',1,1,'Top Purchase Orders'),(13,13,'Default',1,1,'Pending Activities'),(14,14,'Default',1,1,'My Recent FAQs'),(15,15,'Tag Cloud',1,0,'Tag Cloud');

--
-- Table structure for table `vtiger_homestuff_seq`
--

CREATE TABLE `vtiger_homestuff_seq` (
  `id` int(11) NOT NULL
) ENGINE=InnoDB DEFAULT CHARSET=utf8;

--
-- Dumping data for table `vtiger_homestuff_seq`
--

INSERT INTO `vtiger_homestuff_seq` (`id`) VALUES (75);

--
-- Table structure for table `vtiger_hour_format`
--

CREATE TABLE `vtiger_hour_format` (
  `hour_formatid` int(11) NOT NULL AUTO_INCREMENT,
  `hour_format` varchar(200) NOT NULL,
  `sortorderid` int(11) DEFAULT NULL,
  `presence` int(11) NOT NULL DEFAULT 1,
  PRIMARY KEY (`hour_formatid`)
) ENGINE=InnoDB AUTO_INCREMENT=3 DEFAULT CHARSET=utf8;

--
-- Dumping data for table `vtiger_hour_format`
--

INSERT INTO `vtiger_hour_format` (`hour_formatid`, `hour_format`, `sortorderid`, `presence`) VALUES (1,'12',0,1),(2,'24',1,1);

--
-- Table structure for table `vtiger_hour_format_seq`
--

CREATE TABLE `vtiger_hour_format_seq` (
  `id` int(11) NOT NULL
) ENGINE=InnoDB DEFAULT CHARSET=utf8;

--
-- Dumping data for table `vtiger_hour_format_seq`
--

INSERT INTO `vtiger_hour_format_seq` (`id`) VALUES (2);

--
-- Table structure for table `vtiger_import_locks`
--

CREATE TABLE `vtiger_import_locks` (
  `vtiger_import_lock_id` int(11) NOT NULL,
  `userid` int(11) NOT NULL,
  `tabid` int(11) NOT NULL,
  `importid` int(11) NOT NULL,
  `locked_since` datetime DEFAULT NULL,
  PRIMARY KEY (`vtiger_import_lock_id`)
) ENGINE=InnoDB DEFAULT CHARSET=utf8;

--
-- Dumping data for table `vtiger_import_locks`
--


--
-- Table structure for table `vtiger_import_locks_seq`
--

CREATE TABLE `vtiger_import_locks_seq` (
  `id` int(11) NOT NULL
) ENGINE=MyISAM DEFAULT CHARSET=utf8;

--
-- Dumping data for table `vtiger_import_locks_seq`
--

INSERT INTO `vtiger_import_locks_seq` (`id`) VALUES (1);

--
-- Table structure for table `vtiger_import_maps`
--

CREATE TABLE `vtiger_import_maps` (
  `id` int(19) NOT NULL AUTO_INCREMENT,
  `name` varchar(36) NOT NULL,
  `module` varchar(36) NOT NULL,
  `content` longblob DEFAULT NULL,
  `has_header` int(1) NOT NULL DEFAULT 1,
  `deleted` int(1) NOT NULL DEFAULT 0,
  `date_entered` timestamp NOT NULL DEFAULT current_timestamp() ON UPDATE current_timestamp(),
  `date_modified` datetime DEFAULT NULL,
  `assigned_user_id` varchar(36) DEFAULT NULL,
  `is_published` varchar(3) NOT NULL DEFAULT 'no',
  PRIMARY KEY (`id`),
  KEY `import_maps_assigned_user_id_module_name_deleted_idx` (`assigned_user_id`,`module`,`name`,`deleted`)
) ENGINE=InnoDB DEFAULT CHARSET=utf8;

--
-- Dumping data for table `vtiger_import_maps`
--


--
-- Table structure for table `vtiger_import_queue`
--

CREATE TABLE `vtiger_import_queue` (
  `importid` int(11) NOT NULL,
  `userid` int(11) NOT NULL,
  `tabid` int(11) NOT NULL,
  `field_mapping` text DEFAULT NULL,
  `default_values` text DEFAULT NULL,
  `merge_type` int(11) DEFAULT NULL,
  `merge_fields` text DEFAULT NULL,
  `status` int(11) DEFAULT 0,
  `lineitem_currency_id` int(5) DEFAULT NULL,
  `paging` int(1) DEFAULT 0,
  PRIMARY KEY (`importid`)
) ENGINE=InnoDB DEFAULT CHARSET=utf8;

--
-- Dumping data for table `vtiger_import_queue`
--


--
-- Table structure for table `vtiger_import_queue_seq`
--

CREATE TABLE `vtiger_import_queue_seq` (
  `id` int(11) NOT NULL
) ENGINE=MyISAM DEFAULT CHARSET=utf8;

--
-- Dumping data for table `vtiger_import_queue_seq`
--

INSERT INTO `vtiger_import_queue_seq` (`id`) VALUES (1);

--
-- Table structure for table `vtiger_industry`
--

CREATE TABLE `vtiger_industry` (
  `industryid` int(19) NOT NULL AUTO_INCREMENT,
  `industry` varchar(200) NOT NULL,
  `presence` int(1) NOT NULL DEFAULT 1,
  `picklist_valueid` int(19) NOT NULL DEFAULT 0,
  `sortorderid` int(11) DEFAULT NULL,
  `color` varchar(10) DEFAULT NULL,
  PRIMARY KEY (`industryid`),
  UNIQUE KEY `industry_industry_idx` (`industry`)
) ENGINE=InnoDB AUTO_INCREMENT=33 DEFAULT CHARSET=utf8;

--
-- Dumping data for table `vtiger_industry`
--

INSERT INTO `vtiger_industry` (`industryid`, `industry`, `presence`, `picklist_valueid`, `sortorderid`, `color`) VALUES (2,'Apparel',1,61,1,NULL),(3,'Banking',1,62,2,NULL),(4,'Biotechnology',1,63,3,NULL),(5,'Chemicals',1,64,4,NULL),(6,'Communications',1,65,5,NULL),(7,'Construction',1,66,6,NULL),(8,'Consulting',1,67,7,NULL),(9,'Education',1,68,8,NULL),(10,'Electronics',1,69,9,NULL),(11,'Energy',1,70,10,NULL),(12,'Engineering',1,71,11,NULL),(13,'Entertainment',1,72,12,NULL),(14,'Environmental',1,73,13,NULL),(15,'Finance',1,74,14,NULL),(16,'Food & Beverage',1,75,15,NULL),(17,'Government',1,76,16,NULL),(18,'Healthcare',1,77,17,NULL),(19,'Hospitality',1,78,18,NULL),(20,'Insurance',1,79,19,NULL),(21,'Machinery',1,80,20,NULL),(22,'Manufacturing',1,81,21,NULL),(23,'Media',1,82,22,NULL),(24,'Not For Profit',1,83,23,NULL),(25,'Recreation',1,84,24,NULL),(26,'Retail',1,85,25,NULL),(27,'Shipping',1,86,26,NULL),(28,'Technology',1,87,27,NULL),(29,'Telecommunications',1,88,28,NULL),(30,'Transportation',1,89,29,NULL),(31,'Utilities',1,90,30,NULL),(32,'Other',1,91,31,NULL);

--
-- Table structure for table `vtiger_industry_seq`
--

CREATE TABLE `vtiger_industry_seq` (
  `id` int(11) NOT NULL
) ENGINE=InnoDB DEFAULT CHARSET=utf8;

--
-- Dumping data for table `vtiger_industry_seq`
--

INSERT INTO `vtiger_industry_seq` (`id`) VALUES (32);

--
-- Table structure for table `vtiger_inventory_tandc`
--

CREATE TABLE `vtiger_inventory_tandc` (
  `id` int(19) NOT NULL,
  `type` varchar(30) NOT NULL,
  `tandc` text DEFAULT NULL,
  PRIMARY KEY (`id`)
) ENGINE=InnoDB DEFAULT CHARSET=utf8;

--
-- Dumping data for table `vtiger_inventory_tandc`
--

INSERT INTO `vtiger_inventory_tandc` (`id`, `type`, `tandc`) VALUES (2,'Invoice','\n - Unless otherwise agreed in writing by the supplier all invoices are payable within thirty (30) days of the date of invoice, in the currency of the invoice, drawn on a bank based in India or by such other method as is agreed in advance by the Supplier.\n\n - All prices are not inclusive of VAT which shall be payable in addition by the Customer at the applicable rate.'),(3,'Quotes','\n - Unless otherwise agreed in writing by the supplier all invoices are payable within thirty (30) days of the date of invoice, in the currency of the invoice, drawn on a bank based in India or by such other method as is agreed in advance by the Supplier.\n\n - All prices are not inclusive of VAT which shall be payable in addition by the Customer at the applicable rate.'),(4,'PurchaseOrder','\n - Unless otherwise agreed in writing by the supplier all invoices are payable within thirty (30) days of the date of invoice, in the currency of the invoice, drawn on a bank based in India or by such other method as is agreed in advance by the Supplier.\n\n - All prices are not inclusive of VAT which shall be payable in addition by the Customer at the applicable rate.'),(5,'SalesOrder','\n - Unless otherwise agreed in writing by the supplier all invoices are payable within thirty (30) days of the date of invoice, in the currency of the invoice, drawn on a bank based in India or by such other method as is agreed in advance by the Supplier.\n\n - All prices are not inclusive of VAT which shall be payable in addition by the Customer at the applicable rate.');

--
-- Table structure for table `vtiger_inventory_tandc_seq`
--

CREATE TABLE `vtiger_inventory_tandc_seq` (
  `id` int(11) NOT NULL
) ENGINE=InnoDB DEFAULT CHARSET=utf8;

--
-- Dumping data for table `vtiger_inventory_tandc_seq`
--

INSERT INTO `vtiger_inventory_tandc_seq` (`id`) VALUES (5);

--
-- Table structure for table `vtiger_inventorycharges`
--

CREATE TABLE `vtiger_inventorycharges` (
  `chargeid` int(5) NOT NULL AUTO_INCREMENT,
  `name` varchar(100) NOT NULL,
  `format` varchar(10) DEFAULT NULL,
  `type` varchar(10) DEFAULT NULL,
  `value` decimal(12,5) DEFAULT NULL,
  `regions` text DEFAULT NULL,
  `istaxable` int(1) NOT NULL DEFAULT 1,
  `taxes` varchar(1024) DEFAULT NULL,
  `deleted` int(1) NOT NULL DEFAULT 0,
  PRIMARY KEY (`chargeid`)
) ENGINE=InnoDB AUTO_INCREMENT=2 DEFAULT CHARSET=utf8;

--
-- Dumping data for table `vtiger_inventorycharges`
--

INSERT INTO `vtiger_inventorycharges` (`chargeid`, `name`, `format`, `type`, `value`, `regions`, `istaxable`, `taxes`, `deleted`) VALUES (1,'Shipping & Handling','Flat','Fixed',0.00000,'[]',1,'[\"1\",\"2\",\"3\"]',0);

--
-- Table structure for table `vtiger_inventorychargesrel`
--

CREATE TABLE `vtiger_inventorychargesrel` (
  `recordid` int(19) NOT NULL,
  `charges` text DEFAULT NULL
) ENGINE=InnoDB DEFAULT CHARSET=utf8;

--
-- Dumping data for table `vtiger_inventorychargesrel`
--

INSERT INTO `vtiger_inventorychargesrel` (`recordid`, `charges`) VALUES (26,'{\"1\":{\"value\":\"0\",\"taxes\":{\"1\":\"4.500\",\"2\":\"10.000\",\"3\":\"12.500\"}}}'),(95,'{\"1\":{\"value\":\"0\",\"taxes\":{\"1\":\"4.500\",\"2\":\"10.000\",\"3\":\"12.500\"}}}'),(102,'{\"1\":{\"value\":\"0\",\"taxes\":{\"1\":\"4.500\",\"2\":\"10.000\",\"3\":\"12.500\"}}}'),(111,'{\"1\":{\"value\":\"0\",\"taxes\":{\"1\":\"4.500\",\"2\":\"10.000\",\"3\":\"12.500\"}}}'),(53,'{\"1\":{\"value\":\"0\",\"taxes\":{\"1\":\"4.500\",\"2\":\"10.000\",\"3\":\"12.500\"}}}'),(168,'{\"1\":{\"value\":\"0\",\"taxes\":{\"1\":\"4.500\",\"2\":\"10.000\",\"3\":\"12.500\"}}}'),(175,'{\"1\":{\"value\":\"0.00000000\",\"taxes\":{\"1\":0,\"2\":0,\"3\":0}}}'),(216,'{\"1\":{\"value\":\"0\",\"taxes\":{\"1\":\"4.500\",\"2\":\"10.000\",\"3\":\"12.500\"}}}'),(220,'{\"1\":{\"value\":\"0\",\"taxes\":{\"1\":\"4.500\",\"2\":\"10.000\",\"3\":\"12.500\"}}}');

--
-- Table structure for table `vtiger_inventorynotification`
--

CREATE TABLE `vtiger_inventorynotification` (
  `notificationid` int(19) NOT NULL AUTO_INCREMENT,
  `notificationname` varchar(200) DEFAULT NULL,
  `notificationsubject` varchar(200) DEFAULT NULL,
  `notificationbody` text DEFAULT NULL,
  `label` varchar(50) DEFAULT NULL,
  `status` varchar(30) DEFAULT NULL,
  PRIMARY KEY (`notificationid`)
) ENGINE=InnoDB AUTO_INCREMENT=4 DEFAULT CHARSET=utf8;

--
-- Dumping data for table `vtiger_inventorynotification`
--

INSERT INTO `vtiger_inventorynotification` (`notificationid`, `notificationname`, `notificationsubject`, `notificationbody`, `label`, `status`) VALUES (1,'InvoiceNotification','{PRODUCTNAME} Stock Level is Low','Dear {HANDLER},\n\nThe current stock of {PRODUCTNAME} in our warehouse is {CURRENTSTOCK}. Kindly procure required number of units as the stock level is below reorder level {REORDERLEVELVALUE}.\n\nPlease treat this information as Urgent as the invoice is already sent  to the customer.\n\nSeverity: Critical\n\nThanks,\n{CURRENTUSER} ','InvoiceNotificationDescription',NULL),(2,'QuoteNotification','Quote given for {PRODUCTNAME}','Dear {HANDLER},\n\nQuote is generated for {QUOTEQUANTITY} units of {PRODUCTNAME}. The current stock of {PRODUCTNAME} in our warehouse is {CURRENTSTOCK}.\n\nSeverity: Minor\n\nThanks,\n{CURRENTUSER} ','QuoteNotificationDescription',NULL),(3,'SalesOrderNotification','Sales Order generated for {PRODUCTNAME}','Dear {HANDLER},\n\nSalesOrder is generated for {SOQUANTITY} units of {PRODUCTNAME}. The current stock of {PRODUCTNAME} in our warehouse is {CURRENTSTOCK}.\n\nPlease treat this information  with priority as the sales order is already generated.\n\nSeverity: Major\n\nThanks,\n{CURRENTUSER} ','SalesOrderNotificationDescription',NULL);

--
-- Table structure for table `vtiger_inventorynotification_seq`
--

CREATE TABLE `vtiger_inventorynotification_seq` (
  `id` int(11) NOT NULL
) ENGINE=InnoDB DEFAULT CHARSET=utf8;

--
-- Dumping data for table `vtiger_inventorynotification_seq`
--

INSERT INTO `vtiger_inventorynotification_seq` (`id`) VALUES (3);

--
-- Table structure for table `vtiger_inventoryproductrel`
--

CREATE TABLE `vtiger_inventoryproductrel` (
  `id` int(19) DEFAULT NULL,
  `productid` int(19) DEFAULT NULL,
  `sequence_no` int(4) DEFAULT NULL,
  `quantity` decimal(25,3) DEFAULT NULL,
  `listprice` decimal(27,8) DEFAULT NULL,
  `discount_percent` decimal(7,3) DEFAULT NULL,
  `discount_amount` decimal(27,8) DEFAULT NULL,
  `comment` text DEFAULT NULL,
  `description` text DEFAULT NULL,
  `incrementondel` int(11) NOT NULL DEFAULT 0,
  `lineitem_id` int(11) NOT NULL AUTO_INCREMENT,
  `tax1` decimal(7,3) DEFAULT NULL,
  `tax2` decimal(7,3) DEFAULT NULL,
  `tax3` decimal(7,3) DEFAULT NULL,
  `image` varchar(2) DEFAULT NULL,
  `purchase_cost` decimal(27,8) DEFAULT NULL,
  `margin` decimal(27,8) DEFAULT NULL,
  PRIMARY KEY (`lineitem_id`),
  KEY `inventoryproductrel_id_idx` (`id`),
  KEY `inventoryproductrel_productid_idx` (`productid`),
  CONSTRAINT `fk_crmid_vtiger_inventoryproductrel` FOREIGN KEY (`id`) REFERENCES `vtiger_crmentity` (`crmid`) ON DELETE CASCADE
) ENGINE=InnoDB DEFAULT CHARSET=utf8;

--
-- Dumping data for table `vtiger_inventoryproductrel`
--


--
-- Table structure for table `vtiger_inventoryproductrel_seq`
--

CREATE TABLE `vtiger_inventoryproductrel_seq` (
  `id` int(11) NOT NULL
) ENGINE=InnoDB DEFAULT CHARSET=utf8;

--
-- Dumping data for table `vtiger_inventoryproductrel_seq`
--

INSERT INTO `vtiger_inventoryproductrel_seq` (`id`) VALUES (0);

--
-- Table structure for table `vtiger_inventoryshippingrel`
--

CREATE TABLE `vtiger_inventoryshippingrel` (
  `id` int(19) DEFAULT NULL,
  `shtax1` decimal(7,3) DEFAULT NULL,
  `shtax2` decimal(7,3) DEFAULT NULL,
  `shtax3` decimal(7,3) DEFAULT NULL,
  KEY `inventoryishippingrel_id_idx` (`id`)
) ENGINE=InnoDB DEFAULT CHARSET=utf8;

--
-- Dumping data for table `vtiger_inventoryshippingrel`
--


--
-- Table structure for table `vtiger_inventorysubproductrel`
--

CREATE TABLE `vtiger_inventorysubproductrel` (
  `id` int(19) NOT NULL,
  `sequence_no` int(10) NOT NULL,
  `productid` int(19) NOT NULL,
  `quantity` int(19) DEFAULT 1
) ENGINE=InnoDB DEFAULT CHARSET=utf8;

--
-- Dumping data for table `vtiger_inventorysubproductrel`
--


--
-- Table structure for table `vtiger_inventorytaxinfo`
--

CREATE TABLE `vtiger_inventorytaxinfo` (
  `taxid` int(3) NOT NULL,
  `taxname` varchar(50) DEFAULT NULL,
  `taxlabel` varchar(50) DEFAULT NULL,
  `percentage` decimal(7,3) DEFAULT NULL,
  `deleted` int(1) DEFAULT NULL,
  `method` varchar(10) DEFAULT NULL,
  `type` varchar(10) DEFAULT NULL,
  `compoundon` varchar(400) DEFAULT NULL,
  `regions` text DEFAULT NULL,
  PRIMARY KEY (`taxid`),
  KEY `inventorytaxinfo_taxname_idx` (`taxname`)
) ENGINE=InnoDB DEFAULT CHARSET=utf8;

--
-- Dumping data for table `vtiger_inventorytaxinfo`
--

INSERT INTO `vtiger_inventorytaxinfo` (`taxid`, `taxname`, `taxlabel`, `percentage`, `deleted`, `method`, `type`, `compoundon`, `regions`) VALUES (1,'tax1','VAT',4.500,0,'Simple','Fixed','[]','[]'),(2,'tax2','Sales',10.000,0,'Simple','Fixed','[]','[]'),(3,'tax3','Service',12.500,0,'Simple','Fixed','[]','[]');

--
-- Table structure for table `vtiger_inventorytaxinfo_seq`
--

CREATE TABLE `vtiger_inventorytaxinfo_seq` (
  `id` int(11) NOT NULL
) ENGINE=InnoDB DEFAULT CHARSET=utf8;

--
-- Dumping data for table `vtiger_inventorytaxinfo_seq`
--

INSERT INTO `vtiger_inventorytaxinfo_seq` (`id`) VALUES (3);

--
-- Table structure for table `vtiger_invitees`
--

CREATE TABLE `vtiger_invitees` (
  `activityid` int(19) NOT NULL,
  `inviteeid` int(19) NOT NULL,
  `status` varchar(50) DEFAULT NULL,
  PRIMARY KEY (`activityid`,`inviteeid`)
) ENGINE=InnoDB DEFAULT CHARSET=utf8;

--
-- Dumping data for table `vtiger_invitees`
--


--
-- Table structure for table `vtiger_invoice`
--

CREATE TABLE `vtiger_invoice` (
  `invoiceid` int(19) NOT NULL DEFAULT 0,
  `subject` varchar(100) DEFAULT NULL,
  `salesorderid` int(19) DEFAULT NULL,
  `customerno` varchar(100) DEFAULT NULL,
  `contactid` int(19) DEFAULT NULL,
  `notes` varchar(100) DEFAULT NULL,
  `invoicedate` date DEFAULT NULL,
  `duedate` date DEFAULT NULL,
  `invoiceterms` varchar(100) DEFAULT NULL,
  `type` varchar(100) DEFAULT NULL,
  `adjustment` decimal(25,8) DEFAULT NULL,
  `salescommission` decimal(25,3) DEFAULT NULL,
  `exciseduty` decimal(25,3) DEFAULT NULL,
  `subtotal` decimal(25,8) DEFAULT NULL,
  `total` decimal(25,8) DEFAULT NULL,
  `taxtype` varchar(25) DEFAULT NULL,
  `discount_percent` decimal(25,3) DEFAULT NULL,
  `discount_amount` decimal(25,8) DEFAULT NULL,
  `s_h_amount` decimal(25,8) DEFAULT NULL,
  `shipping` varchar(100) DEFAULT NULL,
  `accountid` int(19) DEFAULT NULL,
  `terms_conditions` text DEFAULT NULL,
  `purchaseorder` varchar(200) DEFAULT NULL,
  `invoicestatus` varchar(200) DEFAULT NULL,
  `invoice_no` varchar(100) DEFAULT NULL,
  `currency_id` int(19) NOT NULL DEFAULT 1,
  `conversion_rate` decimal(10,3) NOT NULL DEFAULT 1.000,
  `compound_taxes_info` text DEFAULT NULL,
  `pre_tax_total` decimal(25,8) DEFAULT NULL,
  `received` decimal(25,8) DEFAULT NULL,
  `balance` decimal(25,8) DEFAULT NULL,
  `s_h_percent` decimal(25,8) DEFAULT NULL,
  `potential_id` varchar(100) DEFAULT NULL,
  `tags` varchar(1) DEFAULT NULL,
  `region_id` int(19) DEFAULT NULL,
  PRIMARY KEY (`invoiceid`),
  KEY `invoice_purchaseorderid_idx` (`invoiceid`),
  KEY `fk_2_vtiger_invoice` (`salesorderid`),
  CONSTRAINT `fk_2_vtiger_invoice` FOREIGN KEY (`salesorderid`) REFERENCES `vtiger_salesorder` (`salesorderid`) ON DELETE CASCADE,
  CONSTRAINT `fk_crmid_vtiger_invoice` FOREIGN KEY (`invoiceid`) REFERENCES `vtiger_crmentity` (`crmid`) ON DELETE CASCADE
) ENGINE=InnoDB DEFAULT CHARSET=utf8;

--
-- Dumping data for table `vtiger_invoice`
--


--
-- Table structure for table `vtiger_invoice_recurring_info`
--

CREATE TABLE `vtiger_invoice_recurring_info` (
  `salesorderid` int(11) NOT NULL DEFAULT 0,
  `recurring_frequency` varchar(200) DEFAULT NULL,
  `start_period` date DEFAULT NULL,
  `end_period` date DEFAULT NULL,
  `last_recurring_date` date DEFAULT NULL,
  `payment_duration` varchar(200) DEFAULT NULL,
  `invoice_status` varchar(200) DEFAULT NULL,
  PRIMARY KEY (`salesorderid`),
  CONSTRAINT `fk_salesorderid_vtiger_invoice_recurring_info` FOREIGN KEY (`salesorderid`) REFERENCES `vtiger_salesorder` (`salesorderid`) ON DELETE CASCADE
) ENGINE=InnoDB DEFAULT CHARSET=utf8;

--
-- Dumping data for table `vtiger_invoice_recurring_info`
--


--
-- Table structure for table `vtiger_invoicebillads`
--

CREATE TABLE `vtiger_invoicebillads` (
  `invoicebilladdressid` int(19) NOT NULL DEFAULT 0,
  `bill_city` varchar(30) DEFAULT NULL,
  `bill_code` varchar(30) DEFAULT NULL,
  `bill_country` varchar(30) DEFAULT NULL,
  `bill_state` varchar(30) DEFAULT NULL,
  `bill_street` varchar(250) DEFAULT NULL,
  `bill_pobox` varchar(30) DEFAULT NULL,
  PRIMARY KEY (`invoicebilladdressid`),
  CONSTRAINT `fk_1_vtiger_invoicebillads` FOREIGN KEY (`invoicebilladdressid`) REFERENCES `vtiger_invoice` (`invoiceid`) ON DELETE CASCADE
) ENGINE=InnoDB DEFAULT CHARSET=utf8;

--
-- Dumping data for table `vtiger_invoicebillads`
--


--
-- Table structure for table `vtiger_invoicecf`
--

CREATE TABLE `vtiger_invoicecf` (
  `invoiceid` int(19) NOT NULL DEFAULT 0,
  PRIMARY KEY (`invoiceid`),
  CONSTRAINT `fk_1_vtiger_invoicecf` FOREIGN KEY (`invoiceid`) REFERENCES `vtiger_invoice` (`invoiceid`) ON DELETE CASCADE
) ENGINE=InnoDB DEFAULT CHARSET=utf8;

--
-- Dumping data for table `vtiger_invoicecf`
--


--
-- Table structure for table `vtiger_invoiceshipads`
--

CREATE TABLE `vtiger_invoiceshipads` (
  `invoiceshipaddressid` int(19) NOT NULL DEFAULT 0,
  `ship_city` varchar(30) DEFAULT NULL,
  `ship_code` varchar(30) DEFAULT NULL,
  `ship_country` varchar(30) DEFAULT NULL,
  `ship_state` varchar(30) DEFAULT NULL,
  `ship_street` varchar(250) DEFAULT NULL,
  `ship_pobox` varchar(30) DEFAULT NULL,
  PRIMARY KEY (`invoiceshipaddressid`),
  CONSTRAINT `fk_1_vtiger_invoiceshipads` FOREIGN KEY (`invoiceshipaddressid`) REFERENCES `vtiger_invoice` (`invoiceid`) ON DELETE CASCADE
) ENGINE=InnoDB DEFAULT CHARSET=utf8;

--
-- Dumping data for table `vtiger_invoiceshipads`
--


--
-- Table structure for table `vtiger_invoicestatus`
--

CREATE TABLE `vtiger_invoicestatus` (
  `invoicestatusid` int(19) NOT NULL AUTO_INCREMENT,
  `invoicestatus` varchar(200) NOT NULL,
  `presence` int(1) NOT NULL DEFAULT 1,
  `picklist_valueid` int(19) NOT NULL DEFAULT 0,
  `sortorderid` int(11) DEFAULT NULL,
  `color` varchar(10) DEFAULT NULL,
  PRIMARY KEY (`invoicestatusid`),
  UNIQUE KEY `invoicestatus_invoiestatus_idx` (`invoicestatus`)
) ENGINE=InnoDB AUTO_INCREMENT=8 DEFAULT CHARSET=utf8;

--
-- Dumping data for table `vtiger_invoicestatus`
--

INSERT INTO `vtiger_invoicestatus` (`invoicestatusid`, `invoicestatus`, `presence`, `picklist_valueid`, `sortorderid`, `color`) VALUES (1,'AutoCreated',0,92,0,NULL),(2,'Created',0,93,1,NULL),(3,'Approved',0,94,2,NULL),(4,'Sent',0,95,3,NULL),(5,'Credit Invoice',0,96,4,NULL),(6,'Paid',0,97,5,NULL),(7,'Cancel',1,288,1,NULL);

--
-- Table structure for table `vtiger_invoicestatus_seq`
--

CREATE TABLE `vtiger_invoicestatus_seq` (
  `id` int(11) NOT NULL
) ENGINE=InnoDB DEFAULT CHARSET=utf8;

--
-- Dumping data for table `vtiger_invoicestatus_seq`
--

INSERT INTO `vtiger_invoicestatus_seq` (`id`) VALUES (7);

--
-- Table structure for table `vtiger_invoicestatushistory`
--

CREATE TABLE `vtiger_invoicestatushistory` (
  `historyid` int(19) NOT NULL AUTO_INCREMENT,
  `invoiceid` int(19) NOT NULL,
  `accountname` varchar(100) DEFAULT NULL,
  `total` decimal(10,0) DEFAULT NULL,
  `invoicestatus` varchar(200) DEFAULT NULL,
  `lastmodified` datetime DEFAULT NULL,
  PRIMARY KEY (`historyid`),
  KEY `invoicestatushistory_invoiceid_idx` (`invoiceid`),
  CONSTRAINT `fk_1_vtiger_invoicestatushistory` FOREIGN KEY (`invoiceid`) REFERENCES `vtiger_invoice` (`invoiceid`) ON DELETE CASCADE
) ENGINE=InnoDB DEFAULT CHARSET=utf8;

--
-- Dumping data for table `vtiger_invoicestatushistory`
--


--
-- Table structure for table `vtiger_language`
--

CREATE TABLE `vtiger_language` (
  `id` int(11) NOT NULL AUTO_INCREMENT,
  `name` varchar(50) DEFAULT NULL,
  `prefix` varchar(10) DEFAULT NULL,
  `label` varchar(30) DEFAULT NULL,
  `lastupdated` datetime DEFAULT NULL,
  `sequence` int(11) DEFAULT NULL,
  `isdefault` int(1) DEFAULT NULL,
  `active` int(1) DEFAULT NULL,
  PRIMARY KEY (`id`)
) ENGINE=InnoDB AUTO_INCREMENT=3 DEFAULT CHARSET=utf8;

--
-- Dumping data for table `vtiger_language`
--

INSERT INTO `vtiger_language` (`id`, `name`, `prefix`, `label`, `lastupdated`, `sequence`, `isdefault`, `active`) VALUES (1,'English','en_us','US English','2018-04-22 11:16:24',NULL,1,1),(2,'Persian','fa_ir','Persian','2018-04-22 11:18:08',NULL,0,1);

--
-- Table structure for table `vtiger_language_seq`
--

CREATE TABLE `vtiger_language_seq` (
  `id` int(11) NOT NULL
) ENGINE=InnoDB DEFAULT CHARSET=utf8;

--
-- Dumping data for table `vtiger_language_seq`
--

INSERT INTO `vtiger_language_seq` (`id`) VALUES (2);

--
-- Table structure for table `vtiger_lead_view`
--

CREATE TABLE `vtiger_lead_view` (
  `lead_viewid` int(19) NOT NULL AUTO_INCREMENT,
  `lead_view` varchar(200) NOT NULL,
  `sortorderid` int(19) NOT NULL DEFAULT 0,
  `presence` int(1) NOT NULL DEFAULT 1,
  PRIMARY KEY (`lead_viewid`)
) ENGINE=InnoDB AUTO_INCREMENT=4 DEFAULT CHARSET=utf8;

--
-- Dumping data for table `vtiger_lead_view`
--

INSERT INTO `vtiger_lead_view` (`lead_viewid`, `lead_view`, `sortorderid`, `presence`) VALUES (1,'Today',0,1),(2,'Last 2 Days',1,1),(3,'Last Week',2,1);

--
-- Table structure for table `vtiger_lead_view_seq`
--

CREATE TABLE `vtiger_lead_view_seq` (
  `id` int(11) NOT NULL
) ENGINE=InnoDB DEFAULT CHARSET=utf8;

--
-- Dumping data for table `vtiger_lead_view_seq`
--

INSERT INTO `vtiger_lead_view_seq` (`id`) VALUES (3);

--
-- Table structure for table `vtiger_leadaddress`
--

CREATE TABLE `vtiger_leadaddress` (
  `leadaddressid` int(19) NOT NULL DEFAULT 0,
  `city` varchar(30) DEFAULT NULL,
  `code` varchar(30) DEFAULT NULL,
  `state` varchar(30) DEFAULT NULL,
  `pobox` varchar(30) DEFAULT NULL,
  `country` varchar(30) DEFAULT NULL,
  `phone` varchar(50) DEFAULT NULL,
  `mobile` varchar(50) DEFAULT NULL,
  `fax` varchar(50) DEFAULT NULL,
  `lane` varchar(250) DEFAULT NULL,
  `leadaddresstype` varchar(30) DEFAULT 'Billing',
  PRIMARY KEY (`leadaddressid`),
  CONSTRAINT `fk_1_vtiger_leadaddress` FOREIGN KEY (`leadaddressid`) REFERENCES `vtiger_leaddetails` (`leadid`) ON DELETE CASCADE
) ENGINE=InnoDB DEFAULT CHARSET=utf8;

--
-- Dumping data for table `vtiger_leadaddress`
--


--
-- Table structure for table `vtiger_leaddetails`
--

CREATE TABLE `vtiger_leaddetails` (
  `leadid` int(19) NOT NULL,
  `lead_no` varchar(100) NOT NULL,
  `email` varchar(100) DEFAULT NULL,
  `interest` varchar(50) DEFAULT NULL,
  `firstname` varchar(40) DEFAULT NULL,
  `salutation` varchar(200) DEFAULT NULL,
  `lastname` varchar(80) NOT NULL,
  `company` varchar(100) NOT NULL,
  `annualrevenue` decimal(25,8) DEFAULT NULL,
  `industry` varchar(200) DEFAULT NULL,
  `campaign` varchar(30) DEFAULT NULL,
  `rating` varchar(200) DEFAULT NULL,
  `leadstatus` varchar(200) DEFAULT NULL,
  `leadsource` varchar(200) DEFAULT NULL,
  `converted` int(1) DEFAULT 0,
  `designation` varchar(50) DEFAULT 'SalesMan',
  `licencekeystatus` varchar(50) DEFAULT NULL,
  `space` varchar(250) DEFAULT NULL,
  `comments` text DEFAULT NULL,
  `priority` varchar(50) DEFAULT NULL,
  `demorequest` varchar(50) DEFAULT NULL,
  `partnercontact` varchar(50) DEFAULT NULL,
  `productversion` varchar(20) DEFAULT NULL,
  `product` varchar(50) DEFAULT NULL,
  `maildate` date DEFAULT NULL,
  `nextstepdate` date DEFAULT NULL,
  `fundingsituation` varchar(50) DEFAULT NULL,
  `purpose` varchar(50) DEFAULT NULL,
  `evaluationstatus` varchar(50) DEFAULT NULL,
  `transferdate` date DEFAULT NULL,
  `revenuetype` varchar(50) DEFAULT NULL,
  `noofemployees` int(50) DEFAULT NULL,
  `secondaryemail` varchar(100) DEFAULT NULL,
  `assignleadchk` int(1) DEFAULT 0,
  `emailoptout` varchar(3) DEFAULT NULL,
  `tags` varchar(1) DEFAULT NULL,
  PRIMARY KEY (`leadid`),
  KEY `leaddetails_converted_leadstatus_idx` (`converted`,`leadstatus`),
  KEY `email_idx` (`email`),
  CONSTRAINT `fk_1_vtiger_leaddetails` FOREIGN KEY (`leadid`) REFERENCES `vtiger_crmentity` (`crmid`) ON DELETE CASCADE
) ENGINE=InnoDB DEFAULT CHARSET=utf8;

--
-- Dumping data for table `vtiger_leaddetails`
--


--
-- Table structure for table `vtiger_leadscf`
--

CREATE TABLE `vtiger_leadscf` (
  `leadid` int(19) NOT NULL DEFAULT 0,
  PRIMARY KEY (`leadid`),
  CONSTRAINT `fk_1_vtiger_leadscf` FOREIGN KEY (`leadid`) REFERENCES `vtiger_leaddetails` (`leadid`) ON DELETE CASCADE
) ENGINE=InnoDB DEFAULT CHARSET=utf8;

--
-- Dumping data for table `vtiger_leadscf`
--


--
-- Table structure for table `vtiger_leadsource`
--

CREATE TABLE `vtiger_leadsource` (
  `leadsourceid` int(19) NOT NULL AUTO_INCREMENT,
  `leadsource` varchar(200) NOT NULL,
  `presence` int(1) NOT NULL DEFAULT 1,
  `picklist_valueid` int(19) NOT NULL DEFAULT 0,
  `sortorderid` int(11) DEFAULT NULL,
  `color` varchar(10) DEFAULT NULL,
  PRIMARY KEY (`leadsourceid`)
) ENGINE=InnoDB AUTO_INCREMENT=16 DEFAULT CHARSET=utf8;

--
-- Dumping data for table `vtiger_leadsource`
--

INSERT INTO `vtiger_leadsource` (`leadsourceid`, `leadsource`, `presence`, `picklist_valueid`, `sortorderid`, `color`) VALUES (2,'Cold Call',1,99,1,NULL),(3,'Existing Customer',1,100,2,NULL),(4,'Self Generated',1,101,3,NULL),(5,'Employee',1,102,4,NULL),(6,'Partner',1,103,5,NULL),(7,'Public Relations',1,104,6,NULL),(8,'Direct Mail',1,105,7,NULL),(9,'Conference',1,106,8,NULL),(10,'Trade Show',1,107,9,NULL),(11,'Web Site',1,108,10,NULL),(12,'Word of mouth',1,109,11,NULL),(13,'Other',1,110,12,NULL),(14,'خانم زمانی مقدم',1,340,1,NULL),(15,'بازاریاب محمد مهدی شاهپوری',1,341,1,NULL);

--
-- Table structure for table `vtiger_leadsource_seq`
--

CREATE TABLE `vtiger_leadsource_seq` (
  `id` int(11) NOT NULL
) ENGINE=InnoDB DEFAULT CHARSET=utf8;

--
-- Dumping data for table `vtiger_leadsource_seq`
--

INSERT INTO `vtiger_leadsource_seq` (`id`) VALUES (15);

--
-- Table structure for table `vtiger_leadstage`
--

CREATE TABLE `vtiger_leadstage` (
  `leadstageid` int(19) NOT NULL AUTO_INCREMENT,
  `stage` varchar(200) NOT NULL,
  `sortorderid` int(19) NOT NULL DEFAULT 0,
  `presence` int(1) NOT NULL DEFAULT 1,
  PRIMARY KEY (`leadstageid`),
  UNIQUE KEY `leadstage_stage_idx` (`stage`)
) ENGINE=InnoDB DEFAULT CHARSET=utf8;

--
-- Dumping data for table `vtiger_leadstage`
--


--
-- Table structure for table `vtiger_leadstatus`
--

CREATE TABLE `vtiger_leadstatus` (
  `leadstatusid` int(19) NOT NULL AUTO_INCREMENT,
  `leadstatus` varchar(200) NOT NULL,
  `presence` int(1) NOT NULL DEFAULT 1,
  `picklist_valueid` int(19) NOT NULL DEFAULT 0,
  `sortorderid` int(11) DEFAULT NULL,
  `color` varchar(10) DEFAULT NULL,
  PRIMARY KEY (`leadstatusid`)
) ENGINE=InnoDB AUTO_INCREMENT=13 DEFAULT CHARSET=utf8;

--
-- Dumping data for table `vtiger_leadstatus`
--

INSERT INTO `vtiger_leadstatus` (`leadstatusid`, `leadstatus`, `presence`, `picklist_valueid`, `sortorderid`, `color`) VALUES (2,'Attempted to Contact',1,112,1,NULL),(3,'Cold',1,113,2,NULL),(4,'Contact in Future',1,114,3,NULL),(5,'Contacted',1,115,4,NULL),(6,'Hot',1,116,5,NULL),(7,'Junk Lead',1,117,6,NULL),(8,'Lost Lead',1,118,7,NULL),(9,'Not Contacted',1,119,8,NULL),(10,'Pre Qualified',1,120,9,NULL),(11,'Qualified',1,121,10,NULL),(12,'Warm',1,122,11,NULL);

--
-- Table structure for table `vtiger_leadstatus_seq`
--

CREATE TABLE `vtiger_leadstatus_seq` (
  `id` int(11) NOT NULL
) ENGINE=InnoDB DEFAULT CHARSET=utf8;

--
-- Dumping data for table `vtiger_leadstatus_seq`
--

INSERT INTO `vtiger_leadstatus_seq` (`id`) VALUES (12);

--
-- Table structure for table `vtiger_leadsubdetails`
--

CREATE TABLE `vtiger_leadsubdetails` (
  `leadsubscriptionid` int(19) NOT NULL DEFAULT 0,
  `website` varchar(255) DEFAULT NULL,
  `callornot` int(1) DEFAULT 0,
  `readornot` int(1) DEFAULT 0,
  `empct` int(10) DEFAULT 0,
  PRIMARY KEY (`leadsubscriptionid`),
  CONSTRAINT `fk_1_vtiger_leadsubdetails` FOREIGN KEY (`leadsubscriptionid`) REFERENCES `vtiger_leaddetails` (`leadid`) ON DELETE CASCADE
) ENGINE=InnoDB DEFAULT CHARSET=utf8;

--
-- Dumping data for table `vtiger_leadsubdetails`
--


--
-- Table structure for table `vtiger_links`
--

CREATE TABLE `vtiger_links` (
  `linkid` int(11) NOT NULL,
  `tabid` int(11) DEFAULT NULL,
  `linktype` varchar(50) DEFAULT NULL,
  `linklabel` varchar(50) DEFAULT NULL,
  `linkurl` varchar(255) DEFAULT NULL,
  `linkicon` varchar(100) DEFAULT NULL,
  `sequence` int(11) DEFAULT NULL,
  `handler_path` varchar(128) DEFAULT NULL,
  `handler_class` varchar(50) DEFAULT NULL,
  `handler` varchar(50) DEFAULT NULL,
  `parent_link` int(19) DEFAULT NULL,
  PRIMARY KEY (`linkid`),
  KEY `link_tabidtype_idx` (`tabid`,`linktype`)
) ENGINE=InnoDB DEFAULT CHARSET=utf8;

--
-- Dumping data for table `vtiger_links`
--

INSERT INTO `vtiger_links` (`linkid`, `tabid`, `linktype`, `linklabel`, `linkurl`, `linkicon`, `sequence`, `handler_path`, `handler_class`, `handler`, `parent_link`) VALUES (2,6,'DETAILVIEW','LBL_SHOW_ACCOUNT_HIERARCHY','index.php?module=Accounts&action=AccountHierarchy&accountid=$RECORD$','',0,NULL,NULL,NULL,NULL),(5,0,'HEADERSCRIPT','Incoming Calls','modules/PBXManager/resources/PBXManagerJS.js','',0,'modules/PBXManager/PBXManager.php','PBXManager','checkLinkPermission',NULL),(6,4,'DETAILVIEWSIDEBARWIDGET','Google Map','module=Google&view=Map&mode=showMap&viewtype=detail','',0,NULL,NULL,NULL,NULL),(7,7,'DETAILVIEWSIDEBARWIDGET','Google Map','module=Google&view=Map&mode=showMap&viewtype=detail','',0,NULL,NULL,NULL,NULL),(8,6,'DETAILVIEWSIDEBARWIDGET','Google Map','module=Google&view=Map&mode=showMap&viewtype=detail','',0,NULL,NULL,NULL,NULL),(9,4,'LISTVIEWSIDEBARWIDGET','Google Contacts','module=Google&view=List&sourcemodule=Contacts','',0,NULL,NULL,NULL,NULL),(10,9,'LISTVIEWSIDEBARWIDGET','Google Calendar','module=Google&view=List&sourcemodule=Calendar','',0,NULL,NULL,NULL,NULL),(11,7,'DETAILVIEWWIDGET','DetailViewBlockCommentWidget','block://ModComments:modules/ModComments/ModComments.php','',0,NULL,NULL,NULL,NULL),(12,4,'DETAILVIEWWIDGET','DetailViewBlockCommentWidget','block://ModComments:modules/ModComments/ModComments.php','',0,NULL,NULL,NULL,NULL),(13,6,'DETAILVIEWWIDGET','DetailViewBlockCommentWidget','block://ModComments:modules/ModComments/ModComments.php','',0,NULL,NULL,NULL,NULL),(14,2,'DETAILVIEWWIDGET','DetailViewBlockCommentWidget','block://ModComments:modules/ModComments/ModComments.php','',0,NULL,NULL,NULL,NULL),(15,42,'HEADERSCRIPT','ModCommentsCommonHeaderScript','modules/ModComments/ModCommentsCommon.js','',0,NULL,NULL,NULL,NULL),(28,49,'HEADERSCRIPT','ExtensionStoreCommonHeaderScript','modules/ExtensionStore/ExtensionStore.js','',0,NULL,NULL,NULL,NULL),(30,44,'DETAILVIEWWIDGET','DetailViewBlockCommentWidget','block://ModComments:modules/ModComments/ModComments.php','',0,NULL,NULL,NULL,NULL),(31,45,'DETAILVIEWBASIC','Add Project Task','index.php?module=ProjectTask&action=EditView&projectid=$RECORD$&return_module=Project&return_action=DetailView&return_id=$RECORD$','',0,'modules/ProjectTask/ProjectTask.php','ProjectTask','isLinkPermitted',NULL),(33,45,'DETAILVIEWWIDGET','DetailViewBlockCommentWidget','block://ModComments:modules/ModComments/ModComments.php','',0,NULL,NULL,NULL,NULL),(34,2,'DASHBOARDWIDGET','History','index.php?module=Potentials&view=ShowWidget&name=History','',1,NULL,NULL,NULL,NULL),(35,2,'DASHBOARDWIDGET','Upcoming Activities','index.php?module=Potentials&view=ShowWidget&name=CalendarActivities','',2,NULL,NULL,NULL,NULL),(36,2,'DASHBOARDWIDGET','Funnel','index.php?module=Potentials&view=ShowWidget&name=GroupedBySalesStage','',3,NULL,NULL,NULL,NULL),(37,2,'DASHBOARDWIDGET','Potentials by Stage','index.php?module=Potentials&view=ShowWidget&name=GroupedBySalesPerson','',4,NULL,NULL,NULL,NULL),(38,2,'DASHBOARDWIDGET','Pipelined Amount','index.php?module=Potentials&view=ShowWidget&name=PipelinedAmountPerSalesPerson','',5,NULL,NULL,NULL,NULL),(39,2,'DASHBOARDWIDGET','Total Revenue','index.php?module=Potentials&view=ShowWidget&name=TotalRevenuePerSalesPerson','',6,NULL,NULL,NULL,NULL),(40,2,'DASHBOARDWIDGET','Top Potentials','index.php?module=Potentials&view=ShowWidget&name=TopPotentials','',7,NULL,NULL,NULL,NULL),(41,2,'DASHBOARDWIDGET','Overdue Activities','index.php?module=Potentials&view=ShowWidget&name=OverdueActivities','',9,NULL,NULL,NULL,NULL),(42,6,'DASHBOARDWIDGET','History','index.php?module=Accounts&view=ShowWidget&name=History','',1,NULL,NULL,NULL,NULL),(43,6,'DASHBOARDWIDGET','Upcoming Activities','index.php?module=Accounts&view=ShowWidget&name=CalendarActivities','',2,NULL,NULL,NULL,NULL),(44,6,'DASHBOARDWIDGET','Overdue Activities','index.php?module=Accounts&view=ShowWidget&name=OverdueActivities','',3,NULL,NULL,NULL,NULL),(45,4,'DASHBOARDWIDGET','History','index.php?module=Contacts&view=ShowWidget&name=History','',1,NULL,NULL,NULL,NULL),(46,4,'DASHBOARDWIDGET','Upcoming Activities','index.php?module=Contacts&view=ShowWidget&name=CalendarActivities','',2,NULL,NULL,NULL,NULL),(47,4,'DASHBOARDWIDGET','Overdue Activities','index.php?module=Contacts&view=ShowWidget&name=OverdueActivities','',3,NULL,NULL,NULL,NULL),(48,7,'DASHBOARDWIDGET','History','index.php?module=Leads&view=ShowWidget&name=History','',1,NULL,NULL,NULL,NULL),(49,7,'DASHBOARDWIDGET','Upcoming Activities','index.php?module=Leads&view=ShowWidget&name=CalendarActivities','',2,NULL,NULL,NULL,NULL),(50,7,'DASHBOARDWIDGET','Leads by Status','index.php?module=Leads&view=ShowWidget&name=LeadsByStatus','',4,NULL,NULL,NULL,NULL),(51,7,'DASHBOARDWIDGET','Leads by Source','index.php?module=Leads&view=ShowWidget&name=LeadsBySource','',5,NULL,NULL,NULL,NULL),(52,7,'DASHBOARDWIDGET','Leads by Industry','index.php?module=Leads&view=ShowWidget&name=LeadsByIndustry','',6,NULL,NULL,NULL,NULL),(53,7,'DASHBOARDWIDGET','Overdue Activities','index.php?module=Leads&view=ShowWidget&name=OverdueActivities','',7,NULL,NULL,NULL,NULL),(54,13,'DASHBOARDWIDGET','Tickets by Status','index.php?module=HelpDesk&view=ShowWidget&name=TicketsByStatus','',1,NULL,NULL,NULL,NULL),(55,13,'DASHBOARDWIDGET','Open Tickets','index.php?module=HelpDesk&view=ShowWidget&name=OpenTickets','',2,NULL,NULL,NULL,NULL),(56,3,'DASHBOARDWIDGET','History','index.php?module=Home&view=ShowWidget&name=History','',1,NULL,NULL,NULL,NULL),(57,3,'DASHBOARDWIDGET','Upcoming Activities','index.php?module=Home&view=ShowWidget&name=CalendarActivities','',2,NULL,NULL,NULL,NULL),(58,3,'DASHBOARDWIDGET','Funnel','index.php?module=Potentials&view=ShowWidget&name=GroupedBySalesStage','',3,NULL,NULL,NULL,NULL),(59,3,'DASHBOARDWIDGET','Potentials by Stage','index.php?module=Potentials&view=ShowWidget&name=GroupedBySalesPerson','',4,NULL,NULL,NULL,NULL),(60,3,'DASHBOARDWIDGET','Pipelined Amount','index.php?module=Potentials&view=ShowWidget&name=PipelinedAmountPerSalesPerson','',5,NULL,NULL,NULL,NULL),(61,3,'DASHBOARDWIDGET','Total Revenue','index.php?module=Potentials&view=ShowWidget&name=TotalRevenuePerSalesPerson','',6,NULL,NULL,NULL,NULL),(62,3,'DASHBOARDWIDGET','Top Potentials','index.php?module=Potentials&view=ShowWidget&name=TopPotentials','',7,NULL,NULL,NULL,NULL),(63,3,'DASHBOARDWIDGET','Leads by Status','index.php?module=Leads&view=ShowWidget&name=LeadsByStatus','',10,NULL,NULL,NULL,NULL),(64,3,'DASHBOARDWIDGET','Leads by Source','index.php?module=Leads&view=ShowWidget&name=LeadsBySource','',11,NULL,NULL,NULL,NULL),(65,3,'DASHBOARDWIDGET','Leads by Industry','index.php?module=Leads&view=ShowWidget&name=LeadsByIndustry','',12,NULL,NULL,NULL,NULL),(66,3,'DASHBOARDWIDGET','Overdue Activities','index.php?module=Home&view=ShowWidget&name=OverdueActivities','',13,NULL,NULL,NULL,NULL),(67,3,'DASHBOARDWIDGET','Tickets by Status','index.php?module=HelpDesk&view=ShowWidget&name=TicketsByStatus','',13,NULL,NULL,NULL,NULL),(68,3,'DASHBOARDWIDGET','Open Tickets','index.php?module=HelpDesk&view=ShowWidget&name=OpenTickets','',14,NULL,NULL,NULL,NULL),(69,13,'DETAILVIEWWIDGET','DetailViewBlockCommentWidget','block://ModComments:modules/ModComments/ModComments.php','',0,NULL,NULL,NULL,NULL),(70,15,'DETAILVIEWWIDGET','DetailViewBlockCommentWidget','block://ModComments:modules/ModComments/ModComments.php','',0,NULL,NULL,NULL,NULL),(99,3,'DASHBOARDWIDGET','Key Metrics','index.php?module=Home&view=ShowWidget&name=KeyMetrics','',0,NULL,NULL,NULL,NULL),(100,3,'DASHBOARDWIDGET','Mini List','index.php?module=Home&view=ShowWidget&name=MiniList','',0,NULL,NULL,NULL,NULL),(101,3,'DASHBOARDWIDGET','Tag Cloud','index.php?module=Home&view=ShowWidget&name=TagCloud','',0,NULL,NULL,NULL,NULL),(102,2,'DASHBOARDWIDGET','Funnel Amount','index.php?module=Potentials&view=ShowWidget&name=FunnelAmount','',10,NULL,NULL,NULL,NULL),(103,3,'DASHBOARDWIDGET','Funnel Amount','index.php?module=Potentials&view=ShowWidget&name=FunnelAmount','',10,NULL,NULL,NULL,NULL),(104,3,'DASHBOARDWIDGET','Notebook','index.php?module=Home&view=ShowWidget&name=Notebook','',0,NULL,NULL,NULL,NULL),(105,25,'LISTVIEWBASIC','LBL_ADD_RECORD','','',0,NULL,NULL,NULL,NULL),(106,25,'LISTVIEWBASIC','LBL_DETAIL_REPORT','javascript:Reports_List_Js.addReport(\"index.php?module=Reports&view=Edit\")','',0,'modules/Reports/models/Module.php','Reports_Module_Model','checkLinkAccess',105),(107,25,'LISTVIEWBASIC','LBL_CHARTS','javascript:Reports_List_Js.addReport(\"index.php?module=Reports&view=ChartEdit\")','',0,'modules/Reports/models/Module.php','Reports_Module_Model','checkLinkAccess',105),(108,25,'LISTVIEWBASIC','LBL_ADD_FOLDER','javascript:Reports_List_Js.triggerAddFolder(\"index.php?module=Reports&view=EditFolder\")','',0,'modules/Reports/models/Module.php','Reports_Module_Model','checkLinkAccess',NULL),(109,4,'EXTENSIONLINK','Google','index.php?module=Contacts&view=Extension&extensionModule=Google&extensionView=Index','',0,NULL,NULL,NULL,NULL),(110,9,'EXTENSIONLINK','Google','index.php?module=Calendar&view=Extension&extensionModule=Google&extensionView=Index','',0,NULL,NULL,NULL,NULL),(111,50,'HEADERSCRIPT','PDFMakerFreeActionsJS','layouts/v7/modules/PDFMaker/resources/PDFMakerFreeActions.js','',0,NULL,NULL,NULL,NULL),(112,20,'DETAILVIEWSIDEBARWIDGET','PDFMaker','module=PDFMaker&view=GetPDFActions&record=$RECORD$','',0,NULL,NULL,NULL,NULL),(113,20,'LISTVIEWMASSACTION','PDF Export','javascript:PDFMaker_Actions_Js.getPDFListViewPopup2(this,\'$MODULE$\');','',0,NULL,NULL,NULL,NULL),(114,22,'DETAILVIEWSIDEBARWIDGET','PDFMaker','module=PDFMaker&view=GetPDFActions&record=$RECORD$','',0,NULL,NULL,NULL,NULL),(115,22,'LISTVIEWMASSACTION','PDF Export','javascript:PDFMaker_Actions_Js.getPDFListViewPopup2(this,\'$MODULE$\');','',0,NULL,NULL,NULL,NULL),(116,21,'DETAILVIEWSIDEBARWIDGET','PDFMaker','module=PDFMaker&view=GetPDFActions&record=$RECORD$','',0,NULL,NULL,NULL,NULL),(117,21,'LISTVIEWMASSACTION','PDF Export','javascript:PDFMaker_Actions_Js.getPDFListViewPopup2(this,\'$MODULE$\');','',0,NULL,NULL,NULL,NULL),(118,23,'DETAILVIEWSIDEBARWIDGET','PDFMaker','module=PDFMaker&view=GetPDFActions&record=$RECORD$','',0,NULL,NULL,NULL,NULL),(119,23,'LISTVIEWMASSACTION','PDF Export','javascript:PDFMaker_Actions_Js.getPDFListViewPopup2(this,\'$MODULE$\');','',0,NULL,NULL,NULL,NULL),(120,47,'HEADERSCRIPT','SMSNotifierCommonJS','modules/SMSNotifier/SMSNotifierCommon.js','',0,NULL,NULL,NULL,NULL),(121,7,'LISTVIEWBASIC','Send SMS','SMSNotifierCommon.displaySelectWizard(this, \'$MODULE$\');','',0,NULL,NULL,NULL,NULL),(122,7,'DETAILVIEW','Send SMS','javascript:SMSNotifierCommon.displaySelectWizard_DetailView(\'$MODULE$\', \'$RECORD$\');','',0,NULL,NULL,NULL,NULL),(123,4,'LISTVIEWBASIC','Send SMS','SMSNotifierCommon.displaySelectWizard(this, \'$MODULE$\');','',0,NULL,NULL,NULL,NULL),(124,4,'DETAILVIEW','Send SMS','javascript:SMSNotifierCommon.displaySelectWizard_DetailView(\'$MODULE$\', \'$RECORD$\');','',0,NULL,NULL,NULL,NULL),(125,6,'LISTVIEWBASIC','Send SMS','SMSNotifierCommon.displaySelectWizard(this, \'$MODULE$\');','',0,NULL,NULL,NULL,NULL),(126,6,'DETAILVIEW','Send SMS','javascript:SMSNotifierCommon.displaySelectWizard_DetailView(\'$MODULE$\', \'$RECORD$\');','',0,NULL,NULL,NULL,NULL);

--
-- Table structure for table `vtiger_links_seq`
--

CREATE TABLE `vtiger_links_seq` (
  `id` int(11) NOT NULL
) ENGINE=InnoDB DEFAULT CHARSET=utf8;

--
-- Dumping data for table `vtiger_links_seq`
--

INSERT INTO `vtiger_links_seq` (`id`) VALUES (126);

--
-- Table structure for table `vtiger_loginhistory`
--

CREATE TABLE `vtiger_loginhistory` (
  `login_id` int(11) NOT NULL AUTO_INCREMENT,
  `user_name` varchar(255) DEFAULT NULL,
  `user_ip` varchar(25) NOT NULL,
  `logout_time` timestamp NULL DEFAULT NULL,
  `login_time` datetime DEFAULT NULL,
  `status` varchar(25) DEFAULT NULL,
  PRIMARY KEY (`login_id`)
) ENGINE=InnoDB AUTO_INCREMENT=276 DEFAULT CHARSET=utf8;

--
-- Dumping data for table `vtiger_loginhistory`
--

INSERT INTO `vtiger_loginhistory` (`login_id`, `user_name`, `user_ip`, `logout_time`, `login_time`, `status`) VALUES (1,'admin','::1','2018-04-22 05:51:29','2018-04-22 10:19:01','Signed off'),(2,'admin','::1','2018-04-22 05:53:30','2018-04-22 10:23:30','Signed in'),(3,'admin','83.123.55.186','2018-04-23 06:31:19','2018-04-23 11:01:19','Signed in'),(4,'admin','83.123.29.34','2018-04-23 11:45:25','2018-04-23 16:09:39','Signed off'),(5,'demo11','83.123.29.34','2018-04-23 11:56:03','2018-04-23 16:15:30','Signed off'),(6,'admin','83.123.29.34','2018-04-23 11:56:08','2018-04-23 16:26:08','Signed in'),(7,'demo11','188.159.173.184','2018-04-23 23:35:29','2018-04-24 04:05:29','Signed in'),(8,'admin','173.244.217.140','2018-04-24 07:24:55','2018-04-24 11:54:55','Signed in'),(9,'admin','83.123.80.170','2018-04-24 09:01:48','2018-04-24 13:31:48','Signed in'),(10,'demo11','176.65.246.186','2018-04-25 04:06:00','2018-04-25 08:36:00','Signed in'),(11,'demo11','217.60.213.226','2018-04-25 04:31:21','2018-04-25 08:39:28','Signed off'),(12,'demo11','217.60.213.226','2018-04-25 05:39:26','2018-04-25 09:01:23','Signed off'),(13,'demo11','217.60.213.226','2018-04-25 06:13:44','2018-04-25 10:14:41','Signed off'),(14,'demo11','217.60.213.226','2018-04-25 06:14:16','2018-04-25 10:44:16','Signed in'),(15,'demo11','188.158.189.210','2018-04-25 08:21:30','2018-04-25 12:51:30','Signed in'),(16,'admin','176.65.237.215','2018-04-26 03:46:15','2018-04-26 08:16:15','Signed in'),(17,'demo11','83.123.155.139','2018-04-26 04:23:24','2018-04-26 08:53:24','Signed in'),(18,'demo11','83.123.155.139','2018-04-26 05:10:11','2018-04-26 09:40:11','Signed in'),(19,'admin','79.127.27.140','2018-04-27 01:43:59','2018-04-27 06:13:59','Signed in'),(20,'admin','79.127.27.140','2018-04-27 06:47:13','2018-04-27 11:17:13','Signed in'),(21,'admin','37.63.135.23','2018-04-28 07:24:01','2018-04-28 11:54:01','Signed in'),(22,'admin','176.65.204.150','2018-04-28 08:35:33','2018-04-28 13:05:33','Signed in'),(23,'demo11','46.143.252.255','2018-04-29 03:08:46','2018-04-29 07:38:46','Signed in'),(24,'demo11','93.126.18.242','2018-04-29 03:27:58','2018-04-29 07:57:58','Signed in'),(25,'demo11','93.126.18.242','2018-04-29 03:29:32','2018-04-29 07:59:32','Signed in'),(26,'admin','5.126.153.39','2018-04-29 07:49:03','2018-04-29 12:11:09','Signed off'),(27,'admin','139.162.178.208','2018-04-29 07:53:30','2018-04-29 12:23:30','Signed in'),(28,'admin','5.126.153.39','2018-04-29 08:30:21','2018-04-29 13:00:21','Signed in'),(29,'admin','93.126.18.242','2018-04-30 01:46:04','2018-04-30 06:16:04','Signed in'),(30,'admin','5.126.117.120','2018-04-30 05:14:13','2018-04-30 09:44:13','Signed in'),(31,'admin','93.126.18.242','2018-05-05 03:06:23','2018-05-05 07:36:23','Signed in'),(32,'admin','107.182.230.72','2018-05-05 03:08:18','2018-05-05 07:38:18','Signed in'),(33,'admin','93.126.18.242','2018-05-06 01:43:57','2018-05-06 06:13:57','Signed in'),(34,'admin','93.126.18.242','2018-05-06 02:27:20','2018-05-06 06:57:20','Signed in'),(35,'admin','188.159.140.182','2018-05-06 07:28:02','2018-05-06 11:58:02','Signed in'),(36,'demo11','158.58.34.99','2018-05-06 08:01:18','2018-05-06 12:31:18','Signed in'),(37,'admin','138.197.186.240','2018-05-06 14:50:39','2018-05-06 19:20:39','Signed in'),(38,'admin','188.159.186.110','2018-05-06 16:12:03','2018-05-06 20:42:03','Signed in'),(39,'admin','93.126.18.242','2018-05-07 00:56:00','2018-05-07 05:26:00','Signed in'),(40,'admin','93.126.18.242','2018-05-07 01:49:57','2018-05-07 06:19:24','Signed off'),(41,'admin','93.126.18.242','2018-05-07 01:50:13','2018-05-07 06:20:13','Signed in'),(42,'admin','93.126.18.242','2018-05-07 01:50:57','2018-05-07 06:20:57','Signed in'),(43,'admin','93.126.18.242','2018-05-07 01:51:05','2018-05-07 06:21:05','Signed in'),(44,'admin','5.125.136.68','2018-05-07 01:52:46','2018-05-07 06:22:46','Signed in'),(45,'admin','93.126.18.242','2018-05-07 01:54:54','2018-05-07 06:24:54','Signed in'),(46,'admin','93.126.18.242','2018-05-07 01:55:04','2018-05-07 06:25:04','Signed in'),(47,'admin','93.126.18.242','2018-05-07 02:33:28','2018-05-07 06:42:36','Signed off'),(48,'demo11','5.219.206.63','2018-05-07 02:56:26','2018-05-07 07:26:26','Signed in'),(49,'admin','93.126.18.242','2018-05-07 03:02:27','2018-05-07 07:32:27','Signed in'),(50,'admin','65.49.68.189','2018-05-07 04:19:02','2018-05-07 08:49:02','Signed in'),(51,'admin','188.159.186.110','2018-05-07 06:57:54','2018-05-07 11:27:54','Signed in'),(52,'admin','5.125.136.68','2018-05-07 07:05:09','2018-05-07 11:35:09','Signed in'),(53,'admin','5.125.136.68','2018-05-08 04:26:01','2018-05-08 08:56:01','Signed in'),(54,'admin','113.203.74.78','2018-05-08 05:59:21','2018-05-08 10:29:21','Signed in'),(55,'admin','165.227.238.51','2018-05-09 07:05:53','2018-05-09 11:35:53','Signed in'),(56,'demo11','151.240.129.176','2018-05-09 07:14:59','2018-05-09 11:44:59','Signed in'),(57,'demo11','173.244.217.141','2018-05-09 07:15:41','2018-05-09 11:45:41','Signed in'),(58,'demo11','151.240.129.176','2018-05-09 09:05:26','2018-05-09 13:35:26','Signed in'),(59,'demo11','151.240.129.176','2018-05-09 14:21:59','2018-05-09 18:51:59','Signed in'),(60,'demo11','151.240.129.176','2018-05-09 15:03:03','2018-05-09 19:33:03','Signed in'),(61,'admin','93.126.18.242','2018-05-10 04:31:08','2018-05-10 09:01:08','Signed in'),(62,'admin','93.126.18.242','2018-05-10 04:32:18','2018-05-10 09:02:18','Signed in'),(63,'demo11','151.240.129.176','2018-05-10 08:12:24','2018-05-10 12:42:24','Signed in'),(64,'admin','5.125.62.57','2018-05-10 17:29:42','2018-05-10 21:59:42','Signed in'),(65,'admin','5.250.97.250','2018-05-12 02:25:54','2018-05-12 06:55:54','Signed in'),(66,'admin','93.126.18.242','2018-05-13 02:30:42','2018-05-13 07:00:42','Signed in'),(67,'admin','93.126.18.242','2018-05-13 03:12:04','2018-05-13 07:42:04','Signed in'),(68,'admin','5.216.128.153','2018-05-13 03:19:18','2018-05-13 07:49:18','Signed in'),(69,'admin','5.250.97.250','2018-05-13 04:11:38','2018-05-13 08:41:38','Signed in'),(70,'admin','93.126.18.242','2018-05-13 05:36:44','2018-05-13 10:06:44','Signed in'),(71,'admin','93.126.18.242','2018-05-13 05:37:45','2018-05-13 10:07:45','Signed in'),(72,'admin','188.158.160.167','2018-05-13 08:44:18','2018-05-13 13:14:18','Signed in'),(73,'admin','5.126.179.121','2018-05-13 10:26:31','2018-05-13 14:56:31','Signed in'),(74,'admin','5.126.179.121','2018-05-13 22:56:39','2018-05-14 03:26:39','Signed in'),(75,'admin','93.126.18.242','2018-05-13 23:47:55','2018-05-14 04:17:55','Signed in'),(76,'admin','5.250.97.250','2018-05-14 01:54:49','2018-05-14 06:24:49','Signed in'),(77,'admin','93.126.18.242','2018-05-14 04:39:55','2018-05-14 09:09:55','Signed in'),(78,'admin','5.212.64.67','2018-05-14 04:43:11','2018-05-14 09:12:33','Signed off'),(79,'demo11','5.212.64.67','2018-05-14 04:43:27','2018-05-14 09:13:27','Signed in'),(80,'admin','107.182.226.7','2018-05-15 02:01:01','2018-05-15 06:31:01','Signed in'),(81,'admin','173.244.217.141','2018-05-15 02:11:08','2018-05-15 06:41:08','Signed in'),(82,'admin','46.164.80.0','2018-05-15 03:03:36','2018-05-15 07:33:36','Signed in'),(83,'admin','5.125.65.153','2018-05-15 03:19:43','2018-05-15 07:49:43','Signed in'),(84,'demo11','151.238.65.144','2018-05-15 04:57:55','2018-05-15 09:27:55','Signed in'),(85,'admin','46.164.80.0','2018-05-15 06:27:57','2018-05-15 10:57:57','Signed in'),(86,'demo11','2.180.64.179','2018-05-15 08:17:19','2018-05-15 12:47:19','Signed in'),(87,'demo11','93.126.18.242','2018-05-16 00:58:00','2018-05-16 05:28:00','Signed in'),(88,'admin','5.215.157.219','2018-05-16 01:10:01','2018-05-16 05:40:01','Signed in'),(89,'demo11','5.210.92.206','2018-05-16 03:04:17','2018-05-16 07:34:17','Signed in'),(90,'demo11','5.214.100.141','2018-05-18 10:41:28','2018-05-18 15:11:28','Signed in'),(91,'admin','173.244.217.141','2018-05-19 02:54:07','2018-05-19 07:24:07','Signed in'),(92,'demo11','151.245.67.132','2018-05-19 02:55:07','2018-05-19 07:25:07','Signed in'),(93,'admin','93.126.18.242','2018-05-19 04:43:19','2018-05-19 09:13:19','Signed in'),(94,'admin','188.159.159.61','2018-05-19 08:33:16','2018-05-19 13:03:16','Signed in'),(95,'demo11','5.125.40.94','2018-05-19 11:47:51','2018-05-19 16:17:51','Signed in'),(96,'admin','5.215.41.125','2018-05-20 01:49:30','2018-05-20 06:19:30','Signed in'),(97,'demo11','173.244.217.137','2018-05-22 04:14:13','2018-05-22 08:43:35','Signed off'),(98,'admin','173.244.217.137','2018-05-22 04:14:20','2018-05-22 08:44:20','Signed in'),(99,'demo11','167.99.142.30','2018-05-22 08:45:11','2018-05-22 13:15:11','Signed in'),(100,'admin','173.244.217.137','2018-05-22 09:48:19','2018-05-22 14:18:19','Signed in'),(101,'demo11','94.183.44.31','2018-05-23 03:33:27','2018-05-23 08:03:27','Signed in'),(102,'admin','5.161.225.196','2018-05-23 08:08:33','2018-05-23 12:38:33','Signed in'),(103,'admin','83.123.69.148','2018-05-24 16:36:08','2018-05-24 21:06:08','Signed in'),(104,'admin','83.123.182.102','2018-05-25 07:23:16','2018-05-25 11:53:16','Signed in'),(105,'admin','209.95.51.179','2018-05-26 02:44:35','2018-05-26 07:14:35','Signed in'),(106,'admin','93.126.18.242','2018-05-26 03:59:37','2018-05-26 08:29:37','Signed in'),(107,'admin','178.162.205.115','2018-05-28 09:17:50','2018-05-28 13:47:50','Signed in'),(108,'admin','5.126.48.76','2018-05-30 05:13:34','2018-05-30 09:43:34','Signed in'),(109,'admin','5.126.48.76','2018-05-30 05:23:35','2018-05-30 09:53:35','Signed in'),(110,'admin','5.126.67.219','2018-05-31 06:11:49','2018-05-31 10:41:49','Signed in'),(111,'admin','5.126.67.219','2018-05-31 06:31:48','2018-05-31 11:01:48','Signed in'),(112,'admin','5.126.67.219','2018-05-31 08:34:45','2018-05-31 13:04:45','Signed in'),(113,'admin','5.125.172.154','2018-05-31 15:19:49','2018-05-31 19:49:49','Signed in'),(114,'admin','188.158.141.30','2018-06-01 01:50:54','2018-06-01 06:20:54','Signed in'),(115,'admin','37.63.232.214','2018-06-01 23:39:51','2018-06-02 04:09:51','Signed in'),(116,'admin','46.164.64.39','2018-06-03 04:34:13','2018-06-03 09:04:13','Signed in'),(117,'admin','5.250.101.121','2018-06-05 05:39:05','2018-06-05 10:09:05','Signed in'),(118,'admin','5.125.77.60','2018-06-05 07:41:03','2018-06-05 12:11:03','Signed in'),(119,'admin','146.185.161.77','2018-06-05 11:13:49','2018-06-05 15:43:49','Signed in'),(120,'admin','5.250.101.121','2018-06-06 00:03:36','2018-06-06 04:33:36','Signed in'),(121,'admin','65.49.68.197','2018-06-06 02:53:26','2018-06-06 07:23:26','Signed in'),(122,'admin','5.125.77.60','2018-06-06 05:08:27','2018-06-06 09:38:27','Signed in'),(123,'admin','46.164.74.160','2018-06-07 02:52:36','2018-06-07 07:22:36','Signed in'),(124,'admin','65.49.68.198','2018-06-07 05:20:21','2018-06-07 09:50:21','Signed in'),(125,'admin','178.162.205.113','2018-06-08 04:33:02','2018-06-08 09:03:02','Signed in'),(126,'admin','173.244.217.142','2018-06-08 07:37:53','2018-06-08 12:07:53','Signed in'),(127,'admin','79.127.7.197','2018-06-09 00:15:46','2018-06-09 04:45:46','Signed in'),(128,'admin','79.127.7.197','2018-06-09 01:17:58','2018-06-09 05:47:58','Signed in'),(129,'admin','83.123.145.198','2018-06-09 11:05:47','2018-06-09 15:35:47','Signed in'),(130,'admin','5.198.165.247','2018-06-09 23:46:19','2018-06-10 04:16:19','Signed in'),(131,'admin','5.198.165.247','2018-06-09 23:46:19','2018-06-10 04:16:19','Signed in'),(132,'admin','173.244.217.142','2018-06-10 05:27:04','2018-06-10 09:57:04','Signed in'),(133,'admin','79.127.9.42','2018-06-11 01:16:24','2018-06-11 05:46:24','Signed in'),(134,'admin','79.127.9.42','2018-06-11 01:16:24','2018-06-11 05:46:24','Signed in'),(135,'admin','83.122.173.160','2018-06-18 06:22:11','2018-06-18 10:52:11','Signed in'),(136,'admin','5.125.77.71','2018-06-19 03:53:54','2018-06-19 08:23:54','Signed in'),(137,'admin','5.125.77.71','2018-06-19 12:40:12','2018-06-19 17:10:12','Signed in'),(138,'admin','79.127.28.211','2018-06-20 04:34:09','2018-06-20 09:04:09','Signed in'),(139,'admin','188.158.184.6','2018-06-20 09:36:14','2018-06-20 14:06:14','Signed in'),(140,'demo11','5.134.167.16','2018-06-21 10:52:18','2018-06-21 15:22:18','Signed in'),(141,'admin','5.126.193.152','2018-06-21 11:06:35','2018-06-21 15:36:35','Signed in'),(142,'demo11','37.63.215.34','2018-06-27 14:32:51','2018-06-27 19:02:51','Signed in'),(143,'demo11','176.65.219.10','2018-06-27 15:55:30','2018-06-27 20:25:30','Signed in'),(144,'demo11','176.65.219.10','2018-06-27 16:22:59','2018-06-27 20:52:59','Signed in'),(145,'demo11','151.245.253.255','2018-06-28 00:50:57','2018-06-28 05:20:57','Signed in'),(146,'demo11','31.58.91.148','2018-06-29 03:33:38','2018-06-29 08:03:38','Signed in'),(147,'demo11','148.251.218.207','2018-06-30 01:56:30','2018-06-30 06:26:30','Signed in'),(148,'demo11','176.65.211.219','2018-06-30 03:31:37','2018-06-30 08:01:37','Signed in'),(149,'demo11','148.251.218.207','2018-06-30 06:30:41','2018-06-30 11:00:41','Signed in'),(150,'demo11','89.196.242.91','2018-06-30 12:26:44','2018-06-30 16:56:44','Signed in'),(151,'demo11','5.215.205.22','2018-07-01 15:01:05','2018-07-01 19:31:05','Signed in'),(152,'demo11','5.78.220.173','2018-07-02 06:16:11','2018-07-02 10:46:11','Signed in'),(153,'demo11','109.203.187.59','2018-07-02 09:38:30','2018-07-02 14:08:30','Signed in'),(154,'demo11','5.238.206.111','2018-07-02 09:48:45','2018-07-02 14:18:45','Signed in'),(155,'demo11','5.238.206.111','2018-07-02 09:48:49','2018-07-02 14:18:49','Signed in'),(156,'demo11','5.238.206.111','2018-07-02 10:25:06','2018-07-02 14:55:06','Signed in'),(157,'demo11','5.78.206.17','2018-07-03 03:17:21','2018-07-03 07:47:21','Signed in'),(158,'demo11','5.78.206.17','2018-07-03 04:40:42','2018-07-03 09:10:42','Signed in'),(159,'demo11','82.102.12.121','2018-07-04 02:48:54','2018-07-04 07:18:54','Signed in'),(160,'admin','5.125.53.59','2018-07-04 13:18:34','2018-07-04 17:48:34','Signed in'),(161,'admin','107.182.226.165','2018-07-05 02:09:29','2018-07-05 06:39:29','Signed in'),(162,'admin','5.125.53.59','2018-07-05 06:53:48','2018-07-05 11:23:48','Signed in'),(163,'admin','5.125.53.59','2018-07-05 09:38:51','2018-07-05 14:08:51','Signed in'),(164,'admin','5.125.53.59','2018-07-05 11:03:15','2018-07-05 15:33:15','Signed in'),(165,'demo11','82.102.12.121','2018-07-07 11:02:39','2018-07-07 15:32:39','Signed in'),(166,'demo11','173.244.217.97','2018-07-07 11:05:22','2018-07-07 15:35:22','Signed in'),(167,'demo11','95.82.16.159','2018-07-07 15:01:10','2018-07-07 19:31:10','Signed in'),(168,'demo11','95.82.16.159','2018-07-08 05:54:38','2018-07-08 10:24:38','Signed in'),(169,'demo11','46.101.234.135','2018-07-10 06:18:19','2018-07-10 10:48:19','Signed in'),(170,'admin','5.161.251.16','2018-07-11 05:25:11','2018-07-11 09:55:11','Signed in'),(171,'admin','83.122.143.102','2018-07-14 08:28:23','2018-07-14 12:58:23','Signed in'),(172,'admin','178.162.205.103','2018-07-15 06:54:46','2018-07-15 11:24:46','Signed in'),(173,'admin','5.161.238.6','2018-07-20 05:23:23','2018-07-20 09:53:23','Signed in'),(174,'admin','37.156.8.102','2018-07-20 23:52:08','2018-07-21 04:22:08','Signed in'),(175,'admin','5.125.48.242','2018-07-21 12:13:58','2018-07-21 16:43:58','Signed in'),(176,'admin','5.250.124.107','2018-07-22 04:09:03','2018-07-22 08:39:03','Signed in'),(177,'admin','5.125.225.18','2018-07-23 06:37:08','2018-07-23 11:07:08','Signed in'),(178,'demo11','46.243.138.31','2018-07-24 01:04:54','2018-07-24 05:34:54','Signed in'),(179,'admin','5.161.236.67','2018-08-02 04:47:02','2018-08-02 09:17:02','Signed in'),(180,'admin','5.161.236.67','2018-08-02 06:44:39','2018-08-02 11:14:39','Signed in'),(181,'admin','5.250.103.132','2018-08-05 03:03:40','2018-08-05 07:33:40','Signed in'),(182,'admin','195.181.168.170','2018-08-05 05:27:45','2018-08-05 09:57:45','Signed in'),(183,'admin','195.181.168.170','2018-08-06 02:23:41','2018-08-06 06:53:41','Signed in'),(184,'demo11','46.164.116.88','2018-08-06 11:10:43','2018-08-06 15:40:43','Signed in'),(185,'demo11','37.156.8.102','2018-08-20 06:36:15','2018-08-20 11:06:15','Signed in'),(186,'demo11','83.123.85.232','2018-08-23 05:47:14','2018-08-23 10:17:14','Signed in'),(187,'demo11','188.136.206.11','2018-08-25 10:58:32','2018-08-25 15:28:32','Signed in'),(188,'demo11','94.74.138.13','2018-08-25 13:48:02','2018-08-25 18:18:02','Signed in'),(189,'demo11','65.49.68.165','2018-08-25 14:41:14','2018-08-25 19:11:14','Signed in'),(190,'demo11','94.74.138.13','2018-08-25 14:48:06','2018-08-25 19:18:06','Signed in'),(191,'demo11','79.127.98.109','2018-08-25 14:53:50','2018-08-25 19:23:50','Signed in'),(192,'demo11','188.136.206.11','2018-08-26 02:24:53','2018-08-26 06:54:53','Signed in'),(193,'demo11','188.136.206.11','2018-08-26 02:24:56','2018-08-26 06:54:56','Signed in'),(194,'demo11','188.136.206.11','2018-08-26 02:25:09','2018-08-26 06:55:09','Signed in'),(195,'demo11','188.136.206.11','2018-08-26 02:25:14','2018-08-26 06:55:14','Signed in'),(196,'demo11','188.136.206.11','2018-08-26 02:25:14','2018-08-26 06:55:14','Signed in'),(197,'demo11','188.136.206.11','2018-08-26 02:25:14','2018-08-26 06:55:14','Signed in'),(198,'demo11','188.136.206.11','2018-08-26 02:25:14','2018-08-26 06:55:14','Signed in'),(199,'demo11','188.136.206.11','2018-08-26 02:25:14','2018-08-26 06:55:14','Signed in'),(200,'demo11','188.136.206.11','2018-08-27 02:50:12','2018-08-27 07:20:12','Signed in'),(201,'demo11','188.136.206.11','2018-08-27 04:02:32','2018-08-27 08:32:32','Signed in'),(202,'admin','83.123.119.148','2018-08-30 09:09:03','2018-08-30 13:39:03','Signed in'),(203,'demo11','37.254.169.111','2018-09-04 07:13:18','2018-09-04 11:43:18','Signed in'),(204,'demo11','84.241.16.146','2018-09-07 23:40:58','2018-09-08 04:10:58','Signed in'),(205,'admin','5.125.111.182','2018-09-08 03:54:49','2018-09-08 08:24:49','Signed in'),(206,'admin','5.125.111.182','2018-09-08 09:41:50','2018-09-08 14:11:50','Signed in'),(207,'demo11','46.225.162.76','2018-09-12 04:39:06','2018-09-12 09:09:06','Signed in'),(208,'admin','83.123.203.92','2018-09-29 09:47:24','2018-09-29 13:17:02','Signed off'),(209,'admin','83.123.203.92','2018-09-29 09:47:31','2018-09-29 13:17:31','Signed in'),(210,'admin','213.171.205.132','2018-09-29 09:49:05','2018-09-29 13:19:05','Signed in'),(211,'admin','213.171.205.132','2018-09-29 09:57:05','2018-09-29 13:27:05','Signed in'),(212,'admin','213.171.205.132','2018-09-30 01:21:28','2018-09-30 04:51:28','Signed in'),(213,'admin','213.171.205.132','2018-09-30 01:21:31','2018-09-30 04:51:31','Signed in'),(214,'admin','213.171.205.132','2018-09-30 01:21:31','2018-09-30 04:51:31','Signed in'),(215,'admin','213.171.205.132','2018-09-30 01:21:31','2018-09-30 04:51:31','Signed in'),(216,'admin','213.171.205.132','2018-09-30 01:21:31','2018-09-30 04:51:31','Signed in'),(217,'admin','213.171.205.132','2018-09-30 01:21:32','2018-09-30 04:51:32','Signed in'),(218,'admin','213.171.205.132','2018-09-30 01:21:32','2018-09-30 04:51:32','Signed in'),(219,'admin','213.5.71.25','2018-09-30 02:37:13','2018-09-30 06:07:13','Signed in'),(220,'admin','82.223.82.189','2018-10-01 01:32:18','2018-10-01 05:02:18','Signed in'),(221,'admin','83.123.173.144','2018-10-03 05:15:14','2018-10-03 08:45:14','Signed in'),(222,'admin','185.94.189.16','2018-10-03 05:15:46','2018-10-03 08:45:46','Signed in'),(223,'admin','78.38.141.80','2018-10-03 09:57:12','2018-10-03 13:27:12','Signed in'),(224,'demo11','151.242.70.135','2018-10-04 06:54:51','2018-10-04 10:24:51','Signed in'),(225,'admin','5.125.150.50','2018-10-04 16:02:31','2018-10-04 19:32:31','Signed in'),(226,'admin','83.123.161.181','2018-10-05 07:13:29','2018-10-05 10:43:29','Signed in'),(227,'demo11','83.123.182.117','2018-10-05 09:19:46','2018-10-05 12:49:46','Signed in'),(228,'demo11','37.254.71.132','2018-10-05 09:19:50','2018-10-05 12:49:50','Signed in'),(229,'admin','185.12.61.126','2018-10-06 08:46:05','2018-10-06 12:16:05','Signed in'),(230,'admin','78.38.141.80','2018-10-06 10:16:31','2018-10-06 13:46:31','Signed in'),(231,'admin','78.38.141.80','2018-10-07 08:34:44','2018-10-07 12:04:44','Signed in'),(232,'admin','78.38.141.80','2018-10-09 05:04:04','2018-10-09 08:34:04','Signed in'),(233,'admin','78.38.141.80','2018-10-09 09:24:19','2018-10-09 12:54:19','Signed in'),(234,'admin','83.122.57.153','2018-10-11 07:10:40','2018-10-11 10:40:40','Signed in'),(235,'admin','78.38.141.80','2018-10-13 04:15:04','2018-10-13 07:45:04','Signed in'),(236,'admin','5.232.169.234','2018-10-13 08:05:23','2018-10-13 11:31:14','Signed off'),(237,'admin','77.111.245.140','2018-10-16 09:32:17','2018-10-16 13:02:17','Signed in'),(238,'admin','77.111.245.53','2018-10-21 02:29:14','2018-10-21 05:59:14','Signed in'),(239,'demo11','104.237.225.116','2018-10-21 05:56:56','2018-10-21 09:26:56','Signed in'),(240,'admin','5.126.28.53','2018-10-21 06:54:34','2018-10-21 10:24:34','Signed in'),(241,'demo11','5.200.198.51','2018-12-18 08:09:27','2018-12-18 11:38:09','Signed off'),(242,'demo11','91.98.250.165','2018-12-18 08:13:36','2018-12-18 11:43:36','Signed in'),(243,'demo11','91.98.250.165','2018-12-18 09:32:22','2018-12-18 13:02:22','Signed in'),(244,'demo11','91.98.250.165','2018-12-18 09:53:05','2018-12-18 13:23:05','Signed in'),(245,'demo11','176.58.105.244','2018-12-18 12:53:46','2018-12-18 16:23:46','Signed in'),(246,'demo11','176.58.105.244','2018-12-18 12:57:18','2018-12-18 16:27:18','Signed in'),(247,'demo11','2.178.132.68','2018-12-18 13:03:12','2018-12-18 16:33:12','Signed in'),(248,'demo11','51.38.162.232','2018-12-18 14:17:49','2018-12-18 17:47:49','Signed in'),(249,'demo11','2.178.132.68','2018-12-18 16:08:04','2018-12-18 19:38:04','Signed in'),(250,'demo11','89.34.38.125','2018-12-18 17:13:14','2018-12-18 20:43:14','Signed in'),(251,'demo11','2.178.62.67','2018-12-22 13:29:38','2018-12-22 16:59:38','Signed in'),(252,'demo11','91.99.26.243','2018-12-22 14:51:44','2018-12-22 18:21:44','Signed in'),(253,'demo11','2.178.62.67','2018-12-22 15:05:17','2018-12-22 18:35:17','Signed in'),(254,'demo11','91.99.26.243','2018-12-22 15:59:39','2018-12-22 19:29:39','Signed in'),(255,'demo11','91.99.26.243','2018-12-23 13:22:28','2018-12-23 16:52:28','Signed in'),(256,'demo11','91.99.26.243','2018-12-23 14:37:45','2018-12-23 18:07:45','Signed in'),(257,'demo11','89.163.206.18','2018-12-24 16:18:55','2018-12-24 19:48:55','Signed in'),(258,'demo11','89.163.206.18','2018-12-24 16:23:10','2018-12-24 19:53:10','Signed in'),(259,'demo11','5.125.136.16','2019-01-18 17:05:28','2019-01-18 20:35:28','Signed in'),(260,'demo11','5.125.136.16','2019-01-18 17:05:31','2019-01-18 20:35:31','Signed in'),(261,'demo11','2.184.44.135','2019-01-18 17:10:51','2019-01-18 20:40:51','Signed in'),(262,'demo11','185.81.98.34','2019-01-19 13:30:49','2019-01-19 17:00:49','Signed in'),(263,'demo11','2.184.44.135','2019-01-20 15:57:03','2019-01-20 19:27:03','Signed in'),(264,'demo11','185.81.98.34','2019-01-22 06:25:35','2019-01-22 09:55:35','Signed in'),(265,'demo11','185.81.98.34','2019-01-23 18:52:54','2019-01-23 22:22:54','Signed in'),(266,'demo11','5.232.223.173','2019-01-23 18:54:41','2019-01-23 22:24:41','Signed in'),(267,'admin','5.200.137.124','2019-01-26 06:53:47','2019-01-26 10:23:47','Signed in'),(268,'admin','::1','2019-01-26 07:01:23','2019-01-26 10:31:23','Signed in'),(269,'admin','::1','2019-01-29 06:32:42','2019-01-29 00:17:55','Signed off'),(270,'admin','::1','2019-01-29 06:32:56','2019-01-29 10:02:56','Signed in'),(271,'admin','::1','2019-02-18 06:13:40','2019-02-18 09:43:40','Signed in'),(272,'admin','::1','2019-06-14 02:27:29','2019-06-14 06:57:29','Signed in'),(273,'admin','::1','2020-04-20 10:43:07','2020-04-20 15:13:07','Signed in'),(274,'admin','::1','2020-05-09 07:37:21','2020-05-09 12:07:21','Signed in'),(275,'admin','151.246.237.206','2020-11-22 09:28:07','2020-11-22 12:58:07','Signed in');

--
